NOAA-Style Climate Reports

Select a Year or Month report
2018: Jan Feb Mar Apr May Jun Jul Aug Sep Oct Nov Dec
2017: Jan Feb Mar Apr May Jun Jul Aug Sep Oct Nov Dec
2016: Jan Feb Mar Apr May Jun Jul Aug Sep Oct Nov Dec
2015: Jan Feb Mar Apr May Jun Jul Aug Sep Oct Nov Dec
2014: Jan Feb Mar Apr May Jun Jul Aug Sep Oct Nov Dec
2013: Jan Feb Mar Apr May Jun Jul Aug Sep Oct Nov Dec
2012: Jan Feb Mar Apr May Jun Jul Aug Sep Oct Nov Dec
2011: Jan Feb Mar Apr May Jun Jul Aug Sep Oct Nov Dec
2010: Jan Feb Mar Apr May Jun Jul Aug Sep Oct Nov Dec
2009: Jan Feb Mar Apr May Jun Jul Aug Sep Oct Nov Dec
2008: Jan Feb Mar Apr May Jun Jul Aug Sep Oct Nov Dec
2007: Jan Feb Mar Apr May Jun Jul Aug Sep Oct Nov Dec
2006: Jan Feb Mar Apr May Jun Jul Aug Sep Oct Nov Dec
2005: Jan Feb Mar Apr May Jun Jul Aug Sep Oct Nov Dec
2004: Jan Feb Mar Apr May Jun Jul Aug Sep Oct Nov Dec
2003: Jan Feb Mar Apr May Jun Jul Aug Sep Oct Nov Dec
2002: Jan Feb Mar Apr May Jun Jul Aug Sep Oct Nov Dec
2001: Jan Feb Mar Apr May Jun Jul Aug Sep Oct Nov Dec
2000: Jan Feb Mar Apr May Jun Jul Aug Sep Oct Nov Dec
1999: Jan Feb Mar Apr May Jun Jul Aug Sep Oct Nov Dec
1998: Jan Feb Mar Apr May Jun Jul Aug Sep Oct Nov Dec
1997: Jan Feb Mar Apr May Jun Jul Aug Sep Oct Nov Dec
1996: Jan Feb Mar Apr May Jun Jul Aug Sep Oct Nov Dec
1995: Jan Feb Mar Apr May Jun Jul Aug Sep Oct Nov Dec
1994: Jan Feb Mar Apr May Jun Jul Aug Sep Oct Nov Dec
1993: Jan Feb Mar Apr May Jun Jul Aug Sep Oct Nov Dec
1992: Jan Feb Mar Apr May Jun Jul Aug Sep Oct Nov Dec
1991: Jan Feb Mar Apr May Jun Jul Aug Sep Oct Nov Dec
1990: Jan Feb Mar Apr May Jun Jul Aug Sep Oct Nov Dec
1989: Jan Feb Mar Apr May Jun Jul Aug Sep Oct Nov Dec
1988: Jan Feb Mar Apr May Jun Jul Aug Sep Oct Nov Dec
1987: Jan Feb Mar Apr May Jun Jul Aug Sep Oct Nov Dec
1986: Jan Feb Mar Apr May Jun Jul Aug Sep Oct Nov Dec

Report for 1990 February
                  MONTHLY CLIMATOLOGICAL SUMMARY FOR 2/1990
                                        HEAT  COOL        
     MEAN                               DEG   DEG       WIND SPEED       DOM MEAN  MEAN
DAY  TEMP  HIGH   TIME     LOW   TIME   DAYS  DAYS RAIN AVG  HI  TIME    DIR BAROM HUM
---------------------------------------------------------------------------------------
1    28.5  39.9  3:00pm   22.1  3:00am  30.8  0.0  0.00  10  21  00:00     S  28.5 72.0
2    23.8  28.2 12:00am   16.2 11:00pm  39.0  0.0  0.00  11  21  00:00     W  28.7 87.7
3    23.8  39.9  3:00pm   13.1 12:00am  33.1  0.0  0.00   9  16  00:00     S  28.9 59.1
4    32.9  51.1  3:00pm   17.2  2:00am  23.0  0.0  0.00   7  14  00:00   SSE  28.8 52.0
5    29.2  37.9 12:00am   22.1 11:00pm  31.4  0.0  0.00   9  17  00:00   SSE  28.7 62.0
6    34.1  51.1  1:00pm   18.1  5:00am  22.4  0.0  0.00  10  20  00:00   SSE  28.7 54.9
7    42.3  57.0  2:00pm   34.0  6:00am  15.3  0.0  0.00  18  35  00:00    SW  28.6 37.7
8    29.9  42.1  1:00am   22.1  6:00am  29.0  0.0  0.00   7  14  00:00   SSE  28.5 57.8
9    33.6  48.0  3:00pm   22.1  3:00am  24.2  0.0  0.00   9  16  00:00     W  28.7 43.3
10   42.3  53.1  3:00pm   33.1  4:00am  17.3  0.0  0.00  14  28  00:00   NNW  28.7 43.0
11   43.6  61.0  2:00pm   31.1  7:00am  12.7  0.0  0.00  10  20  00:00   SSW  28.9 47.5
12   44.7  63.0 12:00pm   31.1 11:00pm  11.1  0.0  0.00  10  18  00:00     S  27.1 43.4
13     21  32.0 12:00am   12.2 11:00pm  38.5  0.0  0.00   7  14  00:00    SE  28.5 92.9
14    6.3  11.1 12:00am    3.2  8:00am  56.3  0.0  0.00   9  16  00:00     W  28.6 93.0
15    4.3  10.2  3:00pm   -0.8  2:00am  57.7  0.0  0.00   7  14  00:00   WSW  28.3 87.1
16   17.7  33.1  2:00pm    3.2  7:00am  39.6  0.0  0.00  10  20  00:00    SW  28.6 63.4
17   34.5  46.9  4:00pm   27.1 12:00am  24.3  0.0  0.00  19  37  00:00   WSW  28.5 41.9
18   26.8  36.0  2:00pm   17.2  7:00am  33.6  0.0  0.00   8  15  00:00   ESE  28.8 65.4
19   26.2  39.9  2:00pm   18.1  7:00am  31.9  0.0  0.00  15  29  00:00   SSW  29.0 71.9
20   25.3  33.1  4:00pm   23.2  2:00am  35.8  0.0  0.00   7  14  00:00   SSW  28.8 87.9
21   30.9  42.1 12:00pm   24.3  5:00am  28.5  0.0  0.00  15  29  00:00    SW  28.8 66.4
22   31.9  43.0  3:00pm   21.2  3:00am  27.5  0.0  0.00   7  14  00:00   ESE  28.8 63.4
23     38  53.1  1:00pm   27.1 12:00am  19.4  0.0  0.00   7  14  00:00   SSE  29.0 52.1
24   38.7  59.0  2:00pm   26.2  7:00am  16.1  0.0  0.00  10  20  00:00   SSW  29.1 54.3
25   39.5  57.9  2:00pm   29.1  3:00am  16.3  0.0  0.00  10  20  00:00   SSE  28.9 54.7
26   39.3  48.9 12:00pm   33.1 12:00am  20.9  0.0  0.00  11  21  00:00   SSE  29.0 52.4
27   30.6  37.9 11:00am   24.3  9:00pm  30.7  0.0  0.00  16  31  00:00    SW  29.2 76.4
28     27  39.0 10:00pm   24.3  1:00am  32.0  0.0  0.00   6  12  00:00   SSE  29.0 88.0