NOAA-Style Climate Reports

Select a Year or Month report
2018: Jan Feb Mar Apr May Jun Jul Aug Sep Oct Nov Dec
2017: Jan Feb Mar Apr May Jun Jul Aug Sep Oct Nov Dec
2016: Jan Feb Mar Apr May Jun Jul Aug Sep Oct Nov Dec
2015: Jan Feb Mar Apr May Jun Jul Aug Sep Oct Nov Dec
2014: Jan Feb Mar Apr May Jun Jul Aug Sep Oct Nov Dec
2013: Jan Feb Mar Apr May Jun Jul Aug Sep Oct Nov Dec
2012: Jan Feb Mar Apr May Jun Jul Aug Sep Oct Nov Dec
2011: Jan Feb Mar Apr May Jun Jul Aug Sep Oct Nov Dec
2010: Jan Feb Mar Apr May Jun Jul Aug Sep Oct Nov Dec
2009: Jan Feb Mar Apr May Jun Jul Aug Sep Oct Nov Dec
2008: Jan Feb Mar Apr May Jun Jul Aug Sep Oct Nov Dec
2007: Jan Feb Mar Apr May Jun Jul Aug Sep Oct Nov Dec
2006: Jan Feb Mar Apr May Jun Jul Aug Sep Oct Nov Dec
2005: Jan Feb Mar Apr May Jun Jul Aug Sep Oct Nov Dec
2004: Jan Feb Mar Apr May Jun Jul Aug Sep Oct Nov Dec
2003: Jan Feb Mar Apr May Jun Jul Aug Sep Oct Nov Dec
2002: Jan Feb Mar Apr May Jun Jul Aug Sep Oct Nov Dec
2001: Jan Feb Mar Apr May Jun Jul Aug Sep Oct Nov Dec
2000: Jan Feb Mar Apr May Jun Jul Aug Sep Oct Nov Dec
1999: Jan Feb Mar Apr May Jun Jul Aug Sep Oct Nov Dec
1998: Jan Feb Mar Apr May Jun Jul Aug Sep Oct Nov Dec
1997: Jan Feb Mar Apr May Jun Jul Aug Sep Oct Nov Dec
1996: Jan Feb Mar Apr May Jun Jul Aug Sep Oct Nov Dec
1995: Jan Feb Mar Apr May Jun Jul Aug Sep Oct Nov Dec
1994: Jan Feb Mar Apr May Jun Jul Aug Sep Oct Nov Dec
1993: Jan Feb Mar Apr May Jun Jul Aug Sep Oct Nov Dec
1992: Jan Feb Mar Apr May Jun Jul Aug Sep Oct Nov Dec
1991: Jan Feb Mar Apr May Jun Jul Aug Sep Oct Nov Dec
1990: Jan Feb Mar Apr May Jun Jul Aug Sep Oct Nov Dec
1989: Jan Feb Mar Apr May Jun Jul Aug Sep Oct Nov Dec
1988: Jan Feb Mar Apr May Jun Jul Aug Sep Oct Nov Dec
1987: Jan Feb Mar Apr May Jun Jul Aug Sep Oct Nov Dec
1986: Jan Feb Mar Apr May Jun Jul Aug Sep Oct Nov Dec

Report for 1990 March
                  MONTHLY CLIMATOLOGICAL SUMMARY FOR 3/1990
                                        HEAT  COOL        
     MEAN                               DEG   DEG       WIND SPEED       DOM MEAN  MEAN
DAY  TEMP  HIGH   TIME     LOW   TIME   DAYS  DAYS RAIN AVG  HI  TIME    DIR BAROM HUM
---------------------------------------------------------------------------------------
1    32.1  51.1  2:00pm   19.2  6:00am  23.4  0.0  0.00   7  14  00:00   SSE  28.9 70.8
2      37  55.0  4:00pm   25.2  1:00am  19.0  0.0  0.00   9  17  00:00   SSW  28.8 44.8
3    41.5  55.9  1:00pm   26.2  6:00am  16.3  0.0  0.00   7  13  00:00     S  28.8 44.6
4    41.3  57.9  3:00pm   29.1  4:00am  15.4  0.0  0.00   6  12  00:00   SSE  28.7 50.0
5    38.1  55.9  2:00pm   28.2  7:00am  18.0  0.0  0.00  21  40  00:00   SSW  28.2 61.4
6      28  36.0 12:00am   30.2  4:00am  33.0  0.0  0.00   6  12  00:00     N  26.6 84.8
7
8    40.1  46.9  5:00pm   37.9  8:00am  21.5  0.0  0.00  10  20  00:00     S  28.1 60.9
9    41.2  53.1  4:00pm   37.0  8:00pm  17.8  0.0  0.00  10  18  00:00     S  28.8 56.0
10   41.9  51.1  3:00pm   36.0  7:00am  18.5  0.0  0.00   9  17  00:00     S  27.4 57.0
11   42.2  55.0  1:00pm   36.0  5:00am  16.4  0.0  0.00   9  16  00:00   WNW  28.3 61.9
12   40.1  51.1  4:00pm   32.0 11:00pm  19.4  0.0  0.00  17  32  00:00     S  28.5 67.3
13   24.1  33.1 12:00am   27.1  2:00pm  36.4  0.0  0.00   6  12  00:00     N  23.8 58.8
14   31.2  37.9  4:00pm   30.2 11:00am  30.4  0.0  0.00   9  16  00:00   WNW  27.5 39.9
15   31.5  43.0  3:00pm   21.2  6:00am  27.7  0.0  0.00  12  22  00:00     W  28.6 55.3
16   35.4  48.0  3:00pm   27.1 12:00am  23.3  0.0  0.00   7  14  00:00   WSW  28.8 49.5
17   39.1  48.9 11:00am   31.1  6:00am  21.0  0.0  0.00   8  15  00:00   SSW  28.9 48.0
18   31.2  37.0  4:00pm   28.2  9:00am  30.9  0.0  0.00   7  14  00:00   ESE  29.0 80.4
19   37.7  55.9  3:00pm   24.3  4:00am  18.2  0.0  0.00   7  14  00:00   SSE  29.1 57.1
20   47.7  64.0  1:00pm   30.2  5:00am   9.1  0.0  0.00   7  13  00:00   SSW  29.0 37.5
21   47.9  64.9  4:00pm   37.9  3:00am   8.6  0.0  0.00  18  35  00:00     S  28.8 45.8
22   42.2  64.9  3:00pm   25.2 11:00pm  11.4  0.0  0.00  24  46  00:00   SSE  29.0 63.9
23   23.1  26.2  3:00pm   22.1  4:00am  40.3  0.0  0.00   9  17  00:00     W  29.0 89.9
24   18.5  22.1 12:00am   16.2  5:00am  44.7  0.0  0.00   7  14  00:00    SW  29.0 85.5
25   27.4  37.0  1:00pm   21.2  3:00am  32.8  0.0  0.00   7  13  00:00   SSE  29.1 77.0
26   32.3  50.0  3:00pm   21.2  6:00am  23.8  0.0  0.00   7  14  00:00     S  29.0 75.6
27   41.9  59.0  1:00pm   29.1  2:00am  14.5  0.0  0.00  11  21  00:00   SSW  28.7 63.2
28     30  34.0  2:00pm   30.2  2:00am  33.0  0.0  0.00   6  12  00:00    NW  28.7 92.3
29   30.9  37.0  3:00pm   30.2  7:00am  31.0  0.0  0.00   7  14  00:00     E  28.2 89.8
30   30.7  37.9  2:00pm   28.2  6:00am  30.7  0.0  0.00   5   9  00:00   ESE  28.8 90.2
31     39  53.1  1:00pm   30.2  1:00am  18.9  0.0  0.00   7  14  00:00   SSW  28.7 61.4