NOAA-Style Climate Reports

Select a Year or Month report
2018: Jan Feb Mar Apr May Jun Jul Aug Sep Oct Nov Dec
2017: Jan Feb Mar Apr May Jun Jul Aug Sep Oct Nov Dec
2016: Jan Feb Mar Apr May Jun Jul Aug Sep Oct Nov Dec
2015: Jan Feb Mar Apr May Jun Jul Aug Sep Oct Nov Dec
2014: Jan Feb Mar Apr May Jun Jul Aug Sep Oct Nov Dec
2013: Jan Feb Mar Apr May Jun Jul Aug Sep Oct Nov Dec
2012: Jan Feb Mar Apr May Jun Jul Aug Sep Oct Nov Dec
2011: Jan Feb Mar Apr May Jun Jul Aug Sep Oct Nov Dec
2010: Jan Feb Mar Apr May Jun Jul Aug Sep Oct Nov Dec
2009: Jan Feb Mar Apr May Jun Jul Aug Sep Oct Nov Dec
2008: Jan Feb Mar Apr May Jun Jul Aug Sep Oct Nov Dec
2007: Jan Feb Mar Apr May Jun Jul Aug Sep Oct Nov Dec
2006: Jan Feb Mar Apr May Jun Jul Aug Sep Oct Nov Dec
2005: Jan Feb Mar Apr May Jun Jul Aug Sep Oct Nov Dec
2004: Jan Feb Mar Apr May Jun Jul Aug Sep Oct Nov Dec
2003: Jan Feb Mar Apr May Jun Jul Aug Sep Oct Nov Dec
2002: Jan Feb Mar Apr May Jun Jul Aug Sep Oct Nov Dec
2001: Jan Feb Mar Apr May Jun Jul Aug Sep Oct Nov Dec
2000: Jan Feb Mar Apr May Jun Jul Aug Sep Oct Nov Dec
1999: Jan Feb Mar Apr May Jun Jul Aug Sep Oct Nov Dec
1998: Jan Feb Mar Apr May Jun Jul Aug Sep Oct Nov Dec
1997: Jan Feb Mar Apr May Jun Jul Aug Sep Oct Nov Dec
1996: Jan Feb Mar Apr May Jun Jul Aug Sep Oct Nov Dec
1995: Jan Feb Mar Apr May Jun Jul Aug Sep Oct Nov Dec
1994: Jan Feb Mar Apr May Jun Jul Aug Sep Oct Nov Dec
1993: Jan Feb Mar Apr May Jun Jul Aug Sep Oct Nov Dec
1992: Jan Feb Mar Apr May Jun Jul Aug Sep Oct Nov Dec
1991: Jan Feb Mar Apr May Jun Jul Aug Sep Oct Nov Dec
1990: Jan Feb Mar Apr May Jun Jul Aug Sep Oct Nov Dec
1989: Jan Feb Mar Apr May Jun Jul Aug Sep Oct Nov Dec
1988: Jan Feb Mar Apr May Jun Jul Aug Sep Oct Nov Dec
1987: Jan Feb Mar Apr May Jun Jul Aug Sep Oct Nov Dec
1986: Jan Feb Mar Apr May Jun Jul Aug Sep Oct Nov Dec

Report for 1990 April
                  MONTHLY CLIMATOLOGICAL SUMMARY FOR 4/1990
                                        HEAT  COOL        
     MEAN                               DEG   DEG       WIND SPEED       DOM MEAN  MEAN
DAY  TEMP  HIGH   TIME     LOW   TIME   DAYS  DAYS RAIN AVG  HI  TIME    DIR BAROM HUM
---------------------------------------------------------------------------------------
1    42.1  53.1  3:00pm   35.1 12:00am  17.4  0.0  0.00   9  17  00:00   SSW  28.9 65.3
2    46.9  64.0  3:00pm   32.0  7:00am   9.5  0.0  0.00  11  21  00:00   SSE  28.9 56.3
3    50.1  66.0  3:00pm   39.9 12:00am   6.9  0.0  0.00   7  14  00:00   SSW  28.8 47.5
4    46.6  59.0  3:00pm   36.0  5:00am  12.2  0.0  0.00   9  17  00:00     W  28.8 62.7
5    27.6  41.0 12:00am   25.2  1:00pm  30.7  0.0  0.00  12  23  00:00    SE  28.7 90.0
6    33.1  52.0  5:00pm   20.1  3:00am  22.4  0.0  0.00   6  12  00:00     S  28.9 73.2
7    41.2  55.9  4:00pm   30.2  6:00am  16.4  0.0  0.00   9  17  00:00   SSE  28.9 63.7
8    46.6  62.1  2:00pm   37.0  6:00am  10.6  0.0  0.00  12  23  00:00   SSW  28.7 63.0
9    38.6  48.9 10:00am   33.1  7:00am  21.2  0.0  0.00  12  23  00:00     S  28.9 83.9
10   31.8  39.0  9:00am   29.1  5:00am  29.6  0.0  0.00   9  17  00:00   ESE  29.1 88.4
11   38.3  52.0  3:00pm   32.0  3:00am  19.8  0.0  0.00   8  15  00:00     W  29.0 74.7
12   45.1  62.1  2:00pm   35.1  6:00am  11.4  0.0  0.00  11  21  00:00   SSW  28.7 63.5
13   42.5  55.9  5:00pm   36.0  6:00am  15.8  0.0  0.00  10  18  00:00     E  28.9 67.5
14   49.8  66.9  4:00pm   32.0  6:00am   6.6  0.0  0.00   9  17  00:00     S  28.9 51.1
15     49  64.0  3:00pm   35.1  6:00am   8.5  0.0  0.00   7  13  00:00   WSW  28.8 64.5
16   44.8  57.9  9:00am   33.1 11:00pm  13.6  0.0  0.00  15  29  00:00    SE  28.9 68.3
17   35.6  45.0  5:00pm   32.0 12:00am  24.7  0.0  0.00  12  23  00:00    SW  28.8 79.8
18     46  64.0  1:00pm   30.2  2:00am  10.0  0.0  0.00  15  29  00:00   SSW  28.7 63.8
19     47  60.1 12:00pm   39.0  3:00am  11.4  0.0  0.00  12  23  00:00   WSW  28.7 70.9
20   49.9  63.0  2:00pm   37.0  6:00am   8.5  0.0  0.00   9  17  00:00   SSE  29.0 62.0
21   54.4  72.0  1:00pm   43.0  4:00am   1.8  0.0  0.00  11  21  00:00   SSW  28.9 50.5
22   59.3  75.0  2:00pm   48.9  1:00am   0.0  2.2  0.00  18  35  00:00    SW  28.6 39.0
23   53.9  70.0  1:00pm   42.1  5:00am   3.0  0.0  0.00  13  25  00:00   SSW  28.5 45.7
24   47.7  63.0 12:00pm   42.1  2:00am   9.6  0.0  0.00  12  23  00:00     S  28.4 65.8
25   40.8  46.9  1:00pm   37.0  4:00am  21.1  0.0  0.00  12  23  00:00   SSE  28.6 82.4
26   43.7  57.0 11:00am   36.0  6:00am  14.6  0.0  0.00  18  35  00:00     S  28.6 61.6
27   41.9  54.0  4:00pm   32.0  5:00am  17.0  0.0  0.00  16  31  00:00    NW  28.6 38.5
28   53.6  73.9  6:00pm   37.9  1:00am   1.2  0.0  0.00  20  39  00:00    SW  28.3 43.5
29   31.4  37.9  3:00am   28.2  8:00pm  30.3  0.0  0.00  12  23  00:00   SSE  28.6 68.1
30   32.9  42.1  2:00pm   28.2 12:00am  27.5  0.0  0.00   6  12  00:00    SW  28.9 72.8