NOAA-Style Climate Reports

Select a Year or Month report
2018: Jan Feb Mar Apr May Jun Jul Aug Sep Oct Nov Dec
2017: Jan Feb Mar Apr May Jun Jul Aug Sep Oct Nov Dec
2016: Jan Feb Mar Apr May Jun Jul Aug Sep Oct Nov Dec
2015: Jan Feb Mar Apr May Jun Jul Aug Sep Oct Nov Dec
2014: Jan Feb Mar Apr May Jun Jul Aug Sep Oct Nov Dec
2013: Jan Feb Mar Apr May Jun Jul Aug Sep Oct Nov Dec
2012: Jan Feb Mar Apr May Jun Jul Aug Sep Oct Nov Dec
2011: Jan Feb Mar Apr May Jun Jul Aug Sep Oct Nov Dec
2010: Jan Feb Mar Apr May Jun Jul Aug Sep Oct Nov Dec
2009: Jan Feb Mar Apr May Jun Jul Aug Sep Oct Nov Dec
2008: Jan Feb Mar Apr May Jun Jul Aug Sep Oct Nov Dec
2007: Jan Feb Mar Apr May Jun Jul Aug Sep Oct Nov Dec
2006: Jan Feb Mar Apr May Jun Jul Aug Sep Oct Nov Dec
2005: Jan Feb Mar Apr May Jun Jul Aug Sep Oct Nov Dec
2004: Jan Feb Mar Apr May Jun Jul Aug Sep Oct Nov Dec
2003: Jan Feb Mar Apr May Jun Jul Aug Sep Oct Nov Dec
2002: Jan Feb Mar Apr May Jun Jul Aug Sep Oct Nov Dec
2001: Jan Feb Mar Apr May Jun Jul Aug Sep Oct Nov Dec
2000: Jan Feb Mar Apr May Jun Jul Aug Sep Oct Nov Dec
1999: Jan Feb Mar Apr May Jun Jul Aug Sep Oct Nov Dec
1998: Jan Feb Mar Apr May Jun Jul Aug Sep Oct Nov Dec
1997: Jan Feb Mar Apr May Jun Jul Aug Sep Oct Nov Dec
1996: Jan Feb Mar Apr May Jun Jul Aug Sep Oct Nov Dec
1995: Jan Feb Mar Apr May Jun Jul Aug Sep Oct Nov Dec
1994: Jan Feb Mar Apr May Jun Jul Aug Sep Oct Nov Dec
1993: Jan Feb Mar Apr May Jun Jul Aug Sep Oct Nov Dec
1992: Jan Feb Mar Apr May Jun Jul Aug Sep Oct Nov Dec
1991: Jan Feb Mar Apr May Jun Jul Aug Sep Oct Nov Dec
1990: Jan Feb Mar Apr May Jun Jul Aug Sep Oct Nov Dec
1989: Jan Feb Mar Apr May Jun Jul Aug Sep Oct Nov Dec
1988: Jan Feb Mar Apr May Jun Jul Aug Sep Oct Nov Dec
1987: Jan Feb Mar Apr May Jun Jul Aug Sep Oct Nov Dec
1986: Jan Feb Mar Apr May Jun Jul Aug Sep Oct Nov Dec

Report for 1990 May
                  MONTHLY CLIMATOLOGICAL SUMMARY FOR 5/1990
                                        HEAT  COOL        
     MEAN                               DEG   DEG       WIND SPEED       DOM MEAN  MEAN
DAY  TEMP  HIGH   TIME     LOW   TIME   DAYS  DAYS RAIN AVG  HI  TIME    DIR BAROM HUM
---------------------------------------------------------------------------------------
1    34.4  44.1  5:00pm   31.1  7:00am  25.7  0.0  0.00   7  13  00:00   WSW  28.9 81.1
2    39.8  54.0  2:00pm   27.1  5:00am  18.1  0.0  0.00   8  15  00:00   SSE  28.8 70.7
3    39.9  51.1  5:00pm   35.1  3:00am  19.5  0.0  0.00  11  21  00:00     E  28.8 57.6
4    41.6  55.9  4:00pm   30.2  6:00am  16.2  0.0  0.00  12  23  00:00   SSW  29.0 61.8
5    45.4  59.0  4:00pm   36.0  6:00am  12.8  0.0  0.00   8  15  00:00    SW  29.1 58.1
6    56.8  75.9  5:00pm   43.0  2:00am   0.0  1.4  0.00  10  18  00:00     S  28.8 35.0
7    60.5  75.0  5:00pm   48.0 11:00pm   0.0  2.8  0.00  15  29  00:00    SW  28.6 31.3
8    40.6  46.0  2:00pm   39.0  7:00am  21.7  0.0  0.00  10  20  00:00     W  28.6 86.5
9    39.2  54.0  5:00pm   30.2  6:00am  18.4  0.0  0.00  12  23  00:00    SE  28.8 55.9
10   47.7  69.1  2:00pm   27.1  5:00am   6.6  0.0  0.00  16  30  00:00   SSE  28.7 50.9
11     41  48.0 12:00am   36.0  5:00am  20.5  0.0  0.00  10  18  00:00   WNW  28.6 73.0
12   45.2  59.0  2:00pm   35.1  6:00am  12.9  0.0  0.00   9  16  00:00    SW  28.7 69.8
13   54.8  75.0  3:00pm   37.9  5:00am   0.1  0.0  0.00  15  29  00:00    SW  28.7 48.6
14   49.9  68.0  2:00pm   37.0  4:00am   6.0  0.0  0.00  12  23  00:00   SSE  28.7 53.6
15   50.9  64.0 12:00pm   39.9  5:00am   7.5  0.0  0.00  12  23  00:00   WSW  28.6 54.2
16     43  57.9  5:00pm   32.0  7:00am  14.5  0.0  0.00  20  38  00:00   SSW  28.9 66.7
17   50.2  68.0  3:00pm   35.1  7:00am   5.9  0.0  0.00   9  17  00:00   SSE  28.9 50.1
18   58.5  79.0  2:00pm   46.9  3:00am   0.0  3.8  0.00  17  32  00:00    SW  28.5 34.9
19   56.3  72.0  3:00pm   41.0  5:00am   0.8  0.0  0.00  21  40  00:00     S  28.5 33.9
20     51  68.0  4:00pm   42.1  2:00am   5.5  0.0  0.00  21  40  00:00    SW  28.7 60.6
21   56.8  77.0  4:00pm   41.0  5:00am   0.0  1.9  0.00  11  21  00:00   SSE  28.9 45.4
22   64.2  80.1  1:00pm   50.0  4:00am   0.0  7.2  0.00   9  17  00:00    SW  28.8 32.8
23   64.4  82.0  4:00pm   46.9  6:00am   0.0  8.2  0.00  13  25  00:00   SSW  27.5 37.1
24   62.4  82.0  5:00pm   50.0  3:00am   0.0  7.2  0.00  18  35  00:00   WSW  28.5 41.8
25   59.9  77.0  5:00pm   46.9  6:00am   0.0  3.5  0.00  15  29  00:00     S  28.6 48.5
26   53.6  70.0  2:00pm   45.0  6:00am   3.2  0.0  0.00  18  35  00:00    SW  28.7 64.9
27   52.9  64.0  5:00pm   45.0  6:00am   6.5  0.0  0.00  12  23  00:00    SE  28.8 71.0
28   58.1  71.1  4:00pm   46.9  6:00am   0.4  0.0  0.00  23  45  00:00   SSE  28.7 60.0
29     49  60.1 11:00am   45.0  8:00pm  10.4  0.0  0.00  12  23  00:00   SSW  28.6 84.4
30   51.6  64.9  3:00pm   42.1  5:00am   6.7  0.0  0.00  24  46  00:00   SSW  28.7 70.9
31   56.3  72.0  3:00pm   44.1  3:00am   0.8  0.0  0.00  18  35  00:00   SSE  28.7 64.0