NOAA-Style Climate Reports

Select a Year or Month report
2018: Jan Feb Mar Apr May Jun Jul Aug Sep Oct Nov Dec
2017: Jan Feb Mar Apr May Jun Jul Aug Sep Oct Nov Dec
2016: Jan Feb Mar Apr May Jun Jul Aug Sep Oct Nov Dec
2015: Jan Feb Mar Apr May Jun Jul Aug Sep Oct Nov Dec
2014: Jan Feb Mar Apr May Jun Jul Aug Sep Oct Nov Dec
2013: Jan Feb Mar Apr May Jun Jul Aug Sep Oct Nov Dec
2012: Jan Feb Mar Apr May Jun Jul Aug Sep Oct Nov Dec
2011: Jan Feb Mar Apr May Jun Jul Aug Sep Oct Nov Dec
2010: Jan Feb Mar Apr May Jun Jul Aug Sep Oct Nov Dec
2009: Jan Feb Mar Apr May Jun Jul Aug Sep Oct Nov Dec
2008: Jan Feb Mar Apr May Jun Jul Aug Sep Oct Nov Dec
2007: Jan Feb Mar Apr May Jun Jul Aug Sep Oct Nov Dec
2006: Jan Feb Mar Apr May Jun Jul Aug Sep Oct Nov Dec
2005: Jan Feb Mar Apr May Jun Jul Aug Sep Oct Nov Dec
2004: Jan Feb Mar Apr May Jun Jul Aug Sep Oct Nov Dec
2003: Jan Feb Mar Apr May Jun Jul Aug Sep Oct Nov Dec
2002: Jan Feb Mar Apr May Jun Jul Aug Sep Oct Nov Dec
2001: Jan Feb Mar Apr May Jun Jul Aug Sep Oct Nov Dec
2000: Jan Feb Mar Apr May Jun Jul Aug Sep Oct Nov Dec
1999: Jan Feb Mar Apr May Jun Jul Aug Sep Oct Nov Dec
1998: Jan Feb Mar Apr May Jun Jul Aug Sep Oct Nov Dec
1997: Jan Feb Mar Apr May Jun Jul Aug Sep Oct Nov Dec
1996: Jan Feb Mar Apr May Jun Jul Aug Sep Oct Nov Dec
1995: Jan Feb Mar Apr May Jun Jul Aug Sep Oct Nov Dec
1994: Jan Feb Mar Apr May Jun Jul Aug Sep Oct Nov Dec
1993: Jan Feb Mar Apr May Jun Jul Aug Sep Oct Nov Dec
1992: Jan Feb Mar Apr May Jun Jul Aug Sep Oct Nov Dec
1991: Jan Feb Mar Apr May Jun Jul Aug Sep Oct Nov Dec
1990: Jan Feb Mar Apr May Jun Jul Aug Sep Oct Nov Dec
1989: Jan Feb Mar Apr May Jun Jul Aug Sep Oct Nov Dec
1988: Jan Feb Mar Apr May Jun Jul Aug Sep Oct Nov Dec
1987: Jan Feb Mar Apr May Jun Jul Aug Sep Oct Nov Dec
1986: Jan Feb Mar Apr May Jun Jul Aug Sep Oct Nov Dec

Report for 1990 June
                  MONTHLY CLIMATOLOGICAL SUMMARY FOR 6/1990
                                        HEAT  COOL        
     MEAN                               DEG   DEG       WIND SPEED       DOM MEAN  MEAN
DAY  TEMP  HIGH   TIME     LOW   TIME   DAYS  DAYS RAIN AVG  HI  TIME    DIR BAROM HUM
---------------------------------------------------------------------------------------
1    57.4  77.0  4:00pm   44.1 11:00pm   0.0  2.2  0.00  18  35  00:00   SSW  28.5 45.8
2    54.9  72.0  4:00pm   42.1  6:00am   1.5  0.0  0.00  11  21  00:00   WNW  28.8 30.2
3    57.9  75.9  4:00pm   45.0  4:00am   0.0  1.9  0.00   9  17  00:00    SE  29.1 43.2
4    68.1  90.0  4:00pm   50.0  5:00am   0.0 14.1  0.00   9  17  00:00    SW  28.8 34.0
5    66.7  86.0  4:00pm   52.0  5:00am   0.0 11.4  0.00  13  25  00:00   SSE  28.7 38.8
6      66  86.0  4:00pm   52.0  6:00am   0.0 11.0  0.00  12  23  00:00    SE  27.5 54.9
7    66.3  82.9  3:00pm   54.0  6:00am   0.0  9.6  0.00   9  16  00:00   SSE  28.8 58.2
8    66.2  82.0  4:00pm   55.0  6:00am   0.0  9.1  0.00  10  20  00:00     S  28.9 45.2
9    63.5  80.1  1:00pm   59.0  6:00am   0.0  6.8  0.00  10  18  00:00   SSE  29.0 56.1
10     66  81.0  2:00pm   59.0  4:00am   0.0  8.5  0.00  15  29  00:00     S  28.8 54.3
11   70.9  88.0  3:00pm   55.9  6:00am   0.0 14.5  0.00  17  32  00:00    SW  28.6 33.4
12   62.7  86.0  4:00pm   46.9  5:00am   0.0  9.4  0.00  17  33  00:00    SE  28.7 42.3
13   58.9  77.0  4:00pm   43.0  6:00am   0.0  3.0  0.00  18  35  00:00    SE  28.8 45.7
14   63.1  82.9  4:00pm   52.0  3:00am   0.0  8.0  0.00  11  21  00:00     W  28.8 54.9
15   65.4  84.9  3:00pm   54.0  6:00am   0.0 10.2  0.00   9  17  00:00   SSW  28.7 58.2
16   62.8  79.0  3:00pm   55.9  2:00am   0.0  5.9  0.00  12  23  00:00    SE  28.7 54.3
17   63.8  82.9  4:00pm   46.0  4:00am   0.0  8.4  0.00  11  21  00:00     S  28.9 37.0
18     73  96.1  5:00pm   59.0 12:00am   0.0 19.6  0.00  15  29  00:00   WSW  28.8 25.4
19   62.2  79.0  2:00pm   52.0 11:00pm   0.0  5.6  0.00  12  23  00:00     S  28.9 48.4
20     63  82.0  5:00pm   46.9  6:00am   0.0  7.5  0.00   7  14  00:00   SSE  28.9 48.8
21   57.8  73.0  3:00pm   53.1 11:00pm   0.0  0.4  0.00  22  44  00:00    SW  28.9 55.0
22   60.8  81.0  6:00pm   45.0  4:00am   0.0  5.9  0.00   9  17  00:00   ESE  29.0 50.1
23   71.3  93.0  3:00pm   51.1  6:00am   0.0 17.2  0.00   9  17  00:00     S  28.9 34.7
24   76.7  93.0  3:00pm   63.0  3:00am   0.0 19.9  0.00   9  17  00:00    SE  28.9 23.7
25   74.9  95.0  3:00pm   63.0  4:00am   0.0 20.0  0.00  16  32  00:00     S  27.7 29.5
26   70.5  90.0  4:00pm   57.9  6:00am   0.0 15.3  0.00  18  35  00:00   SSW  29.0 41.1
27   76.1  96.1  1:00pm   63.0  6:00am   0.0 21.1  0.00  20  39  00:00     S  28.9 31.3
28   79.1  95.0  4:00pm   66.9  2:00am   0.0 22.1  0.00   9  17  00:00   SSE  28.8 25.9
29   76.9  97.0  2:00pm   64.9  4:00am   0.0 22.0  0.00  15  29  00:00   WSW  28.9 27.6
30   76.1  96.1  1:00pm   60.1  6:00am   0.0 21.1  0.00  12  23  00:00   SSW  29.0 34.7