NOAA-Style Climate Reports

Select a Year or Month report
2018: Jan Feb Mar Apr May Jun Jul Aug Sep Oct Nov Dec
2017: Jan Feb Mar Apr May Jun Jul Aug Sep Oct Nov Dec
2016: Jan Feb Mar Apr May Jun Jul Aug Sep Oct Nov Dec
2015: Jan Feb Mar Apr May Jun Jul Aug Sep Oct Nov Dec
2014: Jan Feb Mar Apr May Jun Jul Aug Sep Oct Nov Dec
2013: Jan Feb Mar Apr May Jun Jul Aug Sep Oct Nov Dec
2012: Jan Feb Mar Apr May Jun Jul Aug Sep Oct Nov Dec
2011: Jan Feb Mar Apr May Jun Jul Aug Sep Oct Nov Dec
2010: Jan Feb Mar Apr May Jun Jul Aug Sep Oct Nov Dec
2009: Jan Feb Mar Apr May Jun Jul Aug Sep Oct Nov Dec
2008: Jan Feb Mar Apr May Jun Jul Aug Sep Oct Nov Dec
2007: Jan Feb Mar Apr May Jun Jul Aug Sep Oct Nov Dec
2006: Jan Feb Mar Apr May Jun Jul Aug Sep Oct Nov Dec
2005: Jan Feb Mar Apr May Jun Jul Aug Sep Oct Nov Dec
2004: Jan Feb Mar Apr May Jun Jul Aug Sep Oct Nov Dec
2003: Jan Feb Mar Apr May Jun Jul Aug Sep Oct Nov Dec
2002: Jan Feb Mar Apr May Jun Jul Aug Sep Oct Nov Dec
2001: Jan Feb Mar Apr May Jun Jul Aug Sep Oct Nov Dec
2000: Jan Feb Mar Apr May Jun Jul Aug Sep Oct Nov Dec
1999: Jan Feb Mar Apr May Jun Jul Aug Sep Oct Nov Dec
1998: Jan Feb Mar Apr May Jun Jul Aug Sep Oct Nov Dec
1997: Jan Feb Mar Apr May Jun Jul Aug Sep Oct Nov Dec
1996: Jan Feb Mar Apr May Jun Jul Aug Sep Oct Nov Dec
1995: Jan Feb Mar Apr May Jun Jul Aug Sep Oct Nov Dec
1994: Jan Feb Mar Apr May Jun Jul Aug Sep Oct Nov Dec
1993: Jan Feb Mar Apr May Jun Jul Aug Sep Oct Nov Dec
1992: Jan Feb Mar Apr May Jun Jul Aug Sep Oct Nov Dec
1991: Jan Feb Mar Apr May Jun Jul Aug Sep Oct Nov Dec
1990: Jan Feb Mar Apr May Jun Jul Aug Sep Oct Nov Dec
1989: Jan Feb Mar Apr May Jun Jul Aug Sep Oct Nov Dec
1988: Jan Feb Mar Apr May Jun Jul Aug Sep Oct Nov Dec
1987: Jan Feb Mar Apr May Jun Jul Aug Sep Oct Nov Dec
1986: Jan Feb Mar Apr May Jun Jul Aug Sep Oct Nov Dec

Report for 1990 July
                  MONTHLY CLIMATOLOGICAL SUMMARY FOR 7/1990
                                        HEAT  COOL        
     MEAN                               DEG   DEG       WIND SPEED       DOM MEAN  MEAN
DAY  TEMP  HIGH   TIME     LOW   TIME   DAYS  DAYS RAIN AVG  HI  TIME    DIR BAROM HUM
---------------------------------------------------------------------------------------
1    76.8  99.0  4:00pm   61.0  5:00am   0.0 22.9  0.00   9  17  00:00    SW  28.9 29.3
2    79.1  97.0  4:00pm   62.1  5:00am   0.0 23.1  0.00  14  28  00:00   SSE  28.8 19.5
3      71  91.0 12:00pm   62.1  6:00am   0.0 16.0  0.00  10  18  00:00   SSW  28.7 42.5
4    65.4  84.0  2:00pm   59.0  4:00am   0.0  9.7  0.00  12  23  00:00   SSW  29.0 65.5
5    62.4  82.0  2:00pm   55.0  6:00am   0.0  7.2  0.00  11  21  00:00    SE  29.0 72.7
6    69.1  88.0  2:00pm   60.1 12:00am   0.0 13.6  0.00  12  23  00:00   SSW  28.9 53.9
7    70.7  88.0  1:00pm   61.0  2:00am   0.0 14.4  0.00   9  17  00:00   WSW  28.8 47.8
8    60.5  71.1  4:00pm   59.0 11:00pm   0.0  0.8  0.00   7  14  00:00     S  29.0 83.7
9    62.6  77.0  5:00pm   57.0  6:00am   0.0  4.8  0.00   9  17  00:00     S  28.9 78.3
10   64.4  79.0  5:00pm   57.9  5:00am   0.0  6.7  0.00  10  20  00:00   SSW  29.1 69.3
11   62.8  75.9  1:00pm   57.0  6:00am   0.0  4.4  0.00  11  21  00:00   SSW  29.0 67.9
12   58.2  70.0  6:00pm   50.0  6:00am   0.9  0.0  0.00   6  12  00:00   SSW  29.3 66.7
13   59.5  75.9  4:00pm   50.0  4:00am   0.0  2.7  0.00   7  14  00:00    SW  29.1 59.4
14   59.6  75.0  4:00pm   50.0  4:00am   0.0  2.3  0.00  24  46  00:00     S  28.9 60.0
15   62.1  77.0  4:00pm   53.1  1:00am   0.0  4.6  0.00   7  14  00:00   WSW  28.9 53.8
16   66.8  84.9  1:00pm   57.9  4:00am   0.0 10.9  0.00  10  18  00:00   SSE  28.9 45.4
17   74.2  90.0  5:00pm   62.1  7:00am   0.0 17.1  0.00  10  18  00:00   SSW  28.9 30.4
18   72.9  90.0  1:00pm   60.1  6:00am   0.0 16.5  0.00  20  39  00:00   SSW  28.9 33.8
19   65.6  78.1  5:00pm   55.9  7:00am   0.0  6.9  0.00   9  17  00:00    SW  29.0 60.2
20     58  68.0  1:00pm   55.9  9:00pm   2.0  0.0  0.00  11  21  00:00   SSE  28.9 83.0
21   53.3  64.0 12:25pm   50.0 10:00pm   6.3  0.0  0.00  13  25  00:00    SE  29.0 84.5
22   54.5  70.0  4:00pm   46.9  5:00am   2.7  0.0  0.00   7  13  00:00    SE  29.1 71.4
23   60.6  78.1  3:00pm   52.0  2:00am   0.0  4.4  0.00  18  35  00:00   WSW  28.9 63.3
24   65.7  82.9  3:00pm   55.9  5:00am   0.0  9.3  0.00  11  21  00:00   SSW  28.8 50.0
25   67.1  82.9  2:00pm   54.0  4:00am   0.0 10.0  0.00  13  25  00:00   WSW  28.8 47.3
26   70.8  89.1  4:00pm   57.9  6:00am   0.0 15.0  0.00   9  17  00:00    SW  28.9 39.7
27   65.6  81.0  1:00pm   57.0  6:00am   0.0  8.3  0.00  12  23  00:00     S  28.9 54.3
28   61.5  80.1  2:00pm   51.1  5:00am   0.0  5.8  0.00  13  25  00:00   WSW  29.0 61.9
29     57  75.0  2:00pm   50.0  6:00am   0.0  1.0  0.00   7  14  00:00   SSE  29.1 74.5
30   58.3  72.0  5:00pm   48.0  6:00am   0.0  0.2  0.00   8  15  00:00   SSE  29.1 70.9
31   62.9  81.0  4:00pm   53.1  6:00am   0.0  7.0  0.00  12  23  00:00   SSE  29.0 60.8