NOAA-Style Climate Reports

Select a Year or Month report
2018: Jan Feb Mar Apr May Jun Jul Aug Sep Oct Nov Dec
2017: Jan Feb Mar Apr May Jun Jul Aug Sep Oct Nov Dec
2016: Jan Feb Mar Apr May Jun Jul Aug Sep Oct Nov Dec
2015: Jan Feb Mar Apr May Jun Jul Aug Sep Oct Nov Dec
2014: Jan Feb Mar Apr May Jun Jul Aug Sep Oct Nov Dec
2013: Jan Feb Mar Apr May Jun Jul Aug Sep Oct Nov Dec
2012: Jan Feb Mar Apr May Jun Jul Aug Sep Oct Nov Dec
2011: Jan Feb Mar Apr May Jun Jul Aug Sep Oct Nov Dec
2010: Jan Feb Mar Apr May Jun Jul Aug Sep Oct Nov Dec
2009: Jan Feb Mar Apr May Jun Jul Aug Sep Oct Nov Dec
2008: Jan Feb Mar Apr May Jun Jul Aug Sep Oct Nov Dec
2007: Jan Feb Mar Apr May Jun Jul Aug Sep Oct Nov Dec
2006: Jan Feb Mar Apr May Jun Jul Aug Sep Oct Nov Dec
2005: Jan Feb Mar Apr May Jun Jul Aug Sep Oct Nov Dec
2004: Jan Feb Mar Apr May Jun Jul Aug Sep Oct Nov Dec
2003: Jan Feb Mar Apr May Jun Jul Aug Sep Oct Nov Dec
2002: Jan Feb Mar Apr May Jun Jul Aug Sep Oct Nov Dec
2001: Jan Feb Mar Apr May Jun Jul Aug Sep Oct Nov Dec
2000: Jan Feb Mar Apr May Jun Jul Aug Sep Oct Nov Dec
1999: Jan Feb Mar Apr May Jun Jul Aug Sep Oct Nov Dec
1998: Jan Feb Mar Apr May Jun Jul Aug Sep Oct Nov Dec
1997: Jan Feb Mar Apr May Jun Jul Aug Sep Oct Nov Dec
1996: Jan Feb Mar Apr May Jun Jul Aug Sep Oct Nov Dec
1995: Jan Feb Mar Apr May Jun Jul Aug Sep Oct Nov Dec
1994: Jan Feb Mar Apr May Jun Jul Aug Sep Oct Nov Dec
1993: Jan Feb Mar Apr May Jun Jul Aug Sep Oct Nov Dec
1992: Jan Feb Mar Apr May Jun Jul Aug Sep Oct Nov Dec
1991: Jan Feb Mar Apr May Jun Jul Aug Sep Oct Nov Dec
1990: Jan Feb Mar Apr May Jun Jul Aug Sep Oct Nov Dec
1989: Jan Feb Mar Apr May Jun Jul Aug Sep Oct Nov Dec
1988: Jan Feb Mar Apr May Jun Jul Aug Sep Oct Nov Dec
1987: Jan Feb Mar Apr May Jun Jul Aug Sep Oct Nov Dec
1986: Jan Feb Mar Apr May Jun Jul Aug Sep Oct Nov Dec

Report for 1990 August
                  MONTHLY CLIMATOLOGICAL SUMMARY FOR 8/1990
                                        HEAT  COOL        
     MEAN                               DEG   DEG       WIND SPEED       DOM MEAN  MEAN
DAY  TEMP  HIGH   TIME     LOW   TIME   DAYS  DAYS RAIN AVG  HI  TIME    DIR BAROM HUM
---------------------------------------------------------------------------------------
1    66.2  82.9  1:00pm   55.0  6:00am   0.0  9.6  0.00  18  35  00:00    SW  28.9 42.9
2    62.4  78.1  2:00pm   55.0  6:00am   0.0  5.3  0.00   9  16  00:00    SW  28.9 52.8
3    62.4  81.0  3:00pm   50.0  5:00am   0.0  6.7  0.00  11  21  00:00   SSW  29.0 49.9
4    57.5  73.9  1:00pm   48.9  6:00am   0.0  0.7  0.00  10  18  00:00   SSW  29.1 63.8
5    56.1  69.1  5:00pm   51.1  7:00am   2.4  0.0  0.00   6  12  00:00    SW  29.2 72.5
6      59  73.9  5:00pm   48.9  6:00am   0.0  1.5  0.00   9  16  00:00   SSW  29.2 71.1
7    67.3  86.0  4:00pm   53.1  2:00am   0.0 11.7  0.00   8  15  00:00    SE  29.1 44.7
8    69.7  87.1  3:00pm   60.1  7:00am   0.0 13.4  0.00  10  20  00:00    SW  29.0 34.8
9    66.9  86.0  4:00pm   54.0  3:00am   0.0 11.5  0.00   7  14  00:00    SW  29.1 42.3
10   68.3  89.1  2:00pm   61.0  4:00am   0.0 13.7  0.00   9  17  00:00    SW  29.0 40.6
11   64.6  82.9  1:00pm   57.0  6:00am   0.0  8.8  0.00  18  35  00:00    SW  29.0 61.1
12   56.4  63.0  1:00pm   54.0  4:00am   5.3  0.0  0.00   6  12  00:00     W  29.1 77.2
13   60.6  78.1  3:00pm   52.0  5:00am   0.0  4.4  0.00   6  12  00:00   SSW  29.0 64.2
14   61.9  78.1  4:00pm   57.0  3:00am   0.0  5.0  0.00  10  18  00:00    SW  29.0 63.3
15   58.3  75.9  3:00pm   52.0  7:00am   0.0  2.1  0.00  13  25  00:00     S  28.9 77.3
16   64.6  82.9  5:00pm   55.0  6:00am   0.0  8.8  0.00   7  14  00:00   SSW  28.8 58.4
17   61.4  81.0  1:00pm   55.0  5:00am   0.0  6.2  0.00   8  15  00:00     S  28.8 69.2
18   61.1  75.9  5:00pm   54.0  6:00am   0.0  3.5  0.00  12  23  00:00     W  28.9 67.3
19   63.9  82.0  3:00pm   55.0  6:00am   0.0  8.0  0.00  11  21  00:00     S  28.9 53.0
20   64.1  81.0  1:00pm   53.1  6:00am   0.0  7.6  0.00  10  18  00:00     S  29.0 61.8
21   67.1  82.0  4:00pm   57.9  4:00am   0.0  9.6  0.00  10  18  00:00   WSW  29.0 54.6
22   63.4  77.0  1:00pm   57.9  8:00pm   0.0  5.2  0.00  18  35  00:00    SW  28.8 55.6
23   61.3  80.1  3:00pm   48.9  5:00am   0.0  5.7  0.00  11  21  00:00     S  28.9 54.2
24   65.1  82.0  4:00pm   55.0 12:00am   0.0  8.6  0.00   9  17  00:00    SW  28.8 42.5
25     68  88.0  5:00pm   53.1  2:00am   0.0 13.0  0.00   9  17  00:00   SSW  28.8 32.8
26   71.1  90.0  5:00pm   62.1 12:00am   0.0 15.6  0.00   8  15  00:00   SSW  28.9 24.3
27   70.4  90.0  5:00pm   55.9  7:00am   0.0 15.2  0.00   7  14  00:00     S  29.0 26.5
28   70.7  89.1  4:00pm   57.0  6:00am   0.0 14.9  0.00   7  14  00:00   SSE  29.0 26.9
29     72  91.9  4:00pm   57.0  4:00am   0.0 17.0  0.00   9  17  00:00   SSE  29.0 31.4
30   75.1  93.9  2:00pm   64.9  2:00am   0.0 19.5  0.00  12  23  00:00    SW  28.9 34.8
31   68.9  87.1  1:00pm   57.9  7:00am   0.0 13.0  0.00  15  29  00:00     S  29.0 49.6