NOAA-Style Climate Reports

Select a Year or Month report
2018: Jan Feb Mar Apr May Jun Jul Aug Sep Oct Nov Dec
2017: Jan Feb Mar Apr May Jun Jul Aug Sep Oct Nov Dec
2016: Jan Feb Mar Apr May Jun Jul Aug Sep Oct Nov Dec
2015: Jan Feb Mar Apr May Jun Jul Aug Sep Oct Nov Dec
2014: Jan Feb Mar Apr May Jun Jul Aug Sep Oct Nov Dec
2013: Jan Feb Mar Apr May Jun Jul Aug Sep Oct Nov Dec
2012: Jan Feb Mar Apr May Jun Jul Aug Sep Oct Nov Dec
2011: Jan Feb Mar Apr May Jun Jul Aug Sep Oct Nov Dec
2010: Jan Feb Mar Apr May Jun Jul Aug Sep Oct Nov Dec
2009: Jan Feb Mar Apr May Jun Jul Aug Sep Oct Nov Dec
2008: Jan Feb Mar Apr May Jun Jul Aug Sep Oct Nov Dec
2007: Jan Feb Mar Apr May Jun Jul Aug Sep Oct Nov Dec
2006: Jan Feb Mar Apr May Jun Jul Aug Sep Oct Nov Dec
2005: Jan Feb Mar Apr May Jun Jul Aug Sep Oct Nov Dec
2004: Jan Feb Mar Apr May Jun Jul Aug Sep Oct Nov Dec
2003: Jan Feb Mar Apr May Jun Jul Aug Sep Oct Nov Dec
2002: Jan Feb Mar Apr May Jun Jul Aug Sep Oct Nov Dec
2001: Jan Feb Mar Apr May Jun Jul Aug Sep Oct Nov Dec
2000: Jan Feb Mar Apr May Jun Jul Aug Sep Oct Nov Dec
1999: Jan Feb Mar Apr May Jun Jul Aug Sep Oct Nov Dec
1998: Jan Feb Mar Apr May Jun Jul Aug Sep Oct Nov Dec
1997: Jan Feb Mar Apr May Jun Jul Aug Sep Oct Nov Dec
1996: Jan Feb Mar Apr May Jun Jul Aug Sep Oct Nov Dec
1995: Jan Feb Mar Apr May Jun Jul Aug Sep Oct Nov Dec
1994: Jan Feb Mar Apr May Jun Jul Aug Sep Oct Nov Dec
1993: Jan Feb Mar Apr May Jun Jul Aug Sep Oct Nov Dec
1992: Jan Feb Mar Apr May Jun Jul Aug Sep Oct Nov Dec
1991: Jan Feb Mar Apr May Jun Jul Aug Sep Oct Nov Dec
1990: Jan Feb Mar Apr May Jun Jul Aug Sep Oct Nov Dec
1989: Jan Feb Mar Apr May Jun Jul Aug Sep Oct Nov Dec
1988: Jan Feb Mar Apr May Jun Jul Aug Sep Oct Nov Dec
1987: Jan Feb Mar Apr May Jun Jul Aug Sep Oct Nov Dec
1986: Jan Feb Mar Apr May Jun Jul Aug Sep Oct Nov Dec

Report for 1990 September
                  MONTHLY CLIMATOLOGICAL SUMMARY FOR 9/1990
                                        HEAT  COOL        
     MEAN                               DEG   DEG       WIND SPEED       DOM MEAN  MEAN
DAY  TEMP  HIGH   TIME     LOW   TIME   DAYS  DAYS RAIN AVG  HI  TIME    DIR BAROM HUM
---------------------------------------------------------------------------------------
1    68.6  87.1  2:00pm   57.9  1:00am   0.0 12.9  0.00  15  29  00:00   NNW  29.0 52.8
2    67.5  89.1  2:00pm   55.0  6:00am   0.0 13.3  0.00   9  16  00:00     S  29.0 55.9
3    69.5  90.0  3:00pm   55.0  6:00am   0.0 14.8  0.00   7  14  00:00   SSE  29.0 46.7
4    67.7  84.9  4:00pm   55.9  7:00am   0.0 11.3  0.00   7  14  00:00   SSW  29.1 45.9
5    66.3  84.9  2:00pm   59.0  7:25pm   0.0 10.6  0.00  18  35  00:00     S  29.0 51.7
6    64.3  79.0  4:00pm   55.9  2:00am   0.0  6.7  0.00   7  14  00:00   SSW  29.0 59.7
7    65.2  81.0  3:00pm   57.9  6:00am   0.0  8.1  0.00   7  14  00:00   SSW  29.1 52.0
8    65.8  84.0  2:00pm   55.0  7:00am   0.0  9.9  0.00   8  15  00:00     W  29.0 42.2
9    65.7  82.0  2:00pm   55.9  5:00am   0.0  8.9  0.00  10  18  00:00    SW  28.9 40.8
10   64.7  82.9  2:00pm   55.9  2:00am   0.0  8.8  0.00  12  23  00:00   SSE  29.0 40.0
11   64.4  84.0  3:00pm   50.0  6:00am   0.0  9.2  0.00   7  14  00:00    SE  29.0 39.6
12   70.2  89.1  5:00pm   57.9  4:00am   0.0 14.7  0.00   9  17  00:00     S  28.9 29.6
13   72.1  91.9  2:00pm   55.0  5:00am   0.0 17.0  0.00  18  35  00:00   SSE  29.0 27.0
14   60.4  80.1  4:00pm   41.0  8:00am   0.0  5.3  0.00   7  14  00:00   WSW  29.1 45.4
15   68.2  88.0  2:00pm   55.0  3:00am   0.0 13.1  0.00   9  17  00:00   SSW  28.8 34.3
16   57.5  64.9 12:00pm   55.0  7:00am   3.8  0.0  0.00  11  21  00:00   SSE  28.8 52.8
17   55.3  64.9  3:00pm   53.1 10:00pm   4.9  0.0  0.00  14  27  00:00     S  28.8 74.8
18   56.7  73.0  2:00pm   46.9  7:00am   0.1  0.0  0.00  14  28  00:00   SSE  29.0 62.5
19   58.6  75.0  4:00pm   52.0  1:00am   0.0  1.8  0.00  12  23  00:00     S  28.8 58.4
20   53.8  66.0  1:00pm   46.0  5:00am   5.1  0.0  0.00   7  14  00:00    SE  28.9 58.2
21   51.4  64.9  3:00pm   45.0  6:00am   6.8  0.0  0.00   7  14  00:00     S  29.1 75.1
22   52.3  66.0  5:00pm   44.1  7:00am   5.8  0.0  0.00   6  12  00:00   SSW  29.2 59.0
23   55.1  75.0  4:00pm   42.1  7:00am   0.0  0.1  0.00   7  14  00:00     S  29.1 51.6
24   61.7  80.1  5:00pm   46.9  2:00am   0.0  5.9  0.00  10  18  00:00    SW  29.0 46.4
25   61.6  78.1  2:00pm   51.1  7:00am   0.0  4.9  0.00  12  23  00:00     S  29.0 51.3
26   60.8  75.9  2:00pm   54.0  6:00am   0.0  3.4  0.00  12  23  00:00   WSW  29.0 53.4
27   53.4  62.1  1:00pm   48.9  6:00am   7.2  0.0  0.00   7  14  00:00    SW  29.0 64.7
28   50.5  60.1  3:00pm   48.0  3:00am   9.7  0.0  0.00   9  17  00:00    SW  29.0 80.6
29     47  54.0  5:00pm   45.0 11:00pm  14.5  0.0  0.00   6  12  00:00     W  29.1 91.4
30   53.1  71.1  3:00pm   41.0  2:00am   2.9  0.0  0.00   6  12  00:00   WSW  29.0 61.9