NOAA-Style Climate Reports

Select a Year or Month report
2018: Jan Feb Mar Apr May Jun Jul Aug Sep Oct Nov Dec
2017: Jan Feb Mar Apr May Jun Jul Aug Sep Oct Nov Dec
2016: Jan Feb Mar Apr May Jun Jul Aug Sep Oct Nov Dec
2015: Jan Feb Mar Apr May Jun Jul Aug Sep Oct Nov Dec
2014: Jan Feb Mar Apr May Jun Jul Aug Sep Oct Nov Dec
2013: Jan Feb Mar Apr May Jun Jul Aug Sep Oct Nov Dec
2012: Jan Feb Mar Apr May Jun Jul Aug Sep Oct Nov Dec
2011: Jan Feb Mar Apr May Jun Jul Aug Sep Oct Nov Dec
2010: Jan Feb Mar Apr May Jun Jul Aug Sep Oct Nov Dec
2009: Jan Feb Mar Apr May Jun Jul Aug Sep Oct Nov Dec
2008: Jan Feb Mar Apr May Jun Jul Aug Sep Oct Nov Dec
2007: Jan Feb Mar Apr May Jun Jul Aug Sep Oct Nov Dec
2006: Jan Feb Mar Apr May Jun Jul Aug Sep Oct Nov Dec
2005: Jan Feb Mar Apr May Jun Jul Aug Sep Oct Nov Dec
2004: Jan Feb Mar Apr May Jun Jul Aug Sep Oct Nov Dec
2003: Jan Feb Mar Apr May Jun Jul Aug Sep Oct Nov Dec
2002: Jan Feb Mar Apr May Jun Jul Aug Sep Oct Nov Dec
2001: Jan Feb Mar Apr May Jun Jul Aug Sep Oct Nov Dec
2000: Jan Feb Mar Apr May Jun Jul Aug Sep Oct Nov Dec
1999: Jan Feb Mar Apr May Jun Jul Aug Sep Oct Nov Dec
1998: Jan Feb Mar Apr May Jun Jul Aug Sep Oct Nov Dec
1997: Jan Feb Mar Apr May Jun Jul Aug Sep Oct Nov Dec
1996: Jan Feb Mar Apr May Jun Jul Aug Sep Oct Nov Dec
1995: Jan Feb Mar Apr May Jun Jul Aug Sep Oct Nov Dec
1994: Jan Feb Mar Apr May Jun Jul Aug Sep Oct Nov Dec
1993: Jan Feb Mar Apr May Jun Jul Aug Sep Oct Nov Dec
1992: Jan Feb Mar Apr May Jun Jul Aug Sep Oct Nov Dec
1991: Jan Feb Mar Apr May Jun Jul Aug Sep Oct Nov Dec
1990: Jan Feb Mar Apr May Jun Jul Aug Sep Oct Nov Dec
1989: Jan Feb Mar Apr May Jun Jul Aug Sep Oct Nov Dec
1988: Jan Feb Mar Apr May Jun Jul Aug Sep Oct Nov Dec
1987: Jan Feb Mar Apr May Jun Jul Aug Sep Oct Nov Dec
1986: Jan Feb Mar Apr May Jun Jul Aug Sep Oct Nov Dec

Report for 1990 October
                  MONTHLY CLIMATOLOGICAL SUMMARY FOR 10/1990
                                        HEAT  COOL        
     MEAN                               DEG   DEG       WIND SPEED       DOM MEAN  MEAN
DAY  TEMP  HIGH   TIME     LOW   TIME   DAYS  DAYS RAIN AVG  HI  TIME    DIR BAROM HUM
---------------------------------------------------------------------------------------
1    58.7  78.1  3:00pm   45.0  6:00am   0.0  3.4  0.00  10  18  00:00   SSE  28.9 52.4
2    53.4  64.9 11:00am   48.0  7:00pm   5.8  0.0  0.00  11  21  00:00   WSW  28.7 67.9
3      46  61.0  6:00pm   36.0  8:00am  11.5  0.0  0.00   9  16  00:00    SW  28.8 58.1
4    58.2  77.0  5:00pm   45.0 12:00am   0.0  2.6  0.00  10  18  00:00   SSW  29.0 37.9
5    64.2  82.9  3:00pm   55.0  1:00am   0.0  8.6  0.00  10  20  00:00   WSW  28.9 22.9
6    50.9  66.0  3:00pm   42.1  9:00am   6.5  0.0  0.00  12  23  00:00     S  28.8 47.7
7    36.3  48.9  1:00pm   29.1 11:00pm  22.4  0.0  0.00  18  35  00:00   WSW  28.8 73.7
8      29  35.1  4:00pm   27.1  3:00am  32.9  0.0  0.00   7  13  00:00   WNW  29.1 85.8
9    34.9  50.0  4:00pm   23.2  7:00am  22.5  0.0  0.00   7  13  00:00     S  29.1 66.1
10   49.9  71.1  4:00pm   34.0  1:00am   4.5  0.0  0.00   5   9  00:00   WSW  28.8 45.7
11     39  44.1  8:00am   36.0 11:00pm  23.4  0.0  0.00  10  18  00:00   ESE  28.9 70.3
12   43.4  64.0  2:00pm   29.1  7:00am  11.3  0.0  0.00   6  13  00:00   SSE  28.9 58.6
13   51.5  73.0  5:00pm   35.1  3:00am   2.7  0.0  0.00  12  23  00:00     S  28.6 35.3
14   44.5  61.0  2:00pm   32.0  2:00am  12.2  0.0  0.00   9  17  00:00   SSE  28.8 53.0
15   54.9  75.9  4:00pm   39.0  4:00am   0.0  0.4  0.00  10  18  00:00    SW  28.8 35.7
16   55.3  78.1  4:00pm   41.0  6:00am   0.0  1.7  0.00  12  23  00:00     S  28.6 34.5
17   39.4  50.0  4:00pm   31.1 11:00pm  20.3  0.0  0.00  21  41  00:00     W  28.9 42.4
18   45.5  66.9 12:00pm   29.1 12:00am   8.8  0.0  0.00   9  17  00:00   SSW  28.9 39.2
19   53.9  73.0  2:00pm   41.0 11:00pm   1.5  0.0  0.00  18  36  00:00     S  28.5 43.2
20   29.3  37.0 12:00am   28.2  8:00pm  31.8  0.0  0.00  11  21  00:00   NNW  28.8 86.9
21   31.6  50.0  5:00pm   18.1  7:00am  24.2  0.0  0.00   9  16  00:00   SSE  28.9 67.4
22   49.5  68.0  3:00pm   35.1  2:00am   6.2  0.0  0.00   9  16  00:00    SE  28.8 47.2
23   43.5  59.0  5:00pm   31.1  7:00am  13.7  0.0  0.00   7  14  00:00   SSE  27.7 61.5
24   42.5  59.0  4:00pm   34.0  9:00am  14.2  0.0  0.00   6  10  00:00     W  29.1 69.3
25   51.1  73.0  4:00pm   37.9  5:00am   2.9  0.0  0.00   6  12  00:00   SSE  29.0 46.8
26   55.4  73.0  1:00pm   42.1  6:00am   0.8  0.0  0.00   7  14  00:00     S  28.9 33.7
27   48.2  64.0  3:00pm   37.0  8:00am   8.9  0.0  0.00  13  25  00:00   SSE  29.2 47.2
28   54.6  75.9  2:00pm   37.9  1:00am   0.0  0.3  0.00  10  18  00:00     S  29.0 36.8
29   52.6  72.0  3:00pm   42.1 11:00pm   2.7  0.0  0.00   6  12  00:00   SSE  28.9 33.8
30   52.5  71.1  2:00pm   37.9  2:00am   3.2  0.0  0.00   7  14  00:00     S  28.9 36.2
31     53  68.0  2:00pm   41.0  6:00am   4.5  0.0  0.00   7  13  00:00   SSW  28.8 36.1