NOAA-Style Climate Reports

Select a Year or Month report
2018: Jan Feb Mar Apr May Jun Jul Aug Sep Oct Nov Dec
2017: Jan Feb Mar Apr May Jun Jul Aug Sep Oct Nov Dec
2016: Jan Feb Mar Apr May Jun Jul Aug Sep Oct Nov Dec
2015: Jan Feb Mar Apr May Jun Jul Aug Sep Oct Nov Dec
2014: Jan Feb Mar Apr May Jun Jul Aug Sep Oct Nov Dec
2013: Jan Feb Mar Apr May Jun Jul Aug Sep Oct Nov Dec
2012: Jan Feb Mar Apr May Jun Jul Aug Sep Oct Nov Dec
2011: Jan Feb Mar Apr May Jun Jul Aug Sep Oct Nov Dec
2010: Jan Feb Mar Apr May Jun Jul Aug Sep Oct Nov Dec
2009: Jan Feb Mar Apr May Jun Jul Aug Sep Oct Nov Dec
2008: Jan Feb Mar Apr May Jun Jul Aug Sep Oct Nov Dec
2007: Jan Feb Mar Apr May Jun Jul Aug Sep Oct Nov Dec
2006: Jan Feb Mar Apr May Jun Jul Aug Sep Oct Nov Dec
2005: Jan Feb Mar Apr May Jun Jul Aug Sep Oct Nov Dec
2004: Jan Feb Mar Apr May Jun Jul Aug Sep Oct Nov Dec
2003: Jan Feb Mar Apr May Jun Jul Aug Sep Oct Nov Dec
2002: Jan Feb Mar Apr May Jun Jul Aug Sep Oct Nov Dec
2001: Jan Feb Mar Apr May Jun Jul Aug Sep Oct Nov Dec
2000: Jan Feb Mar Apr May Jun Jul Aug Sep Oct Nov Dec
1999: Jan Feb Mar Apr May Jun Jul Aug Sep Oct Nov Dec
1998: Jan Feb Mar Apr May Jun Jul Aug Sep Oct Nov Dec
1997: Jan Feb Mar Apr May Jun Jul Aug Sep Oct Nov Dec
1996: Jan Feb Mar Apr May Jun Jul Aug Sep Oct Nov Dec
1995: Jan Feb Mar Apr May Jun Jul Aug Sep Oct Nov Dec
1994: Jan Feb Mar Apr May Jun Jul Aug Sep Oct Nov Dec
1993: Jan Feb Mar Apr May Jun Jul Aug Sep Oct Nov Dec
1992: Jan Feb Mar Apr May Jun Jul Aug Sep Oct Nov Dec
1991: Jan Feb Mar Apr May Jun Jul Aug Sep Oct Nov Dec
1990: Jan Feb Mar Apr May Jun Jul Aug Sep Oct Nov Dec
1989: Jan Feb Mar Apr May Jun Jul Aug Sep Oct Nov Dec
1988: Jan Feb Mar Apr May Jun Jul Aug Sep Oct Nov Dec
1987: Jan Feb Mar Apr May Jun Jul Aug Sep Oct Nov Dec
1986: Jan Feb Mar Apr May Jun Jul Aug Sep Oct Nov Dec

Report for 1990 November
                  MONTHLY CLIMATOLOGICAL SUMMARY FOR 11/1990
                                        HEAT  COOL        
     MEAN                               DEG   DEG       WIND SPEED       DOM MEAN  MEAN
DAY  TEMP  HIGH   TIME     LOW   TIME   DAYS  DAYS RAIN AVG  HI  TIME    DIR BAROM HUM
---------------------------------------------------------------------------------------
1    51.5  64.0  3:00pm   42.1 10:00pm   7.2  0.0  0.00  13  25  00:00   SSW  28.6 40.7
2    31.5  39.0 12:00am   26.2 10:00pm  29.7  0.0  0.00   9  17  00:00   SSE  28.7 84.3
3    23.3  26.2 12:00am   21.2 11:00pm  40.2  0.0  0.00   7  14  00:00   SSE  29.0 88.0
4    26.3  43.0  2:00pm   11.1  3:00am  30.3  0.0  0.00   7  14  00:00   SSE  28.9 69.4
5      38  52.0 12:00pm   31.1  8:00pm  20.0  0.0  0.00  10  18  00:00    SE  28.6 64.3
6    20.8  32.0 12:00pm    7.2 11:00pm  38.6  0.0  0.00  10  18  00:00   SSE  29.0 92.2
7    16.6  26.2 11:00am   10.2 12:00am  43.6  0.0  0.00   7  14  00:00     S  28.8 78.8
8    33.4  45.0  3:00pm   24.3  7:00am  25.8  0.0  0.00  14  28  00:00    SW  28.7 56.5
9    38.6  57.9  3:00pm   26.2  2:00am  16.7  0.0  0.00   6  12  00:00   SSW  28.9 53.8
10     45  64.9  2:00pm   32.0 12:00am  10.0  0.0  0.00   6  12  00:00     S  29.0 46.0
11   47.9  69.1  2:00pm   37.9 11:00pm   6.5  0.0  0.00   7  14  00:00     S  27.9 37.4
12     47  69.1  2:00pm   34.0  4:00am   6.9  0.0  0.00   7  14  00:00   SSE  29.2 39.6
13   46.1  69.1  2:00pm   32.0  5:00am   7.4  0.0  0.00   6  12  00:00   SSE  29.0 37.9
14   51.3  75.0  2:00pm   37.0  5:00am   1.8  0.0  0.00   7  14  00:00    SE  28.8 34.8
15   50.1  66.9 12:00pm   39.0  6:00am   6.5  0.0  0.00   7  14  00:00    SE  28.9 34.9
16   35.5  48.0  1:00pm   25.2  6:00am  23.2  0.0  0.00   7  13  00:00     S  29.2 68.6
17   48.7  66.0 12:00pm   37.9 12:00am   7.6  0.0  0.00   7  14  00:00     S  27.6 39.0
18   42.3  59.0  2:00pm   33.1  4:00am  14.3  0.0  0.00   7  14  00:00     S  28.8 53.7
19   44.8  62.1  2:00pm   32.0  4:00am  11.5  0.0  0.00  10  20  00:00     S  28.7 51.2
20   50.6  64.0 12:00pm   43.0 11:00pm   7.7  0.0  0.00  20  39  00:00   SSW  28.3 37.3
21   36.4  46.9  2:00pm   28.2  9:00pm  23.3  0.0  0.00  15  29  00:00   WNW  28.7 34.5
22     38  52.0  3:00pm   26.2  5:00am  20.0  0.0  0.00  19  37  00:00   WSW  28.8 33.6
23   44.7  61.0 12:00pm   32.0  6:00am  12.1  0.0  0.00  11  21  00:00     W  28.9 29.0
24   53.7  71.1  1:00pm   39.0 11:00pm   2.6  0.0  0.00  13  25  00:00    SW  28.7 16.5
25   53.4  73.9  1:00pm   37.9  2:00am   1.3  0.0  0.00  11  21  00:00    SW  28.5 17.3
26   41.3  57.9  1:00pm   19.2 11:20pm  15.4  0.0  0.00  19  37  00:00   SSE  28.3 39.2
27   18.7  24.3  1:00pm   15.3  5:00pm  43.5  0.0  0.00   7  14  00:00   WSW  28.5 77.9
28   21.1  31.1  2:00pm   14.2  6:00am  38.9  0.0  0.00  17  32  00:00   WNW  29.0 54.4
29   33.4  48.9  2:00pm   18.1  2:00am  23.8  0.0  0.00   9  16  00:00   SSE  29.1 46.8
30   42.7  55.9  2:00pm   31.1 10:00pm  15.7  0.0  0.00  10  20  00:00     S  28.5 31.3