NOAA-Style Climate Reports

Select a Year or Month report
2018: Jan Feb Mar Apr May Jun Jul Aug Sep Oct Nov Dec
2017: Jan Feb Mar Apr May Jun Jul Aug Sep Oct Nov Dec
2016: Jan Feb Mar Apr May Jun Jul Aug Sep Oct Nov Dec
2015: Jan Feb Mar Apr May Jun Jul Aug Sep Oct Nov Dec
2014: Jan Feb Mar Apr May Jun Jul Aug Sep Oct Nov Dec
2013: Jan Feb Mar Apr May Jun Jul Aug Sep Oct Nov Dec
2012: Jan Feb Mar Apr May Jun Jul Aug Sep Oct Nov Dec
2011: Jan Feb Mar Apr May Jun Jul Aug Sep Oct Nov Dec
2010: Jan Feb Mar Apr May Jun Jul Aug Sep Oct Nov Dec
2009: Jan Feb Mar Apr May Jun Jul Aug Sep Oct Nov Dec
2008: Jan Feb Mar Apr May Jun Jul Aug Sep Oct Nov Dec
2007: Jan Feb Mar Apr May Jun Jul Aug Sep Oct Nov Dec
2006: Jan Feb Mar Apr May Jun Jul Aug Sep Oct Nov Dec
2005: Jan Feb Mar Apr May Jun Jul Aug Sep Oct Nov Dec
2004: Jan Feb Mar Apr May Jun Jul Aug Sep Oct Nov Dec
2003: Jan Feb Mar Apr May Jun Jul Aug Sep Oct Nov Dec
2002: Jan Feb Mar Apr May Jun Jul Aug Sep Oct Nov Dec
2001: Jan Feb Mar Apr May Jun Jul Aug Sep Oct Nov Dec
2000: Jan Feb Mar Apr May Jun Jul Aug Sep Oct Nov Dec
1999: Jan Feb Mar Apr May Jun Jul Aug Sep Oct Nov Dec
1998: Jan Feb Mar Apr May Jun Jul Aug Sep Oct Nov Dec
1997: Jan Feb Mar Apr May Jun Jul Aug Sep Oct Nov Dec
1996: Jan Feb Mar Apr May Jun Jul Aug Sep Oct Nov Dec
1995: Jan Feb Mar Apr May Jun Jul Aug Sep Oct Nov Dec
1994: Jan Feb Mar Apr May Jun Jul Aug Sep Oct Nov Dec
1993: Jan Feb Mar Apr May Jun Jul Aug Sep Oct Nov Dec
1992: Jan Feb Mar Apr May Jun Jul Aug Sep Oct Nov Dec
1991: Jan Feb Mar Apr May Jun Jul Aug Sep Oct Nov Dec
1990: Jan Feb Mar Apr May Jun Jul Aug Sep Oct Nov Dec
1989: Jan Feb Mar Apr May Jun Jul Aug Sep Oct Nov Dec
1988: Jan Feb Mar Apr May Jun Jul Aug Sep Oct Nov Dec
1987: Jan Feb Mar Apr May Jun Jul Aug Sep Oct Nov Dec
1986: Jan Feb Mar Apr May Jun Jul Aug Sep Oct Nov Dec

Report for 1990 December
                  MONTHLY CLIMATOLOGICAL SUMMARY FOR 12/1990
                                        HEAT  COOL        
     MEAN                               DEG   DEG       WIND SPEED       DOM MEAN  MEAN
DAY  TEMP  HIGH   TIME     LOW   TIME   DAYS  DAYS RAIN AVG  HI  TIME    DIR BAROM HUM
---------------------------------------------------------------------------------------
1    27.5  37.9 11:00am   20.1  7:00am  32.3  0.0  0.00   7  13  00:00   WSW  28.9 70.4
2    21.6  32.0  1:00pm   15.3  2:00am  38.2  0.0  0.00  17  32  00:00   WNW  28.7 62.3
3      23  37.9  2:00pm   10.2  2:00am  34.5  0.0  0.00   7  14  00:00   SSE  29.1 47.2
4    41.6  62.1  2:00pm   31.1 12:00am  13.1  0.0  0.00   8  15  00:00   SSW  28.9 31.7
5    37.6  53.1 12:00pm   29.1 11:00pm  19.6  0.0  0.00  13  25  00:00     E  28.8 40.3
6    22.9  32.0  3:00pm   15.3  7:00am  37.5  0.0  0.00   7  14  00:00    SW  29.1 72.8
7    35.6  57.0  2:00pm   18.1 12:00am  18.7  0.0  0.00   7  14  00:00   SSE  29.0 47.0
8    37.9  57.9  1:00pm   26.2  2:00am  17.1  0.0  0.00   6  12  00:00     S  29.0 40.3
9    39.5  59.0  2:00pm   28.2  2:00am  15.7  0.0  0.00   6  12  00:00     S  29.0 40.5
10     43  64.9  2:00pm   29.1  6:00am  11.0  0.0  0.00   6  12  00:00     S  28.9 37.2
11   47.1  64.9  2:00pm   31.1  2:00am   9.0  0.0  0.00   7  14  00:00   SSW  28.7 28.6
12   33.4  41.0 11:00am   28.2  7:00pm  27.8  0.0  0.00   7  14  00:00   ESE  28.8 62.5
13   29.6  39.9 12:00pm   24.3  9:00pm  30.2  0.0  0.00   9  16  00:00     W  28.7 76.7
14     28  41.0 10:00am   22.1  6:00am  30.5  0.0  0.00  24  46  00:00     W  28.5 48.7
15   27.8  48.9  2:00pm   13.1  6:00am  26.6  0.0  0.00  16  31  00:00   SSW  28.8 33.0
16     36  45.0 12:00pm   32.0 10:00pm  24.5  0.0  0.00   8  15  00:00    SW  28.5 36.0
17   25.8  35.1  3:00pm   19.2  9:00pm  34.5  0.0  0.00   7  13  00:00    SE  28.6 72.7
18   32.3  45.0  1:00pm   23.2  9:00pm  26.3  0.0  0.00  19  37  00:00    SW  28.4 42.2
19   10.9  32.0  2:00am   -2.7 11:00pm  43.5  0.0  0.00   9  16  00:00     S  28.5 85.3
20   -9.4  -3.8 12:00am  -15.9 10:00pm  71.6  0.0  0.00   6  12  00:00    NE  28.5 90.5
21  -16.3 -11.7  2:00pm  -26.9  8:00am  79.0  0.0  0.00   6  12  00:00   ESE  28.7 87.2
22  -13.3  -2.7  3:00pm  -24.9  5:00am  73.0  0.0  0.00   5   9  00:00   SSE  28.5 88.0
23   -0.4  14.2  1:00pm  -14.8  6:00am  58.1  0.0  0.00   9  16  00:00    SE  28.8 66.8
24   18.2  30.2  2:00pm    3.2 12:00am  40.8  0.0  0.00   7  14  00:00   SSE  27.5 50.4
25    9.2  16.2 12:00pm    3.2  6:00pm  52.3  0.0  0.00   8  15  00:00   SSW  28.8 77.5
26   13.4  27.1  3:00pm    4.1 12:00am  44.7  0.0  0.00   7  14  00:00   SSE  28.7 61.3
27     28  48.0  3:00pm    7.2 12:00am  27.0  0.0  0.00  12  23  00:00     S  27.4 46.2
28     19  31.1 12:00am    0.1 11:00pm  39.9  0.0  0.00   7  14  00:00   SSE  28.3 64.2
29   -2.8   0.1 12:00am   -6.9  8:00pm  66.4  0.0  0.00   7  14  00:00    SE  28.6 87.1
30     18  37.9  2:00pm    1.2  5:00am  37.0  0.0  0.00   7  14  00:00    SE  28.8 61.3
31   30.5  52.0  2:00pm   17.2 12:00am  23.7  0.0  0.00  10  18  00:00   SSE  28.9 47.6