NOAA-Style Climate Reports

Select a Year or Month report
2018: Jan Feb Mar Apr May Jun Jul Aug Sep Oct Nov Dec
2017: Jan Feb Mar Apr May Jun Jul Aug Sep Oct Nov Dec
2016: Jan Feb Mar Apr May Jun Jul Aug Sep Oct Nov Dec
2015: Jan Feb Mar Apr May Jun Jul Aug Sep Oct Nov Dec
2014: Jan Feb Mar Apr May Jun Jul Aug Sep Oct Nov Dec
2013: Jan Feb Mar Apr May Jun Jul Aug Sep Oct Nov Dec
2012: Jan Feb Mar Apr May Jun Jul Aug Sep Oct Nov Dec
2011: Jan Feb Mar Apr May Jun Jul Aug Sep Oct Nov Dec
2010: Jan Feb Mar Apr May Jun Jul Aug Sep Oct Nov Dec
2009: Jan Feb Mar Apr May Jun Jul Aug Sep Oct Nov Dec
2008: Jan Feb Mar Apr May Jun Jul Aug Sep Oct Nov Dec
2007: Jan Feb Mar Apr May Jun Jul Aug Sep Oct Nov Dec
2006: Jan Feb Mar Apr May Jun Jul Aug Sep Oct Nov Dec
2005: Jan Feb Mar Apr May Jun Jul Aug Sep Oct Nov Dec
2004: Jan Feb Mar Apr May Jun Jul Aug Sep Oct Nov Dec
2003: Jan Feb Mar Apr May Jun Jul Aug Sep Oct Nov Dec
2002: Jan Feb Mar Apr May Jun Jul Aug Sep Oct Nov Dec
2001: Jan Feb Mar Apr May Jun Jul Aug Sep Oct Nov Dec
2000: Jan Feb Mar Apr May Jun Jul Aug Sep Oct Nov Dec
1999: Jan Feb Mar Apr May Jun Jul Aug Sep Oct Nov Dec
1998: Jan Feb Mar Apr May Jun Jul Aug Sep Oct Nov Dec
1997: Jan Feb Mar Apr May Jun Jul Aug Sep Oct Nov Dec
1996: Jan Feb Mar Apr May Jun Jul Aug Sep Oct Nov Dec
1995: Jan Feb Mar Apr May Jun Jul Aug Sep Oct Nov Dec
1994: Jan Feb Mar Apr May Jun Jul Aug Sep Oct Nov Dec
1993: Jan Feb Mar Apr May Jun Jul Aug Sep Oct Nov Dec
1992: Jan Feb Mar Apr May Jun Jul Aug Sep Oct Nov Dec
1991: Jan Feb Mar Apr May Jun Jul Aug Sep Oct Nov Dec
1990: Jan Feb Mar Apr May Jun Jul Aug Sep Oct Nov Dec
1989: Jan Feb Mar Apr May Jun Jul Aug Sep Oct Nov Dec
1988: Jan Feb Mar Apr May Jun Jul Aug Sep Oct Nov Dec
1987: Jan Feb Mar Apr May Jun Jul Aug Sep Oct Nov Dec
1986: Jan Feb Mar Apr May Jun Jul Aug Sep Oct Nov Dec

Report for 1991 January
                  MONTHLY CLIMATOLOGICAL SUMMARY FOR 1/1991
                                        HEAT  COOL        
     MEAN                               DEG   DEG       WIND SPEED       DOM MEAN  MEAN
DAY  TEMP  HIGH   TIME     LOW   TIME   DAYS  DAYS RAIN AVG  HI  TIME    DIR BAROM HUM
---------------------------------------------------------------------------------------
1    39.7  57.0  3:00pm   30.2 11:00pm  16.6  0.0  0.00  11  21  00:00     S  28.9 37.2
2    26.7  39.9  2:00am   14.2 10:00pm  31.7  0.0  0.00   8  15  00:00   WSW  28.8 59.6
3    16.6  23.2 11:00am   12.2  1:00am  45.1  0.0  0.00   5   9  00:00   SSW  29.0 83.0
4      21  28.2  4:00pm   16.2 12:00am  40.4  0.0  0.00   5   9  00:00   ESE  28.6 76.2
5    28.3  41.0  1:00pm   18.1 11:00pm  30.3  0.0  0.00   6  12  00:00    SW  28.8 66.2
6    25.4  44.1  1:00pm   13.1  7:00am  30.2  0.0  0.00   6  12  00:00    SW  28.9 62.4
7    31.6  52.0  2:00pm   17.2  5:00am  23.2  0.0  0.00   6  12  00:00   SSE  28.8 43.2
8    29.8  46.0 12:00pm   20.1  9:00pm  27.1  0.0  0.00  12  23  00:00   SSW  28.8 49.5
9    24.3  37.0 12:00pm   15.3  8:00am  34.3  0.0  0.00   6  12  00:00    SW  28.8 60.7
10   28.6  46.9  2:00pm   17.2  1:00am  27.2  0.0  0.00   6  12  00:00   SSE  28.8 58.3
11   28.9  44.1  2:00pm   20.1  4:00am  28.5  0.0  0.00   7  13  00:00     W  28.9 51.5
12   37.8  53.1  2:00pm   29.1  7:00am  19.5  0.0  0.00  17  32  00:00   WSW  28.9 39.7
13   38.6  48.9  1:00pm   31.1  8:00am  21.2  0.0  0.00   6  12  00:00    SW  28.7 42.9
14   30.9  39.9 12:00pm   19.2  8:00pm  29.6  0.0  0.00   9  17  00:00     S  28.8 62.3
15     30  42.1  3:00pm   22.1 12:00am  28.9  0.0  0.00   9  17  00:00    SE  28.6 54.8
16   24.9  32.0  1:00pm   14.2  9:00pm  36.5  0.0  0.00   7  14  00:00   WSW  29.0 84.2
17   24.3  37.0  2:00pm   14.2  3:00am  34.3  0.0  0.00   5   9  00:00   SSE  28.9 61.5
18   28.3  46.9  3:00pm   16.2  1:00am  27.4  0.0  0.00   7  14  00:00   SSE  28.9 60.8
19     31  44.1 12:00pm   15.3 11:00pm  27.4  0.0  0.00  15  29  00:00    SE  27.4 61.3
20   12.3  22.1  1:00pm    4.1  7:00am  47.8  0.0  0.00   6  12  00:00    SE  29.0 81.9
21   13.3  26.2  4:00pm    4.1  1:00am  45.2  0.0  0.00   7  13  00:00   SSE  28.9 76.9
22   21.8  32.0  1:00pm   13.1  6:00am  38.1  0.0  0.00   7  14  00:00    SE  28.6 58.2
23   15.5  25.2 11:00am    5.2  8:00pm  44.6  0.0  0.00   9  17  00:00   SSW  28.7 81.3
24   18.2  35.1  2:00pm    4.1  4:00am  38.3  0.0  0.00   9  16  00:00   SSE  28.7 65.8
25     10  20.1  4:00pm   -0.8  8:00am  49.9  0.0  0.00   7  14  00:00     S  28.9 84.0
26     18  37.0  5:25pm   -1.8  5:00am  37.5  0.0  0.00  11  21  00:00   SSW  28.7 65.2
27   24.8  35.1  2:00pm   16.2  8:00am  35.0  0.0  0.00  10  18  00:00     S  28.4 55.7
28   23.6  37.9 12:00pm    7.2 11:00pm  34.2  0.0  0.00  13  24  00:00    SW  28.5 58.8
29    5.2  20.1 10:00pm   -2.7  9:00am  52.3  0.0  0.00   9  16  00:00    SE  28.7 80.5
30   26.7  42.1  2:00pm   12.2  3:00am  30.6  0.0  0.00   7  14  00:00    SW  28.7 42.3
31   35.2  48.0  2:00pm   23.2  3:00am  23.4  0.0  0.00   9  17  00:00   SSW  29.0 38.3