NOAA-Style Climate Reports

Select a Year or Month report
2018: Jan Feb Mar Apr May Jun Jul Aug Sep Oct Nov Dec
2017: Jan Feb Mar Apr May Jun Jul Aug Sep Oct Nov Dec
2016: Jan Feb Mar Apr May Jun Jul Aug Sep Oct Nov Dec
2015: Jan Feb Mar Apr May Jun Jul Aug Sep Oct Nov Dec
2014: Jan Feb Mar Apr May Jun Jul Aug Sep Oct Nov Dec
2013: Jan Feb Mar Apr May Jun Jul Aug Sep Oct Nov Dec
2012: Jan Feb Mar Apr May Jun Jul Aug Sep Oct Nov Dec
2011: Jan Feb Mar Apr May Jun Jul Aug Sep Oct Nov Dec
2010: Jan Feb Mar Apr May Jun Jul Aug Sep Oct Nov Dec
2009: Jan Feb Mar Apr May Jun Jul Aug Sep Oct Nov Dec
2008: Jan Feb Mar Apr May Jun Jul Aug Sep Oct Nov Dec
2007: Jan Feb Mar Apr May Jun Jul Aug Sep Oct Nov Dec
2006: Jan Feb Mar Apr May Jun Jul Aug Sep Oct Nov Dec
2005: Jan Feb Mar Apr May Jun Jul Aug Sep Oct Nov Dec
2004: Jan Feb Mar Apr May Jun Jul Aug Sep Oct Nov Dec
2003: Jan Feb Mar Apr May Jun Jul Aug Sep Oct Nov Dec
2002: Jan Feb Mar Apr May Jun Jul Aug Sep Oct Nov Dec
2001: Jan Feb Mar Apr May Jun Jul Aug Sep Oct Nov Dec
2000: Jan Feb Mar Apr May Jun Jul Aug Sep Oct Nov Dec
1999: Jan Feb Mar Apr May Jun Jul Aug Sep Oct Nov Dec
1998: Jan Feb Mar Apr May Jun Jul Aug Sep Oct Nov Dec
1997: Jan Feb Mar Apr May Jun Jul Aug Sep Oct Nov Dec
1996: Jan Feb Mar Apr May Jun Jul Aug Sep Oct Nov Dec
1995: Jan Feb Mar Apr May Jun Jul Aug Sep Oct Nov Dec
1994: Jan Feb Mar Apr May Jun Jul Aug Sep Oct Nov Dec
1993: Jan Feb Mar Apr May Jun Jul Aug Sep Oct Nov Dec
1992: Jan Feb Mar Apr May Jun Jul Aug Sep Oct Nov Dec
1991: Jan Feb Mar Apr May Jun Jul Aug Sep Oct Nov Dec
1990: Jan Feb Mar Apr May Jun Jul Aug Sep Oct Nov Dec
1989: Jan Feb Mar Apr May Jun Jul Aug Sep Oct Nov Dec
1988: Jan Feb Mar Apr May Jun Jul Aug Sep Oct Nov Dec
1987: Jan Feb Mar Apr May Jun Jul Aug Sep Oct Nov Dec
1986: Jan Feb Mar Apr May Jun Jul Aug Sep Oct Nov Dec

Report for 1991 February
                  MONTHLY CLIMATOLOGICAL SUMMARY FOR 2/1991
                                        HEAT  COOL        
     MEAN                               DEG   DEG       WIND SPEED       DOM MEAN  MEAN
DAY  TEMP  HIGH   TIME     LOW   TIME   DAYS  DAYS RAIN AVG  HI  TIME    DIR BAROM HUM
---------------------------------------------------------------------------------------
1    37.3  51.1 12:00pm   30.2  8:00am  20.8  0.0  0.00   7  14  00:00     S  29.1 41.0
2      36  57.0  3:00pm   25.2  3:00am  18.5  0.0  0.00   6  12  00:00     S  28.9 46.7
3    35.6  52.0  1:00pm   25.2 12:00am  21.2  0.0  0.00   6  10  00:00   SSE  28.9 46.9
4    34.7  48.0  3:00pm   28.2  6:00am  23.6  0.0  0.00   6  12  00:00   SSE  29.1 57.7
5    36.6  55.0  3:00pm   24.3  6:00am  19.2  0.0  0.00   6  10  00:00   SSE  29.0 51.4
6    33.8  44.1  5:00pm   28.2  2:00am  26.0  0.0  0.00  10  18  00:00     W  29.2 63.6
7    37.1  57.0  4:00pm   27.1  5:00am  17.9  0.0  0.00   6  12  00:00    SE  29.0 62.5
8    37.3  48.9  2:00pm   28.2  7:00am  21.9  0.0  0.00   7  13  00:00   SSW  29.0 52.5
9      37  50.0  2:00pm   30.2  6:00am  21.5  0.0  0.00   7  13  00:00     S  29.0 49.5
10   37.1  53.1  3:00pm   27.1  3:00am  19.9  0.0  0.00   5   9  00:00   SSW  29.0 47.8
11   40.6  57.9  3:00pm   30.2  8:00am  15.7  0.0  0.00   7  14  00:00     S  28.9 37.6
12   40.7  55.0 12:00pm   28.2  6:00am  17.1  0.0  0.00  10  18  00:00   WSW  28.7 35.6
13   36.5  48.0  3:00pm   31.1  8:00am  22.7  0.0  0.00  17  32  00:00   SSW  28.7 50.1
14   33.4  51.1  2:00pm   25.2  5:00am  22.7  0.0  0.00  15  29  00:00     S  28.9 59.6
15   37.2  57.9  2:00pm   21.2  4:00am  17.4  0.0  0.00   8  15  00:00   SSE  28.7 59.0
16   44.9  55.9  2:00pm   32.0 12:00am  14.6  0.0  0.00   7  14  00:00   SSW  28.5 39.7
17   35.3  48.0  3:00pm   26.2 11:00pm  23.3  0.0  0.00  12  23  00:00   SSE  28.4 60.4
18   27.6  36.0 11:00am   20.1 11:00pm  33.2  0.0  0.00  15  29  00:00   SSW  28.7 60.3
19   30.8  44.1  2:00pm   19.2 12:00am  27.5  0.0  0.00   7  14  00:00     W  28.9 45.8
20   41.9  59.0  2:00pm   30.2 10:00pm  14.5  0.0  0.00  13  24  00:00     W  28.8 35.2
21   40.6  57.9  1:00pm   28.2  2:00am  15.7  0.0  0.00   9  17  00:00   SSW  28.9 33.7
22   39.8  60.1  3:00pm   26.2  3:00am  15.0  0.0  0.00   8  15  00:00   SSE  28.8 40.4
23   31.5  42.1 12:00am   21.2  9:00pm  28.2  0.0  0.00  13  25  00:00   SSW  28.8 56.8
24   22.1  27.1  1:00am   18.1  8:00pm  40.4  0.0  0.00  10  18  00:00   WSW  28.8 79.4
25   23.9  39.9  2:00pm    9.1  4:00am  33.1  0.0  0.00   9  17  00:00   SSE  28.8 60.5
26   32.4  44.1  3:00pm   17.2  6:00am  26.7  0.0  0.00   6  12  00:00    SE  28.1 70.1
27   41.2  54.0  3:00pm   35.1  7:00pm  17.4  0.0  0.00   7  14  00:00   WSW  27.9 49.9
28   42.9  57.0  2:00pm   33.1 12:00am  15.0  0.0  0.00  10  20  00:00   SSW  28.1 55.7