NOAA-Style Climate Reports

Select a Year or Month report
2018: Jan Feb Mar Apr May Jun Jul Aug Sep Oct Nov Dec
2017: Jan Feb Mar Apr May Jun Jul Aug Sep Oct Nov Dec
2016: Jan Feb Mar Apr May Jun Jul Aug Sep Oct Nov Dec
2015: Jan Feb Mar Apr May Jun Jul Aug Sep Oct Nov Dec
2014: Jan Feb Mar Apr May Jun Jul Aug Sep Oct Nov Dec
2013: Jan Feb Mar Apr May Jun Jul Aug Sep Oct Nov Dec
2012: Jan Feb Mar Apr May Jun Jul Aug Sep Oct Nov Dec
2011: Jan Feb Mar Apr May Jun Jul Aug Sep Oct Nov Dec
2010: Jan Feb Mar Apr May Jun Jul Aug Sep Oct Nov Dec
2009: Jan Feb Mar Apr May Jun Jul Aug Sep Oct Nov Dec
2008: Jan Feb Mar Apr May Jun Jul Aug Sep Oct Nov Dec
2007: Jan Feb Mar Apr May Jun Jul Aug Sep Oct Nov Dec
2006: Jan Feb Mar Apr May Jun Jul Aug Sep Oct Nov Dec
2005: Jan Feb Mar Apr May Jun Jul Aug Sep Oct Nov Dec
2004: Jan Feb Mar Apr May Jun Jul Aug Sep Oct Nov Dec
2003: Jan Feb Mar Apr May Jun Jul Aug Sep Oct Nov Dec
2002: Jan Feb Mar Apr May Jun Jul Aug Sep Oct Nov Dec
2001: Jan Feb Mar Apr May Jun Jul Aug Sep Oct Nov Dec
2000: Jan Feb Mar Apr May Jun Jul Aug Sep Oct Nov Dec
1999: Jan Feb Mar Apr May Jun Jul Aug Sep Oct Nov Dec
1998: Jan Feb Mar Apr May Jun Jul Aug Sep Oct Nov Dec
1997: Jan Feb Mar Apr May Jun Jul Aug Sep Oct Nov Dec
1996: Jan Feb Mar Apr May Jun Jul Aug Sep Oct Nov Dec
1995: Jan Feb Mar Apr May Jun Jul Aug Sep Oct Nov Dec
1994: Jan Feb Mar Apr May Jun Jul Aug Sep Oct Nov Dec
1993: Jan Feb Mar Apr May Jun Jul Aug Sep Oct Nov Dec
1992: Jan Feb Mar Apr May Jun Jul Aug Sep Oct Nov Dec
1991: Jan Feb Mar Apr May Jun Jul Aug Sep Oct Nov Dec
1990: Jan Feb Mar Apr May Jun Jul Aug Sep Oct Nov Dec
1989: Jan Feb Mar Apr May Jun Jul Aug Sep Oct Nov Dec
1988: Jan Feb Mar Apr May Jun Jul Aug Sep Oct Nov Dec
1987: Jan Feb Mar Apr May Jun Jul Aug Sep Oct Nov Dec
1986: Jan Feb Mar Apr May Jun Jul Aug Sep Oct Nov Dec

Report for 1991 March
                  MONTHLY CLIMATOLOGICAL SUMMARY FOR 3/1991
                                        HEAT  COOL        
     MEAN                               DEG   DEG       WIND SPEED       DOM MEAN  MEAN
DAY  TEMP  HIGH   TIME     LOW   TIME   DAYS  DAYS RAIN AVG  HI  TIME    DIR BAROM HUM
---------------------------------------------------------------------------------------
1    42.2  55.9 12:00pm   31.1  7:00am  15.9  0.0  0.00  15  29  00:00   SSW  26.8 49.1
2    33.6  42.1  4:00pm   33.1 11:00pm  27.1  0.0  0.00   6  10  00:00   NNE  26.1 68.4
3    45.7  59.0  4:00pm   33.1 12:00am  12.6  0.0  0.00  15  29  00:00     W  28.7 48.2
4    52.5  66.0  2:00pm   45.0  2:00am   5.7  0.0  0.00  15  29  00:00   WSW  28.5 41.2
5    39.5  52.0 12:00am   29.1 10:00pm  19.2  0.0  0.00  17  32  00:00   SSE  28.4 67.5
6      27  33.1  4:00pm   22.1  6:00am  34.9  0.0  0.00   9  16  00:00   SSE  27.4 76.0
7    27.2  37.9  4:00pm   22.1  1:00am  32.4  0.0  0.00  10  18  00:00   WNW  28.4 61.8
8    30.9  42.1  2:00pm   22.1 12:00am  28.5  0.0  0.00  18  35  00:00    NW  28.7 42.3
9    37.1  55.9  3:00pm   24.3 12:00am  18.5  0.0  0.00  15  29  00:00   SSW  28.9 29.8
10   49.3  66.0  3:00pm   41.0  1:00am   7.3  0.0  0.00  17  32  00:00     W  28.6 26.8
11   46.1  63.0  1:00pm   33.1 11:00pm  10.4  0.0  0.00  16  31  00:00     W  28.3 42.0
12     37  46.9  2:00pm   32.0  1:00am  23.0  0.0  0.00  13  25  00:00   WNW  27.8 70.9
13   36.3  46.0  2:00pm   29.1 10:00pm  23.8  0.0  0.00   7  14  00:00     S  28.0 55.0
14   31.3  43.0  3:00pm   27.1  7:00am  27.8  0.0  0.00  18  35  00:00   SSE  28.5 55.1
15     30  41.0  3:00pm   25.2  3:00am  29.5  0.0  0.00   8  15  00:00   SSW  28.6 69.4
16   27.6  34.0  2:00pm   23.2  4:00am  34.2  0.0  0.00   6  12  00:00   NNW  28.6 83.0
17   36.4  54.0  3:00pm   23.2 12:00am  19.8  0.0  0.00   9  17  00:00   SSW  28.8 51.4
18   41.6  60.1  2:00pm   26.2  2:00am  14.1  0.0  0.00  16  30  00:00    SE  28.8 37.3
19   42.2  57.0  1:00pm   33.1  6:00am  15.4  0.0  0.00  22  43  00:00   SSE  28.5 52.3
20   44.7  55.9  2:00pm   33.1 11:00pm  14.7  0.0  0.00  16  31  00:00   WNW  28.3 28.5
21   39.5  51.1  3:00pm   27.1  7:00am  19.7  0.0  0.00  12  22  00:00     S  28.2 42.4
22     38  50.0  2:00pm   31.1  5:00am  21.0  0.0  0.00  19  37  00:00    NW  28.4 59.9
23   41.1  57.0  3:00pm   27.1  5:00am  15.9  0.0  0.00   8  15  00:00   SSE  28.8 38.8
24   48.4  66.0  2:00pm   34.0  3:00am   7.8  0.0  0.00   9  17  00:00    SW  28.7 28.7
25   49.7  66.0  3:00pm   37.9  1:00am   7.1  0.0  0.00  15  29  00:00    SW  28.5 27.1
26     46  63.0  2:00pm   32.0 11:00pm  10.5  0.0  0.00  21  40  00:00    SW  28.3 47.1
27   33.6  46.0  4:00pm   25.2  6:00am  25.2  0.0  0.00  12  23  00:00     S  28.5 69.1
28   34.6  46.9  3:00pm   24.3  6:00am  24.2  0.0  0.00   7  14  00:00   SSE  28.6 51.4
29   30.1  41.0 11:00am   24.3 10:00pm  29.4  0.0  0.00  18  35  00:00     S  28.6 70.5
30     33  50.0  4:00pm   17.2  5:00am  23.5  0.0  0.00   7  14  00:00     S  29.0 59.4
31   43.7  62.1  3:00pm   26.2  3:00am  12.1  0.0  0.00   9  17  00:00     S  29.0 42.3