NOAA-Style Climate Reports

Select a Year or Month report
2018: Jan Feb Mar Apr May Jun Jul Aug Sep Oct Nov Dec
2017: Jan Feb Mar Apr May Jun Jul Aug Sep Oct Nov Dec
2016: Jan Feb Mar Apr May Jun Jul Aug Sep Oct Nov Dec
2015: Jan Feb Mar Apr May Jun Jul Aug Sep Oct Nov Dec
2014: Jan Feb Mar Apr May Jun Jul Aug Sep Oct Nov Dec
2013: Jan Feb Mar Apr May Jun Jul Aug Sep Oct Nov Dec
2012: Jan Feb Mar Apr May Jun Jul Aug Sep Oct Nov Dec
2011: Jan Feb Mar Apr May Jun Jul Aug Sep Oct Nov Dec
2010: Jan Feb Mar Apr May Jun Jul Aug Sep Oct Nov Dec
2009: Jan Feb Mar Apr May Jun Jul Aug Sep Oct Nov Dec
2008: Jan Feb Mar Apr May Jun Jul Aug Sep Oct Nov Dec
2007: Jan Feb Mar Apr May Jun Jul Aug Sep Oct Nov Dec
2006: Jan Feb Mar Apr May Jun Jul Aug Sep Oct Nov Dec
2005: Jan Feb Mar Apr May Jun Jul Aug Sep Oct Nov Dec
2004: Jan Feb Mar Apr May Jun Jul Aug Sep Oct Nov Dec
2003: Jan Feb Mar Apr May Jun Jul Aug Sep Oct Nov Dec
2002: Jan Feb Mar Apr May Jun Jul Aug Sep Oct Nov Dec
2001: Jan Feb Mar Apr May Jun Jul Aug Sep Oct Nov Dec
2000: Jan Feb Mar Apr May Jun Jul Aug Sep Oct Nov Dec
1999: Jan Feb Mar Apr May Jun Jul Aug Sep Oct Nov Dec
1998: Jan Feb Mar Apr May Jun Jul Aug Sep Oct Nov Dec
1997: Jan Feb Mar Apr May Jun Jul Aug Sep Oct Nov Dec
1996: Jan Feb Mar Apr May Jun Jul Aug Sep Oct Nov Dec
1995: Jan Feb Mar Apr May Jun Jul Aug Sep Oct Nov Dec
1994: Jan Feb Mar Apr May Jun Jul Aug Sep Oct Nov Dec
1993: Jan Feb Mar Apr May Jun Jul Aug Sep Oct Nov Dec
1992: Jan Feb Mar Apr May Jun Jul Aug Sep Oct Nov Dec
1991: Jan Feb Mar Apr May Jun Jul Aug Sep Oct Nov Dec
1990: Jan Feb Mar Apr May Jun Jul Aug Sep Oct Nov Dec
1989: Jan Feb Mar Apr May Jun Jul Aug Sep Oct Nov Dec
1988: Jan Feb Mar Apr May Jun Jul Aug Sep Oct Nov Dec
1987: Jan Feb Mar Apr May Jun Jul Aug Sep Oct Nov Dec
1986: Jan Feb Mar Apr May Jun Jul Aug Sep Oct Nov Dec

Report for 1991 April
                  MONTHLY CLIMATOLOGICAL SUMMARY FOR 4/1991
                                        HEAT  COOL        
     MEAN                               DEG   DEG       WIND SPEED       DOM MEAN  MEAN
DAY  TEMP  HIGH   TIME     LOW   TIME   DAYS  DAYS RAIN AVG  HI  TIME    DIR BAROM HUM
---------------------------------------------------------------------------------------
1    50.4  68.0  3:00pm   39.0 12:00am   5.8  0.0  0.00  12  23  00:00     S  28.8 31.6
2      42  50.0  3:00am   34.0 10:00pm  19.0  0.0  0.00   9  16  00:00     S  28.7 64.8
3      43  59.0 12:00pm   32.0  1:00am  14.0  0.0  0.00   9  17  00:00   SSE  28.9 64.2
4    50.3  69.1  4:00pm   36.0  3:00am   5.3  0.0  0.00   7  14  00:00   SSE  29.0 39.2
5      57  77.0  4:00pm   41.0  6:00am   0.0  2.0  0.00   6  12  00:00   SSW  28.9 29.5
6    61.3  79.0  1:00pm   50.0  6:00am   0.0  5.2  0.00   9  17  00:00    SW  28.6 20.6
7    47.1  59.0 12:00am   37.0 12:00am  11.9  0.0  0.00   9  17  00:00   ESE  27.5 45.6
8    35.7  44.1  2:00pm   31.1 10:00pm  25.1  0.0  0.00   9  17  00:00    SE  28.8 79.8
9    38.1  52.0  4:00pm   29.1  7:00am  19.9  0.0  0.00  10  20  00:00   SSW  28.9 45.2
10   47.2  62.1 12:00pm   34.0  2:00am  10.3  0.0  0.00  16  30  00:00    SW  28.1 37.0
11     34  43.0 12:00am   30.2  7:00am  26.5  0.0  0.00  10  18  00:00    SW  28.4 76.2
12   27.6  32.0  4:00am   24.3 11:00pm  35.2  0.0  0.00   9  17  00:00   WSW  26.3 88.4
13   26.9  39.0  3:00pm   14.2  6:00am  32.0  0.0  0.00  11  21  00:00   SSE  28.7 74.2
14   36.3  50.0  3:00pm   27.1  3:00am  21.8  0.0  0.00  11  21  00:00    SW  28.7 58.4
15     47  64.0  3:00pm   30.2  7:00am   9.5  0.0  0.00   9  17  00:00    SW  28.7 40.7
16   41.9  55.0  4:00pm   31.1  7:00am  16.5  0.0  0.00  10  21  00:00    SW  28.7 63.6
17   42.7  57.9  3:00pm   34.0  6:00am  14.7  0.0  0.00   9  16  00:00    SW  28.7 69.9
18   40.3  48.9  3:00am   37.0 11:00pm  20.4  0.0  0.00   9  17  00:00    SW  28.7 81.6
19   38.3  48.0  5:00pm   28.2  7:00am  21.8  0.0  0.00   8  16  00:00     E  28.9 76.7
20   43.7  55.9  2:00pm   35.1  6:00am  15.2  0.0  0.00   7  14  00:00     W  28.9 68.1
21   40.7  50.0  2:00pm   37.0  8:00pm  19.6  0.0  0.00  12  23  00:00   WSW  27.5 81.1
22   42.2  55.9  3:00pm   35.1  5:00am  15.9  0.0  0.00  12  22  00:00   WSW  28.7 64.7
23     44  55.9  2:00pm   37.9  4:00am  15.0  0.0  0.00  10  20  00:00   SSE  28.6 57.9
24   48.4  63.0  5:00pm   39.0 12:00am   9.3  0.0  0.00   9  17  00:00   SSW  28.7 48.8
25   53.2  69.1  1:00pm   39.9  5:00am   3.8  0.0  0.00  18  35  00:00   SSW  28.4 36.0
26   42.6  54.0 12:00am   37.9  9:00pm  16.7  0.0  0.00  19  37  00:00   NNW  28.4 38.2
27   37.4  46.9 12:00pm   27.1  5:00am  22.8  0.0  0.00   9  17  00:00   WSW  28.5 42.0
28   39.2  51.1  1:00pm   30.2  6:00am  19.8  0.0  0.00  18  35  00:00   WNW  28.6 51.1
29     39  52.0  3:00pm   33.1  2:00am  19.5  0.0  0.00  15  29  00:00     S  28.6 63.7
30   34.3  46.0  6:00pm   31.1  7:00am  24.8  0.0  0.00   7  14  00:00    SE  28.8 76.6