NOAA-Style Climate Reports

Select a Year or Month report
2018: Jan Feb Mar Apr May Jun Jul Aug Sep Oct Nov Dec
2017: Jan Feb Mar Apr May Jun Jul Aug Sep Oct Nov Dec
2016: Jan Feb Mar Apr May Jun Jul Aug Sep Oct Nov Dec
2015: Jan Feb Mar Apr May Jun Jul Aug Sep Oct Nov Dec
2014: Jan Feb Mar Apr May Jun Jul Aug Sep Oct Nov Dec
2013: Jan Feb Mar Apr May Jun Jul Aug Sep Oct Nov Dec
2012: Jan Feb Mar Apr May Jun Jul Aug Sep Oct Nov Dec
2011: Jan Feb Mar Apr May Jun Jul Aug Sep Oct Nov Dec
2010: Jan Feb Mar Apr May Jun Jul Aug Sep Oct Nov Dec
2009: Jan Feb Mar Apr May Jun Jul Aug Sep Oct Nov Dec
2008: Jan Feb Mar Apr May Jun Jul Aug Sep Oct Nov Dec
2007: Jan Feb Mar Apr May Jun Jul Aug Sep Oct Nov Dec
2006: Jan Feb Mar Apr May Jun Jul Aug Sep Oct Nov Dec
2005: Jan Feb Mar Apr May Jun Jul Aug Sep Oct Nov Dec
2004: Jan Feb Mar Apr May Jun Jul Aug Sep Oct Nov Dec
2003: Jan Feb Mar Apr May Jun Jul Aug Sep Oct Nov Dec
2002: Jan Feb Mar Apr May Jun Jul Aug Sep Oct Nov Dec
2001: Jan Feb Mar Apr May Jun Jul Aug Sep Oct Nov Dec
2000: Jan Feb Mar Apr May Jun Jul Aug Sep Oct Nov Dec
1999: Jan Feb Mar Apr May Jun Jul Aug Sep Oct Nov Dec
1998: Jan Feb Mar Apr May Jun Jul Aug Sep Oct Nov Dec
1997: Jan Feb Mar Apr May Jun Jul Aug Sep Oct Nov Dec
1996: Jan Feb Mar Apr May Jun Jul Aug Sep Oct Nov Dec
1995: Jan Feb Mar Apr May Jun Jul Aug Sep Oct Nov Dec
1994: Jan Feb Mar Apr May Jun Jul Aug Sep Oct Nov Dec
1993: Jan Feb Mar Apr May Jun Jul Aug Sep Oct Nov Dec
1992: Jan Feb Mar Apr May Jun Jul Aug Sep Oct Nov Dec
1991: Jan Feb Mar Apr May Jun Jul Aug Sep Oct Nov Dec
1990: Jan Feb Mar Apr May Jun Jul Aug Sep Oct Nov Dec
1989: Jan Feb Mar Apr May Jun Jul Aug Sep Oct Nov Dec
1988: Jan Feb Mar Apr May Jun Jul Aug Sep Oct Nov Dec
1987: Jan Feb Mar Apr May Jun Jul Aug Sep Oct Nov Dec
1986: Jan Feb Mar Apr May Jun Jul Aug Sep Oct Nov Dec

Report for 1991 May
                  MONTHLY CLIMATOLOGICAL SUMMARY FOR 5/1991
                                        HEAT  COOL        
     MEAN                               DEG   DEG       WIND SPEED       DOM MEAN  MEAN
DAY  TEMP  HIGH   TIME     LOW   TIME   DAYS  DAYS RAIN AVG  HI  TIME    DIR BAROM HUM
---------------------------------------------------------------------------------------
1    43.6  63.0  4:00pm   29.1  5:00am  11.7  0.0  0.00   6  12  00:00   SSE  28.8 55.2
2    40.7  53.1  3:00pm   35.1  6:00am  18.1  0.0  0.00  12  23  00:00    NW  28.6 59.6
3    42.7  59.0  3:00pm   29.1  4:00am  14.1  0.0  0.00  12  23  00:00   SSE  28.6 60.0
4    36.9  44.1  1:25pm   33.1 10:00pm  24.5  0.0  0.00  10  18  00:00    SE  28.9 88.1
5    40.8  57.0  4:00pm   32.0 12:00am  16.1  0.0  0.00  16  31  00:00     W  29.0 67.0
6    49.3  64.0  2:00pm   35.1  6:00am   8.3  0.0  0.00  10  18  00:00   SSE  28.9 49.9
7    49.2  63.0  2:00pm   43.0  3:00am   8.9  0.0  0.00   7  13  00:00     S  28.8 62.7
8    57.2  75.9  5:00pm   39.9  5:00am   0.0  1.6  0.00  21  41  00:00   SSE  28.8 47.2
9    62.4  79.0  5:00pm   48.9  5:00am   0.0  5.7  0.00  20  38  00:00   SSE  28.6 34.3
10   64.3  82.0  4:00pm   48.9  5:00am   0.0  8.2  0.00  25  50  00:00     S  28.5 33.9
11   65.3  81.0  3:00pm   52.0  6:00am   0.0  8.2  0.00  22  43  00:00     S  28.7 40.5
12   55.8  68.0  6:00pm   45.0  6:00am   3.1  0.0  0.00   9  16  00:00    SW  28.8 27.5
13   56.1  77.0  3:00pm   34.0  4:00am   0.0  1.6  0.00  22  43  00:00   SSE  28.7 29.5
14   61.7  80.1  2:00pm   45.0  5:00am   0.0  5.9  0.00  17  33  00:00     S  28.5 33.0
15   50.7  63.0  1:00am   42.1  2:00pm   8.1  0.0  0.00  15  29  00:00    SW  28.5 58.0
16   45.8  57.9  4:00pm   42.1  7:00am  13.1  0.0  0.00  12  23  00:00     W  28.8 81.8
17   51.2  64.0  4:00pm   42.1  5:00am   7.4  0.0  0.00   8  15  00:00   SSE  28.9 69.5
18   60.3  77.0  7:00pm   52.0  2:00am   0.0  3.7  0.00  25  48  00:00   SSE  28.8 56.3
19   62.7  82.9  3:00pm   55.9  1:00am   0.0  7.8  0.00  21  40  00:00   SSE  28.9 52.3
20   58.9  71.1 11:00am   54.0  9:00pm   0.0  0.0  0.00  12  23  00:00   SSW  28.8 54.3
21   60.3  77.0  3:00pm   53.1 12:00am   0.0  3.7  0.00  11  21  00:00     S  28.7 50.6
22   56.6  77.0  5:00pm   50.0  5:00am   0.0  1.8  0.00  12  23  00:00   WSW  28.7 64.3
23   51.5  62.1  2:00pm   48.9  3:00am   8.2  0.0  0.00  12  23  00:00   SSE  27.7 80.4
24   51.1  62.1  6:00pm   46.0  6:00am   8.4  0.0  0.00  11  22  00:00   WSW  28.9 74.3
25   56.9  73.9  4:00pm   42.1  6:00am   0.0  0.4  0.00   9  17  00:00   SSE  28.8 59.4
26   58.8  73.9  1:00pm   46.9  6:00am   0.0  1.4  0.00  15  29  00:00   SSE  28.7 59.0
27   56.5  75.0  5:00pm   48.9  7:00am   0.0  0.8  0.00  13  25  00:00   SSW  28.8 70.3
28   58.2  73.9  4:00pm   50.0  2:00am   0.0  1.1  0.00  15  29  00:00     S  28.8 70.3
29   57.2  75.0  3:00pm   45.0  5:00am   0.0  1.1  0.00  13  25  00:00     S  28.8 58.0
30   59.2  79.0  3:00pm   45.0  5:00am   0.0  4.1  0.00  11  21  00:00    SW  28.4 48.7
31   55.9  68.0  2:00pm   53.1  4:00am   3.0  0.0  0.00   8  15  00:00   WSW  28.6 69.2