NOAA-Style Climate Reports

Select a Year or Month report
2018: Jan Feb Mar Apr May Jun Jul Aug Sep Oct Nov Dec
2017: Jan Feb Mar Apr May Jun Jul Aug Sep Oct Nov Dec
2016: Jan Feb Mar Apr May Jun Jul Aug Sep Oct Nov Dec
2015: Jan Feb Mar Apr May Jun Jul Aug Sep Oct Nov Dec
2014: Jan Feb Mar Apr May Jun Jul Aug Sep Oct Nov Dec
2013: Jan Feb Mar Apr May Jun Jul Aug Sep Oct Nov Dec
2012: Jan Feb Mar Apr May Jun Jul Aug Sep Oct Nov Dec
2011: Jan Feb Mar Apr May Jun Jul Aug Sep Oct Nov Dec
2010: Jan Feb Mar Apr May Jun Jul Aug Sep Oct Nov Dec
2009: Jan Feb Mar Apr May Jun Jul Aug Sep Oct Nov Dec
2008: Jan Feb Mar Apr May Jun Jul Aug Sep Oct Nov Dec
2007: Jan Feb Mar Apr May Jun Jul Aug Sep Oct Nov Dec
2006: Jan Feb Mar Apr May Jun Jul Aug Sep Oct Nov Dec
2005: Jan Feb Mar Apr May Jun Jul Aug Sep Oct Nov Dec
2004: Jan Feb Mar Apr May Jun Jul Aug Sep Oct Nov Dec
2003: Jan Feb Mar Apr May Jun Jul Aug Sep Oct Nov Dec
2002: Jan Feb Mar Apr May Jun Jul Aug Sep Oct Nov Dec
2001: Jan Feb Mar Apr May Jun Jul Aug Sep Oct Nov Dec
2000: Jan Feb Mar Apr May Jun Jul Aug Sep Oct Nov Dec
1999: Jan Feb Mar Apr May Jun Jul Aug Sep Oct Nov Dec
1998: Jan Feb Mar Apr May Jun Jul Aug Sep Oct Nov Dec
1997: Jan Feb Mar Apr May Jun Jul Aug Sep Oct Nov Dec
1996: Jan Feb Mar Apr May Jun Jul Aug Sep Oct Nov Dec
1995: Jan Feb Mar Apr May Jun Jul Aug Sep Oct Nov Dec
1994: Jan Feb Mar Apr May Jun Jul Aug Sep Oct Nov Dec
1993: Jan Feb Mar Apr May Jun Jul Aug Sep Oct Nov Dec
1992: Jan Feb Mar Apr May Jun Jul Aug Sep Oct Nov Dec
1991: Jan Feb Mar Apr May Jun Jul Aug Sep Oct Nov Dec
1990: Jan Feb Mar Apr May Jun Jul Aug Sep Oct Nov Dec
1989: Jan Feb Mar Apr May Jun Jul Aug Sep Oct Nov Dec
1988: Jan Feb Mar Apr May Jun Jul Aug Sep Oct Nov Dec
1987: Jan Feb Mar Apr May Jun Jul Aug Sep Oct Nov Dec
1986: Jan Feb Mar Apr May Jun Jul Aug Sep Oct Nov Dec

Report for 1991 July
                  MONTHLY CLIMATOLOGICAL SUMMARY FOR 7/1991
                                        HEAT  COOL        
     MEAN                               DEG   DEG       WIND SPEED       DOM MEAN  MEAN
DAY  TEMP  HIGH   TIME     LOW   TIME   DAYS  DAYS RAIN AVG  HI  TIME    DIR BAROM HUM
---------------------------------------------------------------------------------------
1    65.8  84.9  6:00pm   54.0  4:00am   0.0 10.4  0.00  17  32  00:00   SSE  28.9 42.1
2    65.1  81.0  4:00pm   57.0  5:00am   0.0  8.1  0.00   7  13  00:00     S  29.0 50.6
3    64.4  80.1  6:00pm   54.0  5:00am   0.0  7.3  0.00   7  14  00:00    SE  27.8 58.0
4    70.8  89.1  6:00pm   54.0  6:00am   0.0 15.0  0.00   7  13  00:00   SSW  29.0 35.0
5    75.7  93.9  4:00pm   62.1  3:00am   0.0 19.8  0.00   9  17  00:00   SSW  28.8 22.8
6    73.8  91.0  2:00pm   62.1  2:00am   0.0 17.4  0.00  12  23  00:00   WSW  28.8 26.3
7    66.4  77.0  2:00pm   62.1  5:00am   0.0  6.7  0.00  13  25  00:00    SW  29.0 48.7
8    63.8  82.0  3:00pm   57.9  5:00am   0.0  7.9  0.00  16  30  00:00     S  28.9 64.5
9    65.1  81.0  2:00pm   57.0  4:00am   0.0  8.1  0.00  18  35  00:00    SE  28.8 60.5
10     65  80.1  2:00pm   55.0  5:00am   0.0  7.6  0.00  12  23  00:00   SSW  28.9 63.2
11   64.7  77.0  2:00pm   59.0  6:00am   0.0  5.9  0.00   7  14  00:00   WSW  28.9 57.4
12   62.5  82.9  2:00pm   55.0  5:00am   0.0  7.7  0.00  12  23  00:00   SSE  29.0 62.3
13     64  81.0  5:00pm   52.0  6:00am   0.0  7.5  0.00   9  17  00:00     S  29.1 59.6
14   67.8  84.9  3:00pm   54.0  6:00am   0.0 11.4  0.00  15  29  00:00   SSE  29.0 51.2
15   71.6  91.0  3:00pm   55.9  6:00am   0.0 16.3  0.00  10  21  00:00   SSE  28.9 41.5
16   71.7  90.0  4:00pm   57.9  5:00am   0.0 15.9  0.00  10  18  00:00   SSE  29.0 42.9
17   73.3  91.9  4:00pm   59.0  5:00am   0.0 17.6  0.00  11  21  00:00    SW  28.9 39.3
18   70.8  88.0  3:00pm   64.0  3:00am   0.0 14.4  0.00  12  23  00:00   SSE  28.9 48.0
19   65.2  82.9  2:00pm   55.9  5:00am   0.0  9.1  0.00   9  17  00:00   SSE  28.8 62.5
20   66.6  86.0  2:00pm   61.0  5:00am   0.0 11.3  0.00  15  29  00:00   SSW  28.9 60.1
21     67  82.0  2:00pm   61.0  5:00am   0.0  9.5  0.00   7  14  00:00     W  29.0 58.5
22   61.3  75.9  2:00pm   55.0 11:00pm   0.0  3.6  0.00  16  31  00:00   WNW  29.1 71.2
23   53.7  60.1  3:00pm   54.0  7:00am   8.1  0.0  0.00   6  12  00:00   SSE  29.2 92.2
24   55.2  63.0 12:00pm   54.0 11:00pm   5.9  0.0  0.00   6  12  00:00     S  29.0 83.1
25   57.7  70.0 12:00pm   52.0  1:00am   1.1  0.0  0.00  12  23  00:00     S  29.0 74.1
26   59.6  77.0  3:00pm   50.0  6:00am   0.0  3.3  0.00  20  38  00:00     S  28.9 63.9
27     65  80.1  5:00pm   55.0  1:00am   0.0  7.6  0.00   9  16  00:00    SE  29.1 51.3
28     69  88.0  4:00pm   55.0  5:00am   0.0 13.5  0.00   8  15  00:00    SE  29.1 46.3
29   71.6  90.0  4:00pm   54.0  4:00am   0.0 15.8  0.00   9  17  00:00   SSE  29.0 36.8
30     72  87.1 12:00pm   66.0 10:00pm   0.0 14.6  0.00   8  15  00:00    SW  29.0 34.8
31   70.6  89.1  3:00pm   55.9  6:00am   0.0 14.9  0.00   9  17  00:00   SSW  28.9 40.5