NOAA-Style Climate Reports

Select a Year or Month report
2018: Jan Feb Mar Apr May Jun Jul Aug Sep Oct Nov Dec
2017: Jan Feb Mar Apr May Jun Jul Aug Sep Oct Nov Dec
2016: Jan Feb Mar Apr May Jun Jul Aug Sep Oct Nov Dec
2015: Jan Feb Mar Apr May Jun Jul Aug Sep Oct Nov Dec
2014: Jan Feb Mar Apr May Jun Jul Aug Sep Oct Nov Dec
2013: Jan Feb Mar Apr May Jun Jul Aug Sep Oct Nov Dec
2012: Jan Feb Mar Apr May Jun Jul Aug Sep Oct Nov Dec
2011: Jan Feb Mar Apr May Jun Jul Aug Sep Oct Nov Dec
2010: Jan Feb Mar Apr May Jun Jul Aug Sep Oct Nov Dec
2009: Jan Feb Mar Apr May Jun Jul Aug Sep Oct Nov Dec
2008: Jan Feb Mar Apr May Jun Jul Aug Sep Oct Nov Dec
2007: Jan Feb Mar Apr May Jun Jul Aug Sep Oct Nov Dec
2006: Jan Feb Mar Apr May Jun Jul Aug Sep Oct Nov Dec
2005: Jan Feb Mar Apr May Jun Jul Aug Sep Oct Nov Dec
2004: Jan Feb Mar Apr May Jun Jul Aug Sep Oct Nov Dec
2003: Jan Feb Mar Apr May Jun Jul Aug Sep Oct Nov Dec
2002: Jan Feb Mar Apr May Jun Jul Aug Sep Oct Nov Dec
2001: Jan Feb Mar Apr May Jun Jul Aug Sep Oct Nov Dec
2000: Jan Feb Mar Apr May Jun Jul Aug Sep Oct Nov Dec
1999: Jan Feb Mar Apr May Jun Jul Aug Sep Oct Nov Dec
1998: Jan Feb Mar Apr May Jun Jul Aug Sep Oct Nov Dec
1997: Jan Feb Mar Apr May Jun Jul Aug Sep Oct Nov Dec
1996: Jan Feb Mar Apr May Jun Jul Aug Sep Oct Nov Dec
1995: Jan Feb Mar Apr May Jun Jul Aug Sep Oct Nov Dec
1994: Jan Feb Mar Apr May Jun Jul Aug Sep Oct Nov Dec
1993: Jan Feb Mar Apr May Jun Jul Aug Sep Oct Nov Dec
1992: Jan Feb Mar Apr May Jun Jul Aug Sep Oct Nov Dec
1991: Jan Feb Mar Apr May Jun Jul Aug Sep Oct Nov Dec
1990: Jan Feb Mar Apr May Jun Jul Aug Sep Oct Nov Dec
1989: Jan Feb Mar Apr May Jun Jul Aug Sep Oct Nov Dec
1988: Jan Feb Mar Apr May Jun Jul Aug Sep Oct Nov Dec
1987: Jan Feb Mar Apr May Jun Jul Aug Sep Oct Nov Dec
1986: Jan Feb Mar Apr May Jun Jul Aug Sep Oct Nov Dec

Report for 1991 August
                  MONTHLY CLIMATOLOGICAL SUMMARY FOR 8/1991
                                        HEAT  COOL        
     MEAN                               DEG   DEG       WIND SPEED       DOM MEAN  MEAN
DAY  TEMP  HIGH   TIME     LOW   TIME   DAYS  DAYS RAIN AVG  HI  TIME    DIR BAROM HUM
---------------------------------------------------------------------------------------
1    70.4  88.0  1:00pm   63.0  6:00am   0.0 14.2  0.00   9  16  00:00   SSW  28.9 45.9
2    63.1  79.0  3:00pm   55.9  5:00am   0.0  6.1  0.00  12  23  00:00   SSE  29.0 68.3
3    56.5  60.1 12:00am   55.9  4:00pm   6.7  0.0  0.00   6  12  00:00   SSW  29.2 88.1
4    59.9  70.0  4:00pm   55.0  5:00am   0.0  0.0  0.00   7  14  00:00   SSW  29.0 76.0
5    64.4  82.0  4:00pm   55.0  4:00am   0.0  8.2  0.00  18  35  00:00   SSE  28.9 63.2
6    65.3  81.0  2:00pm   57.9  6:00am   0.0  8.2  0.00  14  28  00:00     S  28.8 57.8
7    64.7  81.0  3:00pm   55.0  4:00am   0.0  7.9  0.00   8  15  00:00   WSW  29.0 54.4
8    65.1  80.1  3:00pm   54.0  4:00am   0.0  7.6  0.00   9  17  00:00   WSW  29.1 55.2
9    63.5  79.0  2:00pm   57.0  5:00am   0.0  6.3  0.00  12  23  00:00   SSE  29.1 57.2
10   63.5  82.0  4:00pm   54.0  5:00am   0.0  7.8  0.00   9  16  00:00   SSW  28.9 53.1
11   66.4  84.0  2:00pm   53.1  5:00am   0.0 10.2  0.00   7  14  00:00     S  28.9 51.0
12   59.9  66.9  2:00pm   59.0 11:00pm   1.6  0.0  0.00   9  17  00:00     W  29.0 79.8
13   59.9  73.9  4:00pm   55.9  4:00am   0.0  1.9  0.00   9  16  00:00    SE  29.1 80.2
14   65.5  86.0  5:00pm   51.1  5:00am   0.0 10.8  0.00   8  15  00:00    SE  29.0 58.6
15   66.9  84.0  4:00pm   59.0  4:00am   0.0 10.5  0.00   9  16  00:00   SSE  28.9 54.8
16   65.3  80.1  3:00pm   57.0  6:00am   0.0  7.7  0.00  15  29  00:00     S  28.9 59.0
17   63.9  81.0  4:00pm   54.0  5:00am   0.0  7.5  0.00   6  12  00:00     S  29.1 64.8
18   62.6  79.0  4:00pm   55.0  4:00am   0.0  5.8  0.00   8  15  00:00    SW  29.0 66.9
19   62.5  75.9  5:00pm   57.0  4:00am   0.0  4.2  0.00   7  13  00:00   WSW  29.0 59.6
20   63.4  78.1  3:00pm   53.1  3:00am   0.0  5.8  0.00  10  18  00:00     W  28.9 55.2
21   67.6  84.9  3:00pm   57.9  6:00am   0.0 11.3  0.00   9  17  00:00    SW  29.0 43.6
22   69.3  87.1  1:00pm   60.1 12:00am   0.0 13.2  0.00  12  23  00:00   WSW  29.0 38.0
23   70.3  86.0  3:00pm   60.1  7:00am   0.0 13.2  0.00  12  23  00:00   WSW  29.0 36.9
24     71  87.1  1:00pm   62.1  2:00am   0.0 14.1  0.00   9  17  00:00   WSW  29.0 36.6
25   70.2  90.0  4:00pm   55.0  7:00am   0.0 15.1  0.00   9  17  00:00   WSW  29.0 41.7
26   71.6  88.0  3:00pm   62.1  6:00am   0.0 14.8  0.00  13  25  00:00    SW  28.9 41.1
27   68.9  87.1  2:00pm   60.1  5:00am   0.0 13.0  0.00  13  25  00:00   SSW  28.9 52.0
28     64  82.9  1:00pm   57.9 11:00pm   0.0  8.5  0.00   9  16  00:00    SW  28.8 64.0
29     65  82.0  3:00pm   54.0  5:00am   0.0  8.5  0.00   9  17  00:00    SW  29.1 58.4
30   65.7  82.9  3:00pm   54.0  5:00am   0.0  9.3  0.00   7  14  00:00    SE  29.1 52.1
31   64.1  80.1  4:00pm   52.0  5:00am   0.0  7.1  0.00  11  21  00:00    SE  29.1 49.7