NOAA-Style Climate Reports

Select a Year or Month report
2018: Jan Feb Mar Apr May Jun Jul Aug Sep Oct Nov Dec
2017: Jan Feb Mar Apr May Jun Jul Aug Sep Oct Nov Dec
2016: Jan Feb Mar Apr May Jun Jul Aug Sep Oct Nov Dec
2015: Jan Feb Mar Apr May Jun Jul Aug Sep Oct Nov Dec
2014: Jan Feb Mar Apr May Jun Jul Aug Sep Oct Nov Dec
2013: Jan Feb Mar Apr May Jun Jul Aug Sep Oct Nov Dec
2012: Jan Feb Mar Apr May Jun Jul Aug Sep Oct Nov Dec
2011: Jan Feb Mar Apr May Jun Jul Aug Sep Oct Nov Dec
2010: Jan Feb Mar Apr May Jun Jul Aug Sep Oct Nov Dec
2009: Jan Feb Mar Apr May Jun Jul Aug Sep Oct Nov Dec
2008: Jan Feb Mar Apr May Jun Jul Aug Sep Oct Nov Dec
2007: Jan Feb Mar Apr May Jun Jul Aug Sep Oct Nov Dec
2006: Jan Feb Mar Apr May Jun Jul Aug Sep Oct Nov Dec
2005: Jan Feb Mar Apr May Jun Jul Aug Sep Oct Nov Dec
2004: Jan Feb Mar Apr May Jun Jul Aug Sep Oct Nov Dec
2003: Jan Feb Mar Apr May Jun Jul Aug Sep Oct Nov Dec
2002: Jan Feb Mar Apr May Jun Jul Aug Sep Oct Nov Dec
2001: Jan Feb Mar Apr May Jun Jul Aug Sep Oct Nov Dec
2000: Jan Feb Mar Apr May Jun Jul Aug Sep Oct Nov Dec
1999: Jan Feb Mar Apr May Jun Jul Aug Sep Oct Nov Dec
1998: Jan Feb Mar Apr May Jun Jul Aug Sep Oct Nov Dec
1997: Jan Feb Mar Apr May Jun Jul Aug Sep Oct Nov Dec
1996: Jan Feb Mar Apr May Jun Jul Aug Sep Oct Nov Dec
1995: Jan Feb Mar Apr May Jun Jul Aug Sep Oct Nov Dec
1994: Jan Feb Mar Apr May Jun Jul Aug Sep Oct Nov Dec
1993: Jan Feb Mar Apr May Jun Jul Aug Sep Oct Nov Dec
1992: Jan Feb Mar Apr May Jun Jul Aug Sep Oct Nov Dec
1991: Jan Feb Mar Apr May Jun Jul Aug Sep Oct Nov Dec
1990: Jan Feb Mar Apr May Jun Jul Aug Sep Oct Nov Dec
1989: Jan Feb Mar Apr May Jun Jul Aug Sep Oct Nov Dec
1988: Jan Feb Mar Apr May Jun Jul Aug Sep Oct Nov Dec
1987: Jan Feb Mar Apr May Jun Jul Aug Sep Oct Nov Dec
1986: Jan Feb Mar Apr May Jun Jul Aug Sep Oct Nov Dec

Report for 1991 September
                  MONTHLY CLIMATOLOGICAL SUMMARY FOR 9/1991
                                        HEAT  COOL        
     MEAN                               DEG   DEG       WIND SPEED       DOM MEAN  MEAN
DAY  TEMP  HIGH   TIME     LOW   TIME   DAYS  DAYS RAIN AVG  HI  TIME    DIR BAROM HUM
---------------------------------------------------------------------------------------
1    65.2  82.9  2:00pm   55.9  7:00am   0.0  9.1  0.00   9  17  00:00   SSE  28.9 46.9
2    65.7  81.0  1:00pm   54.0  6:00am   0.0  8.4  0.00   9  17  00:00   SSW  29.0 51.0
3    64.3  73.9 10:00am   57.0  6:00am   0.0  4.1  0.00  11  21  00:00     W  27.9 52.3
4    64.2  81.0  2:00pm   57.0  4:00am   0.0  7.6  0.00  13  25  00:00     S  29.1 57.0
5    63.3  80.1  4:00pm   51.1  6:00am   0.0  6.7  0.00  15  29  00:00   SSW  28.9 50.8
6    62.7  77.0 12:00pm   53.1  6:00am   0.0  4.9  0.00  15  29  00:00   SSE  28.9 59.9
7    63.9  82.9  3:00pm   57.0  4:00am   0.0  8.4  0.00  11  21  00:00   SSW  28.8 54.0
8      65  81.0  3:00pm   55.0  1:00am   0.0  8.0  0.00   9  17  00:00     W  28.8 41.8
9    60.9  79.0  2:00pm   46.0  7:00am   0.0  5.0  0.00  18  35  00:00   SSE  29.0 52.8
10   61.4  75.0  4:00pm   57.0 11:00pm   0.0  3.2  0.00  18  35  00:00   SSW  29.0 66.7
11   62.1  79.0  3:00pm   54.0  7:00am   0.0  5.6  0.00   7  14  00:00   SSW  28.9 60.6
12   58.2  72.0  2:00pm   51.1  6:00am   0.0  0.1  0.00   7  13  00:00   SSE  28.9 67.1
13   56.9  75.9  3:00pm   48.0  7:00am   0.0  1.4  0.00  12  23  00:00   WSW  28.8 58.9
14   58.1  77.0  4:00pm   48.0  7:00am   0.0  2.6  0.00  18  35  00:00     S  28.7 42.1
15   51.7  66.0  3:00pm   46.0  8:00am   6.1  0.0  0.00  10  20  00:00    SE  29.0 55.3
16   52.3  73.9  5:00pm   39.0  5:00am   1.9  0.0  0.00   7  13  00:00   SSE  29.0 54.7
17   50.9  64.9  3:00pm   41.0  6:00am   7.1  0.0  0.00  10  20  00:00    SE  29.0 55.3
18   40.1  46.9 12:00am   37.9  5:00am  21.5  0.0  0.00   8  15  00:00   ESE  29.1 83.8
19     48  69.1  4:00pm   33.1  7:00am   6.4  0.0  0.00   7  14  00:00     S  29.1 63.2
20   56.8  78.1  5:00pm   41.0  4:00am   0.0  2.5  0.00   9  16  00:00   SSW  28.9 48.8
21   64.9  82.9  5:00pm   51.1 11:00pm   0.0  8.9  0.00  12  23  00:00     W  28.7 32.2
22   45.3  59.0  5:00pm   37.0  7:00am  12.8  0.0  0.00   9  17  00:00     E  29.1 58.0
23     52  75.9  3:00pm   37.9  7:00am   1.0  0.0  0.00  22  44  00:00   SSE  29.1 41.8
24   47.4  64.9  4:00pm   33.1  7:00am   8.8  0.0  0.00   7  14  00:00   SSW  29.1 46.1
25   54.1  72.0  5:00pm   39.0  6:00am   1.9  0.0  0.00   8  15  00:00   SSE  29.1 40.1
26   56.6  77.0  4:00pm   42.1  3:00am   0.0  1.8  0.00   7  14  00:00   SSE  29.0 38.3
27   58.6  75.9  2:00pm   45.0  4:00am   0.0  2.3  0.00   8  15  00:00   SSW  28.9 33.3
28   62.2  81.0  2:00pm   53.1  6:00am   0.0  6.6  0.00  10  18  00:00   SSE  28.9 33.6
29   61.3  80.1  3:00pm   53.1  2:00am   0.0  5.7  0.00   7  14  00:00   WSW  29.0 43.5
30   49.5  55.9  6:00pm   48.9 11:00pm  12.3  0.0  0.00   7  13  00:00     S  29.1 88.3