NOAA-Style Climate Reports

Select a Year or Month report
2018: Jan Feb Mar Apr May Jun Jul Aug Sep Oct Nov Dec
2017: Jan Feb Mar Apr May Jun Jul Aug Sep Oct Nov Dec
2016: Jan Feb Mar Apr May Jun Jul Aug Sep Oct Nov Dec
2015: Jan Feb Mar Apr May Jun Jul Aug Sep Oct Nov Dec
2014: Jan Feb Mar Apr May Jun Jul Aug Sep Oct Nov Dec
2013: Jan Feb Mar Apr May Jun Jul Aug Sep Oct Nov Dec
2012: Jan Feb Mar Apr May Jun Jul Aug Sep Oct Nov Dec
2011: Jan Feb Mar Apr May Jun Jul Aug Sep Oct Nov Dec
2010: Jan Feb Mar Apr May Jun Jul Aug Sep Oct Nov Dec
2009: Jan Feb Mar Apr May Jun Jul Aug Sep Oct Nov Dec
2008: Jan Feb Mar Apr May Jun Jul Aug Sep Oct Nov Dec
2007: Jan Feb Mar Apr May Jun Jul Aug Sep Oct Nov Dec
2006: Jan Feb Mar Apr May Jun Jul Aug Sep Oct Nov Dec
2005: Jan Feb Mar Apr May Jun Jul Aug Sep Oct Nov Dec
2004: Jan Feb Mar Apr May Jun Jul Aug Sep Oct Nov Dec
2003: Jan Feb Mar Apr May Jun Jul Aug Sep Oct Nov Dec
2002: Jan Feb Mar Apr May Jun Jul Aug Sep Oct Nov Dec
2001: Jan Feb Mar Apr May Jun Jul Aug Sep Oct Nov Dec
2000: Jan Feb Mar Apr May Jun Jul Aug Sep Oct Nov Dec
1999: Jan Feb Mar Apr May Jun Jul Aug Sep Oct Nov Dec
1998: Jan Feb Mar Apr May Jun Jul Aug Sep Oct Nov Dec
1997: Jan Feb Mar Apr May Jun Jul Aug Sep Oct Nov Dec
1996: Jan Feb Mar Apr May Jun Jul Aug Sep Oct Nov Dec
1995: Jan Feb Mar Apr May Jun Jul Aug Sep Oct Nov Dec
1994: Jan Feb Mar Apr May Jun Jul Aug Sep Oct Nov Dec
1993: Jan Feb Mar Apr May Jun Jul Aug Sep Oct Nov Dec
1992: Jan Feb Mar Apr May Jun Jul Aug Sep Oct Nov Dec
1991: Jan Feb Mar Apr May Jun Jul Aug Sep Oct Nov Dec
1990: Jan Feb Mar Apr May Jun Jul Aug Sep Oct Nov Dec
1989: Jan Feb Mar Apr May Jun Jul Aug Sep Oct Nov Dec
1988: Jan Feb Mar Apr May Jun Jul Aug Sep Oct Nov Dec
1987: Jan Feb Mar Apr May Jun Jul Aug Sep Oct Nov Dec
1986: Jan Feb Mar Apr May Jun Jul Aug Sep Oct Nov Dec

Report for 1991 October
                  MONTHLY CLIMATOLOGICAL SUMMARY FOR 10/1991
                                        HEAT  COOL        
     MEAN                               DEG   DEG       WIND SPEED       DOM MEAN  MEAN
DAY  TEMP  HIGH   TIME     LOW   TIME   DAYS  DAYS RAIN AVG  HI  TIME    DIR BAROM HUM
---------------------------------------------------------------------------------------
1    57.2  77.0  5:00pm   44.1  2:00am   0.0  2.1  0.00   6  10  00:00   SSW  28.9 52.6
2    60.2  75.9  4:00pm   52.0 12:00am   0.0  3.1  0.00  11  21  00:00     S  28.8 37.3
3    59.1  78.1  3:00pm   44.1 11:00pm   0.0  3.6  0.00  24  46  00:00    SW  28.6 35.7
4    34.4  42.1 12:00am   31.1  9:00am  26.7  0.0  0.00  18  35  00:00   WNW  29.0 84.0
5    37.7  55.9  4:00pm   27.1  6:00am  18.2  0.0  0.00   9  17  00:00    SE  29.0 65.4
6    45.4  69.1  3:00pm   31.1  5:00am   7.7  0.0  0.00   7  14  00:00    SE  29.0 50.3
7    55.8  78.1  3:00pm   36.0  6:00am   0.0  2.0  0.00   6  12  00:00     S  29.0 32.9
8    62.2  78.1  2:00pm   50.0  1:00am   0.0  5.2  0.00   9  17  00:00    SW  28.9 25.3
9    55.2  73.0  3:00pm   45.0  7:00am   0.9  0.0  0.00   7  13  00:00    SE  29.2 36.7
10   57.6  78.1  3:00pm   42.1  1:00am   0.0  2.9  0.00   6  12  00:00   SSE  28.0 32.8
11   57.2  77.0  4:00pm   45.0  5:00am   0.0  2.1  0.00   7  13  00:00     S  29.0 31.2
12   62.4  82.0  3:00pm   48.9  1:00am   0.0  7.2  0.00   9  17  00:00   SSW  28.9 26.6
13   53.2  62.1  2:00pm   45.0  9:00pm   7.3  0.0  0.00  12  23  00:00    SE  28.9 36.5
14   47.7  68.0  3:00pm   33.1  6:00am   7.1  0.0  0.00   6  12  00:00   ESE  29.0 45.2
15   56.1  77.0  4:00pm   39.0  6:00am   0.0  1.6  0.00   7  13  00:00    SE  28.9 33.9
16   63.2  86.0  4:00pm   50.0  8:00am   0.0  9.6  0.00   9  17  00:00     S  28.7 21.0
17   65.7  81.0  3:00pm   54.0 11:00pm   0.0  8.4  0.00  12  23  00:00   SSW  28.7 18.7
18   41.8  54.0  3:00pm   31.1  7:00am  17.1  0.0  0.00  11  21  00:00   WSW  29.1 48.5
19   48.1  64.9  3:00pm   35.1  6:00am   8.5  0.0  0.00   9  17  00:00    SE  29.0 37.6
20   46.1  64.9  3:00pm   33.1  7:00am   9.5  0.0  0.00   9  16  00:00   WNW  28.9 42.9
21   51.6  72.0  4:00pm   37.0  6:00am   3.2  0.0  0.00   6  12  00:00   SSW  28.7 36.6
22   55.2  72.0  3:00pm   43.0  7:00am   1.4  0.0  0.00   6  12  00:00   SSW  28.6 28.1
23   45.3  60.1  1:00pm   36.0  8:00am  12.3  0.0  0.00  14  27  00:00   SSW  28.6 52.0
24   37.2  50.0  1:00pm   32.0  8:20am  21.4  0.0  0.00  13  24  00:00    SW  28.7 77.7
25   37.9  54.0  4:00pm   28.2  8:00am  19.0  0.0  0.00  12  23  00:00   SSE  28.7 71.0
26   43.8  63.0  4:00pm   31.1  7:00am  11.6  0.0  0.00  15  29  00:00     S  28.6 53.6
27   52.2  68.0  2:00pm   36.0 10:00pm   4.9  0.0  0.00  16  31  00:00     S  27.0 35.8
28   19.3  30.2 12:00am   10.2 11:00pm  40.2  0.0  0.00   8  15  00:00   WNW  28.2 91.1
29   12.8  23.2  2:00pm    1.2  5:00am  47.0  0.0  0.00   7  13  00:00   SSW  28.9 88.6
30   12.3  16.2 12:00am    7.2  8:00pm  50.7  0.0  0.00   7  14  00:00     W  29.0 94.3
31   17.8  28.2  2:00pm    8.2 12:00am  42.0  0.0  0.00  15  29  00:00     W  28.9 79.6