NOAA-Style Climate Reports

Select a Year or Month report
2018: Jan Feb Mar Apr May Jun Jul Aug Sep Oct Nov Dec
2017: Jan Feb Mar Apr May Jun Jul Aug Sep Oct Nov Dec
2016: Jan Feb Mar Apr May Jun Jul Aug Sep Oct Nov Dec
2015: Jan Feb Mar Apr May Jun Jul Aug Sep Oct Nov Dec
2014: Jan Feb Mar Apr May Jun Jul Aug Sep Oct Nov Dec
2013: Jan Feb Mar Apr May Jun Jul Aug Sep Oct Nov Dec
2012: Jan Feb Mar Apr May Jun Jul Aug Sep Oct Nov Dec
2011: Jan Feb Mar Apr May Jun Jul Aug Sep Oct Nov Dec
2010: Jan Feb Mar Apr May Jun Jul Aug Sep Oct Nov Dec
2009: Jan Feb Mar Apr May Jun Jul Aug Sep Oct Nov Dec
2008: Jan Feb Mar Apr May Jun Jul Aug Sep Oct Nov Dec
2007: Jan Feb Mar Apr May Jun Jul Aug Sep Oct Nov Dec
2006: Jan Feb Mar Apr May Jun Jul Aug Sep Oct Nov Dec
2005: Jan Feb Mar Apr May Jun Jul Aug Sep Oct Nov Dec
2004: Jan Feb Mar Apr May Jun Jul Aug Sep Oct Nov Dec
2003: Jan Feb Mar Apr May Jun Jul Aug Sep Oct Nov Dec
2002: Jan Feb Mar Apr May Jun Jul Aug Sep Oct Nov Dec
2001: Jan Feb Mar Apr May Jun Jul Aug Sep Oct Nov Dec
2000: Jan Feb Mar Apr May Jun Jul Aug Sep Oct Nov Dec
1999: Jan Feb Mar Apr May Jun Jul Aug Sep Oct Nov Dec
1998: Jan Feb Mar Apr May Jun Jul Aug Sep Oct Nov Dec
1997: Jan Feb Mar Apr May Jun Jul Aug Sep Oct Nov Dec
1996: Jan Feb Mar Apr May Jun Jul Aug Sep Oct Nov Dec
1995: Jan Feb Mar Apr May Jun Jul Aug Sep Oct Nov Dec
1994: Jan Feb Mar Apr May Jun Jul Aug Sep Oct Nov Dec
1993: Jan Feb Mar Apr May Jun Jul Aug Sep Oct Nov Dec
1992: Jan Feb Mar Apr May Jun Jul Aug Sep Oct Nov Dec
1991: Jan Feb Mar Apr May Jun Jul Aug Sep Oct Nov Dec
1990: Jan Feb Mar Apr May Jun Jul Aug Sep Oct Nov Dec
1989: Jan Feb Mar Apr May Jun Jul Aug Sep Oct Nov Dec
1988: Jan Feb Mar Apr May Jun Jul Aug Sep Oct Nov Dec
1987: Jan Feb Mar Apr May Jun Jul Aug Sep Oct Nov Dec
1986: Jan Feb Mar Apr May Jun Jul Aug Sep Oct Nov Dec

Report for 1991 November
                  MONTHLY CLIMATOLOGICAL SUMMARY FOR 11/1991
                                        HEAT  COOL        
     MEAN                               DEG   DEG       WIND SPEED       DOM MEAN  MEAN
DAY  TEMP  HIGH   TIME     LOW   TIME   DAYS  DAYS RAIN AVG  HI  TIME    DIR BAROM HUM
---------------------------------------------------------------------------------------
1    15.1  22.1 12:00am    7.2 10:00pm  46.4  0.0  0.00   9  16  00:00   ESE  28.9 90.5
2     3.8  12.2  1:00pm   -3.8  7:00am  57.0  0.0  0.00   7  14  00:00   ESE  29.1 83.3
3    18.8  36.0  2:00pm    0.1 12:00am  37.6  0.0  0.00   6  12  00:00   SSE  29.0 63.5
4    34.2  48.9  3:00pm   18.1  4:00am  23.4  0.0  0.00   7  14  00:00     S  28.7 55.4
5      42  48.9  1:00am   36.0  9:00pm  19.5  0.0  0.00  15  29  00:00   SSW  28.8 60.0
6    35.1  54.0 11:00am   28.2  7:00pm  20.4  0.0  0.00  15  29  00:00   SSE  28.7 76.2
7    31.5  44.1  3:00pm   26.2  7:00am  27.2  0.0  0.00   6  12  00:00   SSE  29.1 81.8
8    42.3  66.0  2:00pm   26.2  4:00am  10.8  0.0  0.00   8  15  00:00    SE  29.0 50.1
9      50  64.0 12:00pm   39.9 12:00am   8.0  0.0  0.00  10  20  00:00     S  28.9 48.0
10   39.1  46.9 11:00am   37.0  5:00am  22.0  0.0  0.00  12  23  00:00   SSW  28.9 85.7
11   37.9  48.0  3:00pm   34.0  8:00pm  22.0  0.0  0.00   9  16  00:00   SSE  29.0 69.8
12   49.8  70.0  2:00pm   34.0  6:00am   5.1  0.0  0.00   9  16  00:00     S  29.0 27.9
13   46.6  69.1  2:00pm   33.1  6:00am   7.1  0.0  0.00   8  15  00:00   SSE  28.7 30.4
14   38.7  46.0 12:00am   31.1 11:00pm  22.6  0.0  0.00   9  16  00:00    SE  28.5 55.1
15   28.8  31.1 12:00am   29.1  4:00am  35.0  0.0  0.00   7  13  00:00   ENE  28.8 89.8
16   28.5  30.2 12:00am   29.1  6:00am  35.6  0.0  0.00   6  10  00:00     W  28.7 88.3
17   33.3  46.0  4:00pm   29.1 12:00am  25.3  0.0  0.00  18  35  00:00     W  28.5 78.2
18   32.9  39.0  1:00pm   30.2 12:00am  29.0  0.0  0.00   9  17  00:00   WSW  28.5 82.1
19   26.6  34.0 12:00am   17.2  6:00pm  34.7  0.0  0.00  15  29  00:00     N  28.9 79.7
20   33.4  46.0  4:00pm   17.2  3:00am  25.3  0.0  0.00   9  17  00:00     S  28.9 60.0
21   34.8  46.9  1:00pm   26.2 11:00pm  24.1  0.0  0.00  10  18  00:00   ESE  28.7 67.7
22     22  27.1 12:00am   19.2  8:00am  40.4  0.0  0.00   7  14  00:00    SW  29.0 86.1
23   19.1  31.1  3:00pm   10.2  6:00am  39.9  0.0  0.00  14  27  00:00     W  29.1 59.5
24     25  41.0  3:00pm   12.2  1:00am  32.0  0.0  0.00   9  16  00:00   SSE  28.9 63.6
25     29  39.0  1:00pm   20.1 12:00am  31.0  0.0  0.00   8  15  00:00   SSE  28.8 68.7
26   35.5  48.0  2:00am   26.2  9:00pm  23.2  0.0  0.00  12  23  00:00   SSW  28.8 63.4
27   41.4  57.9  1:00pm   31.1 12:00am  15.3  0.0  0.00  12  23  00:00    SW  28.6 47.1
28   28.8  32.0  9:00am   28.2  2:00am  34.6  0.0  0.00   6  12  00:00   SSE  28.6 89.0
29   23.4  29.1 12:00am   14.2 11:00pm  38.7  0.0  0.00  12  23  00:00   SSW  28.5 89.4
30    8.6  14.2 12:00am    0.1  7:00pm  53.6  0.0  0.00   9  17  00:00    SE  28.9 90.3