NOAA-Style Climate Reports

Select a Year or Month report
2018: Jan Feb Mar Apr May Jun Jul Aug Sep Oct Nov Dec
2017: Jan Feb Mar Apr May Jun Jul Aug Sep Oct Nov Dec
2016: Jan Feb Mar Apr May Jun Jul Aug Sep Oct Nov Dec
2015: Jan Feb Mar Apr May Jun Jul Aug Sep Oct Nov Dec
2014: Jan Feb Mar Apr May Jun Jul Aug Sep Oct Nov Dec
2013: Jan Feb Mar Apr May Jun Jul Aug Sep Oct Nov Dec
2012: Jan Feb Mar Apr May Jun Jul Aug Sep Oct Nov Dec
2011: Jan Feb Mar Apr May Jun Jul Aug Sep Oct Nov Dec
2010: Jan Feb Mar Apr May Jun Jul Aug Sep Oct Nov Dec
2009: Jan Feb Mar Apr May Jun Jul Aug Sep Oct Nov Dec
2008: Jan Feb Mar Apr May Jun Jul Aug Sep Oct Nov Dec
2007: Jan Feb Mar Apr May Jun Jul Aug Sep Oct Nov Dec
2006: Jan Feb Mar Apr May Jun Jul Aug Sep Oct Nov Dec
2005: Jan Feb Mar Apr May Jun Jul Aug Sep Oct Nov Dec
2004: Jan Feb Mar Apr May Jun Jul Aug Sep Oct Nov Dec
2003: Jan Feb Mar Apr May Jun Jul Aug Sep Oct Nov Dec
2002: Jan Feb Mar Apr May Jun Jul Aug Sep Oct Nov Dec
2001: Jan Feb Mar Apr May Jun Jul Aug Sep Oct Nov Dec
2000: Jan Feb Mar Apr May Jun Jul Aug Sep Oct Nov Dec
1999: Jan Feb Mar Apr May Jun Jul Aug Sep Oct Nov Dec
1998: Jan Feb Mar Apr May Jun Jul Aug Sep Oct Nov Dec
1997: Jan Feb Mar Apr May Jun Jul Aug Sep Oct Nov Dec
1996: Jan Feb Mar Apr May Jun Jul Aug Sep Oct Nov Dec
1995: Jan Feb Mar Apr May Jun Jul Aug Sep Oct Nov Dec
1994: Jan Feb Mar Apr May Jun Jul Aug Sep Oct Nov Dec
1993: Jan Feb Mar Apr May Jun Jul Aug Sep Oct Nov Dec
1992: Jan Feb Mar Apr May Jun Jul Aug Sep Oct Nov Dec
1991: Jan Feb Mar Apr May Jun Jul Aug Sep Oct Nov Dec
1990: Jan Feb Mar Apr May Jun Jul Aug Sep Oct Nov Dec
1989: Jan Feb Mar Apr May Jun Jul Aug Sep Oct Nov Dec
1988: Jan Feb Mar Apr May Jun Jul Aug Sep Oct Nov Dec
1987: Jan Feb Mar Apr May Jun Jul Aug Sep Oct Nov Dec
1986: Jan Feb Mar Apr May Jun Jul Aug Sep Oct Nov Dec

Report for 1991 December
                  MONTHLY CLIMATOLOGICAL SUMMARY FOR 12/1991
                                        HEAT  COOL        
     MEAN                               DEG   DEG       WIND SPEED       DOM MEAN  MEAN
DAY  TEMP  HIGH   TIME     LOW   TIME   DAYS  DAYS RAIN AVG  HI  TIME    DIR BAROM HUM
---------------------------------------------------------------------------------------
1      10  17.2  2:00pm    4.1  9:00pm  51.4  0.0  0.00   7  14  00:00     S  28.8 80.0
2    18.9  34.0 12:00pm    6.3  4:00am  38.5  0.0  0.00   7  14  00:00   SSE  28.6 68.8
3      22  37.0  1:00pm    7.2  4:00am  35.5  0.0  0.00   8  15  00:00     S  28.8 62.0
4    31.9  45.0  4:00pm   22.1 12:00am  26.5  0.0  0.00   9  17  00:00     S  28.8 60.6
5    31.5  39.0 11:00am   26.2  9:00pm  29.7  0.0  0.00  12  23  00:00   SSE  28.8 63.0
6    39.2  48.0 10:00am   26.2 12:00am  21.4  0.0  0.00   9  17  00:00     S  28.6 49.1
7    37.2  50.0  3:00pm   30.2  4:00am  21.4  0.0  0.00   6  12  00:00   SSE  28.5 49.3
8    29.1  37.9  2:00pm   22.1 11:00pm  31.5  0.0  0.00   7  13  00:00   SSE  28.8 71.7
9    28.8  41.0  2:00pm   21.2  8:00am  30.1  0.0  0.00  10  18  00:00   SSE  28.9 67.1
10   31.2  39.9  1:00pm   24.3  2:00am  29.4  0.0  0.00   9  16  00:00   SSE  28.8 57.8
11   27.1  32.0  1:00pm   22.1  4:00am  35.4  0.0  0.00  12  23  00:00     S  27.3 78.0
12   28.1  37.0 11:00pm   21.2  6:00am  32.4  0.0  0.00  13  24  00:00   SSE  28.6 68.6
13   30.3  39.0 12:00am   14.2 11:00pm  30.3  0.0  0.00  20  39  00:00   WNW  28.9 48.4
14     26  48.0  3:00pm   12.2  3:00am  28.0  0.0  0.00  10  18  00:00     S  29.0 57.5
15   28.1  43.0 12:00pm   20.1  4:00am  29.4  0.0  0.00  10  18  00:00     S  29.1 56.6
16   41.7  59.0 12:00pm   29.1 12:00am  14.6  0.0  0.00  12  23  00:00   SSW  28.9 33.6
17     28  37.0  3:00pm   21.2  5:00am  32.5  0.0  0.00   7  14  00:00    SW  29.1 65.1
18     26  36.0  1:00pm   17.2  6:00am  34.0  0.0  0.00   6  12  00:00   SSE  28.8 74.1
19   28.4  42.1  3:00pm   20.1  8:00am  29.7  0.0  0.00   5   9  00:00   SSW  27.5 79.7
20   29.7  35.1  3:00pm   29.1  7:00pm  32.6  0.0  0.00   5  10  00:00     S  29.1 84.8
21   33.9  48.0  2:00pm   23.2  3:00am  24.0  0.0  0.00   9  17  00:00   SSE  29.0 69.2
22   33.6  39.0 12:00am   28.2 11:00pm  28.7  0.0  0.00  18  36  00:00   WNW  28.7 55.9
23   28.4  39.0  2:00pm   21.2 11:00pm  31.3  0.0  0.00   9  16  00:00   SSE  28.9 70.3
24   25.1  39.9  2:00pm   18.1  7:00am  32.5  0.0  0.00   6  12  00:00    SE  28.9 70.6
25   25.5  43.0  3:00pm   17.2  5:00am  30.7  0.0  0.00   6  10  00:00   SSE  28.8 67.8
26   26.6  37.9  2:00pm   17.2  8:00am  32.7  0.0  0.00   6  10  00:00     S  29.0 68.7
27   24.7  39.9  3:00pm   16.2  3:00am  32.7  0.0  0.00   6  10  00:00   SSE  28.9 75.6
28     30  45.0  2:00pm   19.2 12:00am  27.5  0.0  0.00   7  14  00:00   SSE  28.6 58.3
29   32.2  46.9  2:00pm   25.2 12:00am  25.4  0.0  0.00   9  17  00:00     S  28.6 53.5
30   27.4  39.9  3:00pm   18.1  8:00am  31.3  0.0  0.00   6  12  00:00   SSE  28.8 64.5
31     25  32.0  2:00pm   21.2  4:00am  36.5  0.0  0.00  12  23  00:00   NNW  28.5 74.0