NOAA-Style Climate Reports

Select a Year or Month report
2018: Jan Feb Mar Apr May Jun Jul Aug Sep Oct Nov Dec
2017: Jan Feb Mar Apr May Jun Jul Aug Sep Oct Nov Dec
2016: Jan Feb Mar Apr May Jun Jul Aug Sep Oct Nov Dec
2015: Jan Feb Mar Apr May Jun Jul Aug Sep Oct Nov Dec
2014: Jan Feb Mar Apr May Jun Jul Aug Sep Oct Nov Dec
2013: Jan Feb Mar Apr May Jun Jul Aug Sep Oct Nov Dec
2012: Jan Feb Mar Apr May Jun Jul Aug Sep Oct Nov Dec
2011: Jan Feb Mar Apr May Jun Jul Aug Sep Oct Nov Dec
2010: Jan Feb Mar Apr May Jun Jul Aug Sep Oct Nov Dec
2009: Jan Feb Mar Apr May Jun Jul Aug Sep Oct Nov Dec
2008: Jan Feb Mar Apr May Jun Jul Aug Sep Oct Nov Dec
2007: Jan Feb Mar Apr May Jun Jul Aug Sep Oct Nov Dec
2006: Jan Feb Mar Apr May Jun Jul Aug Sep Oct Nov Dec
2005: Jan Feb Mar Apr May Jun Jul Aug Sep Oct Nov Dec
2004: Jan Feb Mar Apr May Jun Jul Aug Sep Oct Nov Dec
2003: Jan Feb Mar Apr May Jun Jul Aug Sep Oct Nov Dec
2002: Jan Feb Mar Apr May Jun Jul Aug Sep Oct Nov Dec
2001: Jan Feb Mar Apr May Jun Jul Aug Sep Oct Nov Dec
2000: Jan Feb Mar Apr May Jun Jul Aug Sep Oct Nov Dec
1999: Jan Feb Mar Apr May Jun Jul Aug Sep Oct Nov Dec
1998: Jan Feb Mar Apr May Jun Jul Aug Sep Oct Nov Dec
1997: Jan Feb Mar Apr May Jun Jul Aug Sep Oct Nov Dec
1996: Jan Feb Mar Apr May Jun Jul Aug Sep Oct Nov Dec
1995: Jan Feb Mar Apr May Jun Jul Aug Sep Oct Nov Dec
1994: Jan Feb Mar Apr May Jun Jul Aug Sep Oct Nov Dec
1993: Jan Feb Mar Apr May Jun Jul Aug Sep Oct Nov Dec
1992: Jan Feb Mar Apr May Jun Jul Aug Sep Oct Nov Dec
1991: Jan Feb Mar Apr May Jun Jul Aug Sep Oct Nov Dec
1990: Jan Feb Mar Apr May Jun Jul Aug Sep Oct Nov Dec
1989: Jan Feb Mar Apr May Jun Jul Aug Sep Oct Nov Dec
1988: Jan Feb Mar Apr May Jun Jul Aug Sep Oct Nov Dec
1987: Jan Feb Mar Apr May Jun Jul Aug Sep Oct Nov Dec
1986: Jan Feb Mar Apr May Jun Jul Aug Sep Oct Nov Dec

Report for 1993 January
                  MONTHLY CLIMATOLOGICAL SUMMARY FOR 1/1993
                                        HEAT  COOL        
     MEAN                               DEG   DEG       WIND SPEED       DOM MEAN  MEAN
DAY  TEMP  HIGH   TIME     LOW   TIME   DAYS  DAYS RAIN AVG  HI  TIME    DIR BAROM HUM
---------------------------------------------------------------------------------------
1      33  52.9  3:00pm   14.9  4:00am  22.0  0.0  0.00  14  27  00:00   WSW  28.7 61.2
2    42.9  55.9  1:00pm   39.9  2:00am  15.6  0.0  0.00  13  25  00:00    SW  28.4 44.6
3    22.3  41.0  1:00am    3.9 11:00pm  33.3  0.0  0.00  13  24  00:00   ESE  28.5 82.0
4    12.3  32.9  2:00pm   -1.1  3:00am  42.4  0.0  0.00   7  14  00:00   SSE  28.5 80.0
5    18.6  32.9  1:00pm    7.0 11:00pm  39.2  0.0  0.00   8  15  00:00   SSW  28.8 66.6
6    18.8  36.0  2:00pm    5.9  5:00am  37.6  0.0  0.00   6  10  00:00    SW  28.8 71.5
7    16.5  20.8 10:00am   14.0  4:00am  46.3  0.0  0.00  10  20  00:00   ESE  28.6 79.4
8    14.5  18.0  2:00pm   11.8  8:00am  48.7  0.0  0.00  11  21  00:00   NNW  28.3 90.2
9       6  10.9  1:00pm    2.8  6:00pm  56.5  0.0  0.00   7  14  00:00   SSE  28.8 89.5
10    5.7  14.9  2:00pm    0.9  1:00am  54.7  0.0  0.00   4   8  00:00    SW  28.6 87.1
11   11.5  25.0 11:00pm    2.8  4:00am  46.7  0.0  0.00   9  17  00:00   SSW  28.4 82.2
12   12.7  25.0  1:00pm    1.9  9:00pm  46.1  0.0  0.00   9  17  00:00     S  28.7 79.6
13   10.8  23.9  3:00pm    0.0  4:00am  47.6  0.0  0.00   9  17  00:00   SSW  28.8 81.2
14   24.4  45.9  2:00pm    9.9  1:00am  29.8  0.0  0.00   7  13  00:00     S  26.1 71.8
15   33.3  47.8  1:00pm   21.9  3:00am  24.4  0.0  0.00   7  13  00:00     S  28.7 57.8
16   32.8  46.9 12:00pm   25.0  3:00am  25.1  0.0  0.00   7  14  00:00   SSE  28.7 58.1
17     25  32.9  3:00pm   23.0  4:00am  36.0  0.0  0.00   5   8  00:00   SSW  28.5 80.8
18   26.4  41.0  1:00pm   18.9  6:00am  31.3  0.0  0.00   6  12  00:00   WSW  28.7 80.5
19   20.3  25.0 10:00pm   18.9  3:00pm  42.3  0.0  0.00   6  12  00:00   WSW  28.7 91.0
20     37  48.9  2:00pm   25.0  4:00am  22.0  0.0  0.00  14  27  00:00     W  28.6 50.6
21   40.9  52.0  1:00pm   32.9  8:00pm  18.5  0.0  0.00  18  35  00:00    SW  28.7 47.1
22   41.1  57.9  2:00pm   32.9 11:00pm  15.5  0.0  0.00  21  40  00:00   WSW  28.6 39.1
23   23.8  32.0 12:00am   16.9 10:00pm  37.1  0.0  0.00  10  18  00:00   SSE  28.8 66.9
24   23.2  37.9  1:00pm   16.9 12:00am  34.4  0.0  0.00   8  15  00:00     S  28.9 67.3
25   33.3  47.8  2:00pm   21.9 12:00am  24.4  0.0  0.00   6  12  00:00   SSW  28.9 54.8
26   35.1  52.0  2:00pm   25.9  6:00am  21.4  0.0  0.00  11  21  00:00   SSE  29.0 63.8
27   38.5  57.9  1:00pm   27.0  3:00am  16.8  0.0  0.00   6  12  00:00   SSE  28.8 47.2
28   28.1  34.9 11:00am   25.0  4:00am  33.5  0.0  0.00  12  22  00:00   SSE  28.9 65.3
29   24.7  34.0  2:00pm   19.9  9:00pm  35.6  0.0  0.00  12  23  00:00     S  28.9 82.9
30   31.3  52.0  3:00pm   19.9  5:00am  23.3  0.0  0.00   6  12  00:00   SSE  29.0 65.8
31   35.5  54.0  2:00pm   27.0  3:00am  20.2  0.0  0.00   6  12  00:00   SSE  29.0 55.4