NOAA-Style Climate Reports

Select a Year or Month report
2018: Jan Feb Mar Apr May Jun Jul Aug Sep Oct Nov Dec
2017: Jan Feb Mar Apr May Jun Jul Aug Sep Oct Nov Dec
2016: Jan Feb Mar Apr May Jun Jul Aug Sep Oct Nov Dec
2015: Jan Feb Mar Apr May Jun Jul Aug Sep Oct Nov Dec
2014: Jan Feb Mar Apr May Jun Jul Aug Sep Oct Nov Dec
2013: Jan Feb Mar Apr May Jun Jul Aug Sep Oct Nov Dec
2012: Jan Feb Mar Apr May Jun Jul Aug Sep Oct Nov Dec
2011: Jan Feb Mar Apr May Jun Jul Aug Sep Oct Nov Dec
2010: Jan Feb Mar Apr May Jun Jul Aug Sep Oct Nov Dec
2009: Jan Feb Mar Apr May Jun Jul Aug Sep Oct Nov Dec
2008: Jan Feb Mar Apr May Jun Jul Aug Sep Oct Nov Dec
2007: Jan Feb Mar Apr May Jun Jul Aug Sep Oct Nov Dec
2006: Jan Feb Mar Apr May Jun Jul Aug Sep Oct Nov Dec
2005: Jan Feb Mar Apr May Jun Jul Aug Sep Oct Nov Dec
2004: Jan Feb Mar Apr May Jun Jul Aug Sep Oct Nov Dec
2003: Jan Feb Mar Apr May Jun Jul Aug Sep Oct Nov Dec
2002: Jan Feb Mar Apr May Jun Jul Aug Sep Oct Nov Dec
2001: Jan Feb Mar Apr May Jun Jul Aug Sep Oct Nov Dec
2000: Jan Feb Mar Apr May Jun Jul Aug Sep Oct Nov Dec
1999: Jan Feb Mar Apr May Jun Jul Aug Sep Oct Nov Dec
1998: Jan Feb Mar Apr May Jun Jul Aug Sep Oct Nov Dec
1997: Jan Feb Mar Apr May Jun Jul Aug Sep Oct Nov Dec
1996: Jan Feb Mar Apr May Jun Jul Aug Sep Oct Nov Dec
1995: Jan Feb Mar Apr May Jun Jul Aug Sep Oct Nov Dec
1994: Jan Feb Mar Apr May Jun Jul Aug Sep Oct Nov Dec
1993: Jan Feb Mar Apr May Jun Jul Aug Sep Oct Nov Dec
1992: Jan Feb Mar Apr May Jun Jul Aug Sep Oct Nov Dec
1991: Jan Feb Mar Apr May Jun Jul Aug Sep Oct Nov Dec
1990: Jan Feb Mar Apr May Jun Jul Aug Sep Oct Nov Dec
1989: Jan Feb Mar Apr May Jun Jul Aug Sep Oct Nov Dec
1988: Jan Feb Mar Apr May Jun Jul Aug Sep Oct Nov Dec
1987: Jan Feb Mar Apr May Jun Jul Aug Sep Oct Nov Dec
1986: Jan Feb Mar Apr May Jun Jul Aug Sep Oct Nov Dec

Report for 1993 February
                  MONTHLY CLIMATOLOGICAL SUMMARY FOR 2/1993
                                        HEAT  COOL        
     MEAN                               DEG   DEG       WIND SPEED       DOM MEAN  MEAN
DAY  TEMP  HIGH   TIME     LOW   TIME   DAYS  DAYS RAIN AVG  HI  TIME    DIR BAROM HUM
---------------------------------------------------------------------------------------
1    32.9  50.0  1:00pm   25.9  7:00am  23.5  0.0  0.00  11  21  00:00   WSW  27.7 65.0
2    30.4  41.9 12:00pm   23.0  2:00am  28.8  0.0  0.00   9  17  00:00     S  28.7 66.7
3    24.7  28.9  2:00am   21.9  6:00am  38.2  0.0  0.00   7  13  00:00   ESE  29.0 88.8
4    22.8  29.8  1:00pm   14.9 11:00pm  38.7  0.0  0.00   5   9  00:00   ESE  29.2 87.5
5    26.8  45.9  2:00pm   12.9  7:00am  28.6  0.0  0.00   7  14  00:00     S  29.0 65.1
6    34.6  64.9  4:00pm   21.9  4:00am  15.2  0.0  0.00   8  15  00:00   SSE  28.8 52.7
7    35.6  47.8  2:00pm   29.8  3:00am  23.3  0.0  0.00   9  16  00:00   SSE  28.8 50.3
8    32.9  41.0  2:00pm   27.9  5:00am  28.0  0.0  0.00   9  17  00:00   SSE  28.7 68.7
9    34.2  50.0  2:00pm   27.9  4:00am  22.9  0.0  0.00   6  12  00:00     W  28.6 78.4
10   21.6  30.9 12:00am   14.0 10:00pm  38.7  0.0  0.00   9  17  00:00     W  28.7 93.2
11   15.9  25.9  3:00pm   10.9  3:00am  44.1  0.0  0.00   7  14  00:00    SE  28.7 87.8
12     26  41.0  1:00pm   14.0  2:00am  31.5  0.0  0.00   7  13  00:00   SSE  28.7 68.9
13   24.9  37.9  1:00pm   14.9  5:00am  33.6  0.0  0.00  10  18  00:00   SSE  28.8 65.5
14   20.3  28.9  1:00pm   14.0  6:00am  40.4  0.0  0.00   7  13  00:00   SSW  28.7 76.4
15    6.4  19.9 12:00am    0.0  7:00pm  51.8  0.0  0.00   9  17  00:00   SSE  28.7 92.3
16   -1.8   2.8  2:00pm   -9.0 10:00pm  64.5  0.0  0.00   6  12  00:00   ESE  28.7 88.9
17    2.7  12.9  3:00pm  -11.0  5:00am  57.2  0.0  0.00   5   9  00:00    SE  28.8 83.7
18   29.6  47.8  2:00pm    5.9 12:00am  26.3  0.0  0.00   9  17  00:00   SSE  28.7 61.6
19   42.3  52.9 11:00am   34.9 12:00am  17.4  0.0  0.00   9  17  00:00   WSW  28.4 51.4
20   41.2  54.0  3:00pm   34.9  9:00pm  17.4  0.0  0.00  18  35  00:00    SW  28.2 56.9
21   29.3  36.9 12:00pm   21.9 10:00pm  31.9  0.0  0.00  17  32  00:00    NW  28.4 46.5
22   27.5  39.9  3:00pm   20.8  3:00am  31.3  0.0  0.00  15  29  00:00     W  28.6 53.6
23   23.5  37.9  2:00pm   16.9  1:00am  34.3  0.0  0.00   7  14  00:00   SSW  28.7 75.6
24   21.6  30.9  2:00pm   18.0  6:00am  38.7  0.0  0.00   8  15  00:00   SSW  28.4 89.3
25   19.8  23.9  4:00pm   18.0  9:00am  43.1  0.0  0.00   6  12  00:00    SE  27.3 89.1
26   24.9  34.0  3:00pm   19.9  7:00am  35.5  0.0  0.00   5   9  00:00   ESE  28.8 79.6
27   29.2  46.9  3:00pm   18.9  5:00am  26.9  0.0  0.00   7  13  00:00   SSW  28.9 72.3
28   35.1  54.0  3:00pm   23.0  7:00am  20.4  0.0  0.00   5   9  00:00    SW  28.8 64.0