NOAA-Style Climate Reports

Select a Year or Month report
2018: Jan Feb Mar Apr May Jun Jul Aug Sep Oct Nov Dec
2017: Jan Feb Mar Apr May Jun Jul Aug Sep Oct Nov Dec
2016: Jan Feb Mar Apr May Jun Jul Aug Sep Oct Nov Dec
2015: Jan Feb Mar Apr May Jun Jul Aug Sep Oct Nov Dec
2014: Jan Feb Mar Apr May Jun Jul Aug Sep Oct Nov Dec
2013: Jan Feb Mar Apr May Jun Jul Aug Sep Oct Nov Dec
2012: Jan Feb Mar Apr May Jun Jul Aug Sep Oct Nov Dec
2011: Jan Feb Mar Apr May Jun Jul Aug Sep Oct Nov Dec
2010: Jan Feb Mar Apr May Jun Jul Aug Sep Oct Nov Dec
2009: Jan Feb Mar Apr May Jun Jul Aug Sep Oct Nov Dec
2008: Jan Feb Mar Apr May Jun Jul Aug Sep Oct Nov Dec
2007: Jan Feb Mar Apr May Jun Jul Aug Sep Oct Nov Dec
2006: Jan Feb Mar Apr May Jun Jul Aug Sep Oct Nov Dec
2005: Jan Feb Mar Apr May Jun Jul Aug Sep Oct Nov Dec
2004: Jan Feb Mar Apr May Jun Jul Aug Sep Oct Nov Dec
2003: Jan Feb Mar Apr May Jun Jul Aug Sep Oct Nov Dec
2002: Jan Feb Mar Apr May Jun Jul Aug Sep Oct Nov Dec
2001: Jan Feb Mar Apr May Jun Jul Aug Sep Oct Nov Dec
2000: Jan Feb Mar Apr May Jun Jul Aug Sep Oct Nov Dec
1999: Jan Feb Mar Apr May Jun Jul Aug Sep Oct Nov Dec
1998: Jan Feb Mar Apr May Jun Jul Aug Sep Oct Nov Dec
1997: Jan Feb Mar Apr May Jun Jul Aug Sep Oct Nov Dec
1996: Jan Feb Mar Apr May Jun Jul Aug Sep Oct Nov Dec
1995: Jan Feb Mar Apr May Jun Jul Aug Sep Oct Nov Dec
1994: Jan Feb Mar Apr May Jun Jul Aug Sep Oct Nov Dec
1993: Jan Feb Mar Apr May Jun Jul Aug Sep Oct Nov Dec
1992: Jan Feb Mar Apr May Jun Jul Aug Sep Oct Nov Dec
1991: Jan Feb Mar Apr May Jun Jul Aug Sep Oct Nov Dec
1990: Jan Feb Mar Apr May Jun Jul Aug Sep Oct Nov Dec
1989: Jan Feb Mar Apr May Jun Jul Aug Sep Oct Nov Dec
1988: Jan Feb Mar Apr May Jun Jul Aug Sep Oct Nov Dec
1987: Jan Feb Mar Apr May Jun Jul Aug Sep Oct Nov Dec
1986: Jan Feb Mar Apr May Jun Jul Aug Sep Oct Nov Dec

Report for 1993 March
                  MONTHLY CLIMATOLOGICAL SUMMARY FOR 3/1993
                                        HEAT  COOL        
     MEAN                               DEG   DEG       WIND SPEED       DOM MEAN  MEAN
DAY  TEMP  HIGH   TIME     LOW   TIME   DAYS  DAYS RAIN AVG  HI  TIME    DIR BAROM HUM
---------------------------------------------------------------------------------------
1    33.2  46.9 12:00pm   25.9  5:00am  24.9  0.0  0.00   6  12  00:00    SE  28.7 76.1
2    34.9  52.0 12:00pm   20.8  6:00am  21.5  0.0  0.00  12  23  00:00     E  28.6 62.8
3      30  43.0  2:00pm   19.9  5:00am  28.5  0.0  0.00   5  10  00:00     E  28.8 67.0
4    29.5  43.0  4:00pm   20.8  7:00am  28.7  0.0  0.00  26  52  00:00   SSE  28.9 58.8
5    35.9  50.9  3:00pm   21.9  3:00am  21.6  0.0  0.00  12  23  00:00    SE  28.9 46.8
6    39.1  52.0  3:00pm   34.0 11:00pm  19.4  0.0  0.00  12  23  00:00   SSW  28.9 57.2
7    44.1  61.0  2:00pm   32.0 12:00am  12.4  0.0  0.00  13  25  00:00   WNW  28.9 42.8
8      48  64.9  2:00pm   38.8 12:00am   8.5  0.0  0.00  10  20  00:00   WSW  28.9 33.6
9    40.2  61.9  2:00pm   30.9 11:00pm  13.9  0.0  0.00  17  32  00:00   SSE  27.6 50.0
10   32.9  43.9  1:00pm   28.9 10:00pm  26.6  0.0  0.00   9  17  00:00   WNW  28.9 74.5
11   23.5  28.9 12:00pm   14.9 11:00pm  38.8  0.0  0.00  15  29  00:00     N  28.8 89.8
12   12.9  19.9  3:00pm    7.0 10:00pm  48.6  0.0  0.00   7  14  00:00    SE  29.0 81.9
13   23.3  43.9  4:00pm    1.9 12:00am  31.4  0.0  0.00  12  23  00:00     S  28.8 63.9
14   36.3  54.0  4:00pm   21.9  4:00am  19.8  0.0  0.00  11  21  00:00   SSE  28.6 54.2
15   42.3  55.9  2:00pm   34.0  3:00am  15.9  0.0  0.00  18  35  00:00     W  28.6 45.0
16   36.4  50.0  3:00pm   27.0 10:00pm  21.8  0.0  0.00  11  21  00:00   ESE  27.7 64.5
17   27.9  38.8  3:00pm   23.9  4:00am  31.6  0.0  0.00   6  12  00:00    SW  28.8 83.2
18   38.3  56.8  2:00pm   23.0 12:00am  17.4  0.0  0.00  12  23  00:00     W  28.6 61.9
19   43.6  57.9  2:00pm   32.9  4:00am  14.2  0.0  0.00  15  29  00:00     W  28.8 41.4
20     40  55.9  4:00pm   30.9  7:00am  17.0  0.0  0.00   7  13  00:00   WSW  28.8 70.9
21   39.2  52.0 12:00pm   30.9 10:00pm  19.4  0.0  0.00  12  23  00:00    SE  28.8 58.9
22   37.2  54.9  3:00pm   23.0  4:00am  18.9  0.0  0.00   7  13  00:00    SE  28.9 56.9
23   49.1  68.9  3:00pm   30.9  3:00am   6.0  0.0  0.00   7  13  00:00    SW  28.8 31.5
24   49.2  68.0  2:00pm   32.9  1:00am   6.4  0.0  0.00   9  17  00:00    SE  28.9 30.8
25   52.5  70.0  1:00pm   36.0  4:00am   3.7  0.0  0.00  12  23  00:00    SE  28.7 28.7
26   51.7  72.0  3:00pm   39.9  5:00am   3.1  0.0  0.00  24  47  00:00   SSE  27.5 44.0
27   43.4  52.0  1:00pm   34.9 10:00pm  17.3  0.0  0.00  18  35  00:00   SSW  28.4 73.3
28   37.3  48.9  3:00pm   32.9  2:00am  21.9  0.0  0.00  12  23  00:00     N  28.6 85.1
29   37.1  43.9  3:00pm   34.9  3:00am  24.5  0.0  0.00   7  13  00:00     E  28.6 84.0
30   33.5  39.9  1:00pm   32.0  5:00pm  28.3  0.0  0.00   7  14  00:00   WSW  27.4 91.9
31   32.7  43.0 12:00pm   27.9  6:00am  27.1  0.0  0.00  12  23  00:00   WSW  28.8 85.1