NOAA-Style Climate Reports

Select a Year or Month report
2018: Jan Feb Mar Apr May Jun Jul Aug Sep Oct Nov Dec
2017: Jan Feb Mar Apr May Jun Jul Aug Sep Oct Nov Dec
2016: Jan Feb Mar Apr May Jun Jul Aug Sep Oct Nov Dec
2015: Jan Feb Mar Apr May Jun Jul Aug Sep Oct Nov Dec
2014: Jan Feb Mar Apr May Jun Jul Aug Sep Oct Nov Dec
2013: Jan Feb Mar Apr May Jun Jul Aug Sep Oct Nov Dec
2012: Jan Feb Mar Apr May Jun Jul Aug Sep Oct Nov Dec
2011: Jan Feb Mar Apr May Jun Jul Aug Sep Oct Nov Dec
2010: Jan Feb Mar Apr May Jun Jul Aug Sep Oct Nov Dec
2009: Jan Feb Mar Apr May Jun Jul Aug Sep Oct Nov Dec
2008: Jan Feb Mar Apr May Jun Jul Aug Sep Oct Nov Dec
2007: Jan Feb Mar Apr May Jun Jul Aug Sep Oct Nov Dec
2006: Jan Feb Mar Apr May Jun Jul Aug Sep Oct Nov Dec
2005: Jan Feb Mar Apr May Jun Jul Aug Sep Oct Nov Dec
2004: Jan Feb Mar Apr May Jun Jul Aug Sep Oct Nov Dec
2003: Jan Feb Mar Apr May Jun Jul Aug Sep Oct Nov Dec
2002: Jan Feb Mar Apr May Jun Jul Aug Sep Oct Nov Dec
2001: Jan Feb Mar Apr May Jun Jul Aug Sep Oct Nov Dec
2000: Jan Feb Mar Apr May Jun Jul Aug Sep Oct Nov Dec
1999: Jan Feb Mar Apr May Jun Jul Aug Sep Oct Nov Dec
1998: Jan Feb Mar Apr May Jun Jul Aug Sep Oct Nov Dec
1997: Jan Feb Mar Apr May Jun Jul Aug Sep Oct Nov Dec
1996: Jan Feb Mar Apr May Jun Jul Aug Sep Oct Nov Dec
1995: Jan Feb Mar Apr May Jun Jul Aug Sep Oct Nov Dec
1994: Jan Feb Mar Apr May Jun Jul Aug Sep Oct Nov Dec
1993: Jan Feb Mar Apr May Jun Jul Aug Sep Oct Nov Dec
1992: Jan Feb Mar Apr May Jun Jul Aug Sep Oct Nov Dec
1991: Jan Feb Mar Apr May Jun Jul Aug Sep Oct Nov Dec
1990: Jan Feb Mar Apr May Jun Jul Aug Sep Oct Nov Dec
1989: Jan Feb Mar Apr May Jun Jul Aug Sep Oct Nov Dec
1988: Jan Feb Mar Apr May Jun Jul Aug Sep Oct Nov Dec
1987: Jan Feb Mar Apr May Jun Jul Aug Sep Oct Nov Dec
1986: Jan Feb Mar Apr May Jun Jul Aug Sep Oct Nov Dec

Report for 1993 April
                  MONTHLY CLIMATOLOGICAL SUMMARY FOR 4/1993
                                        HEAT  COOL        
     MEAN                               DEG   DEG       WIND SPEED       DOM MEAN  MEAN
DAY  TEMP  HIGH   TIME     LOW   TIME   DAYS  DAYS RAIN AVG  HI  TIME    DIR BAROM HUM
---------------------------------------------------------------------------------------
1    37.4  54.0  4:00pm   23.9  5:00am  19.3  0.0  0.00   8  15  00:00    SE  28.7 68.0
2    42.7  59.0 11:00am   36.0 10:00pm  14.1  0.0  0.00  12  23  00:00     S  28.5 65.5
3    32.8  41.9  6:00pm   23.9  9:00am  27.6  0.0  0.00  13  25  00:00    SW  28.6 87.6
4    41.7  59.9  4:00pm   27.9  6:00am  14.2  0.0  0.00  12  23  00:00   SSE  28.8 64.6
5    45.2  59.0  2:00pm   37.9  7:00am  12.9  0.0  0.00  12  23  00:00   SSE  28.5 66.0
6    36.1  41.0 12:00am   30.9 11:00pm  26.4  0.0  0.00  13  25  00:00   WNW  28.5 93.0
7    32.8  39.9  1:00pm   28.9  5:00am  28.6  0.0  0.00  18  35  00:00     N  28.5 68.2
8    39.3  55.9  5:00pm   28.9  2:00am  17.4  0.0  0.00   8  15  00:00     W  28.8 47.2
9    49.8  64.9  3:00pm   36.9 12:00am   7.6  0.0  0.00  12  23  00:00     S  28.6 33.8
10   46.5  59.0  5:00pm   37.9  5:00am  12.2  0.0  0.00  15  29  00:00   WSW  28.7 39.0
11   45.9  63.0 12:00pm   34.0  7:00am  10.5  0.0  0.00  13  24  00:00   ESE  28.6 42.3
12   39.1  54.0  2:00pm   32.0 10:00pm  18.4  0.0  0.00  13  24  00:00     E  28.6 69.1
13   33.3  46.9  2:00pm   25.0  6:00am  24.9  0.0  0.00  14  27  00:00   WSW  28.6 77.0
14   34.4  45.9  3:00pm   27.0  7:00am  24.8  0.0  0.00  10  20  00:00    SE  28.8 70.1
15   35.8  46.9  3:00pm   32.0  1:00am  23.6  0.0  0.00   9  16  00:00     E  28.7 73.8
16   41.2  56.8  4:00pm   29.8  1:00am  16.0  0.0  0.00   9  17  00:00    SE  27.5 66.2
17   46.3  63.0  4:00pm   30.9  7:00am  10.3  0.0  0.00   9  17  00:00     S  27.6 53.8
18   51.8  66.9  3:00pm   38.8 11:00pm   5.6  0.0  0.00  15  29  00:00   WSW  28.4 44.1
19   38.9  52.0  4:00pm   30.9 11:00pm  19.5  0.0  0.00  18  35  00:00    NW  28.6 47.1
20     33  45.0  2:00pm   25.9  4:00am  26.0  0.0  0.00   9  17  00:00    SE  27.8 66.6
21   41.5  63.9  5:00pm   23.0  6:00am  12.3  0.0  0.00   9  17  00:00    SE  27.8 60.0
22   56.5  74.8  3:00pm   41.0  3:00am   0.0  0.7  0.00   7  14  00:00     S  28.7 32.3
23   55.3  66.9  3:00pm   45.9  5:00am   3.9  0.0  0.00  21  40  00:00   SSW  28.4 28.8
24   37.3  43.0  5:00am   32.0 11:00am  24.8  0.0  0.00   6  12  00:00     S  28.6 84.0
25   42.9  61.0  4:00pm   32.9  7:00am  13.0  0.0  0.00   9  17  00:00     S  28.9 71.3
26   53.9  70.9  3:00pm   36.9  4:00am   2.6  0.0  0.00   7  14  00:00   SSE  28.7 45.3
27   49.7  61.0  3:00pm   43.9  5:00am   9.6  0.0  0.00  10  18  00:00   ESE  28.7 64.3
28   49.8  63.9  2:00pm   39.9 11:00pm   8.1  0.0  0.00  10  20  00:00    SE  28.9 59.8
29   51.8  68.0  3:00pm   37.9  1:00am   5.1  0.0  0.00  12  23  00:00     S  28.9 47.7
30   47.1  59.0 12:00pm   32.9 11:00pm  11.9  0.0  0.00  13  25  00:00   WSW  28.7 56.2