NOAA-Style Climate Reports

Select a Year or Month report
2018: Jan Feb Mar Apr May Jun Jul Aug Sep Oct Nov Dec
2017: Jan Feb Mar Apr May Jun Jul Aug Sep Oct Nov Dec
2016: Jan Feb Mar Apr May Jun Jul Aug Sep Oct Nov Dec
2015: Jan Feb Mar Apr May Jun Jul Aug Sep Oct Nov Dec
2014: Jan Feb Mar Apr May Jun Jul Aug Sep Oct Nov Dec
2013: Jan Feb Mar Apr May Jun Jul Aug Sep Oct Nov Dec
2012: Jan Feb Mar Apr May Jun Jul Aug Sep Oct Nov Dec
2011: Jan Feb Mar Apr May Jun Jul Aug Sep Oct Nov Dec
2010: Jan Feb Mar Apr May Jun Jul Aug Sep Oct Nov Dec
2009: Jan Feb Mar Apr May Jun Jul Aug Sep Oct Nov Dec
2008: Jan Feb Mar Apr May Jun Jul Aug Sep Oct Nov Dec
2007: Jan Feb Mar Apr May Jun Jul Aug Sep Oct Nov Dec
2006: Jan Feb Mar Apr May Jun Jul Aug Sep Oct Nov Dec
2005: Jan Feb Mar Apr May Jun Jul Aug Sep Oct Nov Dec
2004: Jan Feb Mar Apr May Jun Jul Aug Sep Oct Nov Dec
2003: Jan Feb Mar Apr May Jun Jul Aug Sep Oct Nov Dec
2002: Jan Feb Mar Apr May Jun Jul Aug Sep Oct Nov Dec
2001: Jan Feb Mar Apr May Jun Jul Aug Sep Oct Nov Dec
2000: Jan Feb Mar Apr May Jun Jul Aug Sep Oct Nov Dec
1999: Jan Feb Mar Apr May Jun Jul Aug Sep Oct Nov Dec
1998: Jan Feb Mar Apr May Jun Jul Aug Sep Oct Nov Dec
1997: Jan Feb Mar Apr May Jun Jul Aug Sep Oct Nov Dec
1996: Jan Feb Mar Apr May Jun Jul Aug Sep Oct Nov Dec
1995: Jan Feb Mar Apr May Jun Jul Aug Sep Oct Nov Dec
1994: Jan Feb Mar Apr May Jun Jul Aug Sep Oct Nov Dec
1993: Jan Feb Mar Apr May Jun Jul Aug Sep Oct Nov Dec
1992: Jan Feb Mar Apr May Jun Jul Aug Sep Oct Nov Dec
1991: Jan Feb Mar Apr May Jun Jul Aug Sep Oct Nov Dec
1990: Jan Feb Mar Apr May Jun Jul Aug Sep Oct Nov Dec
1989: Jan Feb Mar Apr May Jun Jul Aug Sep Oct Nov Dec
1988: Jan Feb Mar Apr May Jun Jul Aug Sep Oct Nov Dec
1987: Jan Feb Mar Apr May Jun Jul Aug Sep Oct Nov Dec
1986: Jan Feb Mar Apr May Jun Jul Aug Sep Oct Nov Dec

Report for 1993 May
                  MONTHLY CLIMATOLOGICAL SUMMARY FOR 5/1993
                                        HEAT  COOL        
     MEAN                               DEG   DEG       WIND SPEED       DOM MEAN  MEAN
DAY  TEMP  HIGH   TIME     LOW   TIME   DAYS  DAYS RAIN AVG  HI  TIME    DIR BAROM HUM
---------------------------------------------------------------------------------------
1    36.8  50.9  6:00pm   32.0 12:00am  21.1  0.0  0.00   9  17  00:00    SW  28.9 66.9
2    43.8  61.0  3:00pm   25.0  5:00am  12.6  0.0  0.00   7  14  00:00    SE  28.8 51.2
3    52.5  68.9  3:00pm   36.0  5:00am   4.3  0.0  0.00  13  25  00:00     S  28.6 44.5
4    59.1  75.9  5:00pm   46.9  4:00am   0.0  2.5  0.00  12  23  00:00   SSE  28.1 36.0
5    54.9  68.9  3:00pm   45.9  6:00am   3.1  0.0  0.00  19  37  00:00   SSW  28.6 41.0
6    47.9  61.9  3:00pm   39.9  5:00am  10.1  0.0  0.00  12  23  00:00   SSE  27.4 55.9
7    49.3  64.9  1:00pm   43.0  3:00am   7.9  0.0  0.00  11  21  00:00   SSE  28.4 56.2
8      43  55.9  3:00pm   32.9  6:00am  15.5  0.0  0.00   9  17  00:00   SSW  27.3 61.5
9    41.2  52.0  2:00pm   36.0  3:00am  18.4  0.0  0.00  12  23  00:00   WSW  28.9 65.3
10   46.6  63.9  4:00pm   29.8  4:00am   9.7  0.0  0.00  14  29  00:00   SSW  27.6 47.3
11   47.7  63.0  4:00pm   36.0  6:00am   9.6  0.0  0.00  11  21  00:00   SSW  28.9 49.7
12   54.1  68.0  5:00pm   45.9  7:00am   3.9  0.0  0.00   6  12  00:00     E  27.7 64.0
13     57  79.0  3:00pm   41.9  5:00am   0.0  3.0  0.00  12  23  00:00   SSE  28.9 58.8
14   60.7  74.8  1:00pm   52.0 11:00pm   0.0  2.8  0.00  18  35  00:00    SW  28.8 44.9
15   56.7  74.8  2:00pm   45.9  3:00am   0.0  0.8  0.00  13  25  00:00     W  28.8 61.4
16   51.5  63.0 12:00pm   48.9 12:00am   7.7  0.0  0.00  12  23  00:00     S  28.9 89.4
17   47.3  54.9 11:00am   45.0 11:00pm  13.9  0.0  0.00   9  17  00:00    SW  28.8 85.4
18   52.2  68.9  4:00pm   39.9  1:00am   4.4  0.0  0.00   8  15  00:00    SW  28.9 66.9
19   50.8  64.9  5:00pm   41.9  4:00am   7.1  0.0  0.00  12  23  00:00   SSW  28.8 71.4
20   55.6  74.8  4:00pm   39.9  6:00am   0.0  0.2  0.00   7  13  00:00   SSE  28.6 67.3
21   59.3  77.0  3:00pm   47.8  5:00am   0.0  3.2  0.00  15  29  00:00    SE  28.7 61.5
22   54.5  70.0  3:00pm   45.9  6:00am   2.7  0.0  0.00  18  35  00:00     S  28.7 65.9
23   54.5  72.9  5:00pm   41.9  6:00am   1.3  0.0  0.00   9  16  00:00     E  28.7 60.0
24   50.2  59.9  2:00pm   46.9 11:00pm   9.9  0.0  0.00  15  29  00:00   ESE  28.8 78.6
25   47.8  55.9  5:00pm   45.9 12:00am  13.1  0.0  0.00   8  15  00:00   WNW  29.1 91.5
26   60.3  81.0  1:00pm   47.8  4:00am   0.0  5.7  0.00  11  21  00:00     S  28.9 59.0
27   59.6  77.9  1:00pm   52.9 11:00pm   0.0  3.8  0.00  12  23  00:00   SSW  28.9 56.7
28   54.5  72.9  1:00pm   45.9  6:00am   1.3  0.0  0.00  12  23  00:00    SE  28.8 74.3
29   56.4  72.0  2:00pm   48.9  1:00am   0.8  0.0  0.00   9  17  00:00    SE  28.9 69.7
30   57.8  73.9  3:00pm   50.0 12:00am   0.0  0.9  0.00   7  14  00:00   SSE  28.9 62.1
31   62.1  79.9  3:00pm   50.9  3:00am   0.0  6.0  0.00  10  18  00:00     S  27.5 59.3