NOAA-Style Climate Reports

Select a Year or Month report
2018: Jan Feb Mar Apr May Jun Jul Aug Sep Oct Nov Dec
2017: Jan Feb Mar Apr May Jun Jul Aug Sep Oct Nov Dec
2016: Jan Feb Mar Apr May Jun Jul Aug Sep Oct Nov Dec
2015: Jan Feb Mar Apr May Jun Jul Aug Sep Oct Nov Dec
2014: Jan Feb Mar Apr May Jun Jul Aug Sep Oct Nov Dec
2013: Jan Feb Mar Apr May Jun Jul Aug Sep Oct Nov Dec
2012: Jan Feb Mar Apr May Jun Jul Aug Sep Oct Nov Dec
2011: Jan Feb Mar Apr May Jun Jul Aug Sep Oct Nov Dec
2010: Jan Feb Mar Apr May Jun Jul Aug Sep Oct Nov Dec
2009: Jan Feb Mar Apr May Jun Jul Aug Sep Oct Nov Dec
2008: Jan Feb Mar Apr May Jun Jul Aug Sep Oct Nov Dec
2007: Jan Feb Mar Apr May Jun Jul Aug Sep Oct Nov Dec
2006: Jan Feb Mar Apr May Jun Jul Aug Sep Oct Nov Dec
2005: Jan Feb Mar Apr May Jun Jul Aug Sep Oct Nov Dec
2004: Jan Feb Mar Apr May Jun Jul Aug Sep Oct Nov Dec
2003: Jan Feb Mar Apr May Jun Jul Aug Sep Oct Nov Dec
2002: Jan Feb Mar Apr May Jun Jul Aug Sep Oct Nov Dec
2001: Jan Feb Mar Apr May Jun Jul Aug Sep Oct Nov Dec
2000: Jan Feb Mar Apr May Jun Jul Aug Sep Oct Nov Dec
1999: Jan Feb Mar Apr May Jun Jul Aug Sep Oct Nov Dec
1998: Jan Feb Mar Apr May Jun Jul Aug Sep Oct Nov Dec
1997: Jan Feb Mar Apr May Jun Jul Aug Sep Oct Nov Dec
1996: Jan Feb Mar Apr May Jun Jul Aug Sep Oct Nov Dec
1995: Jan Feb Mar Apr May Jun Jul Aug Sep Oct Nov Dec
1994: Jan Feb Mar Apr May Jun Jul Aug Sep Oct Nov Dec
1993: Jan Feb Mar Apr May Jun Jul Aug Sep Oct Nov Dec
1992: Jan Feb Mar Apr May Jun Jul Aug Sep Oct Nov Dec
1991: Jan Feb Mar Apr May Jun Jul Aug Sep Oct Nov Dec
1990: Jan Feb Mar Apr May Jun Jul Aug Sep Oct Nov Dec
1989: Jan Feb Mar Apr May Jun Jul Aug Sep Oct Nov Dec
1988: Jan Feb Mar Apr May Jun Jul Aug Sep Oct Nov Dec
1987: Jan Feb Mar Apr May Jun Jul Aug Sep Oct Nov Dec
1986: Jan Feb Mar Apr May Jun Jul Aug Sep Oct Nov Dec

Report for 1993 June
                  MONTHLY CLIMATOLOGICAL SUMMARY FOR 6/1993
                                        HEAT  COOL        
     MEAN                               DEG   DEG       WIND SPEED       DOM MEAN  MEAN
DAY  TEMP  HIGH   TIME     LOW   TIME   DAYS  DAYS RAIN AVG  HI  TIME    DIR BAROM HUM
---------------------------------------------------------------------------------------
1    67.4  83.8  4:00pm   55.9  5:00am   0.0 10.6  0.00  18  35  00:00    SW  27.4 39.0
2    56.9  70.0 12:00pm   52.0  5:00am   1.5  0.0  0.00  12  23  00:00     S  28.7 64.8
3    50.8  64.9  1:00pm   45.9  9:00pm   7.1  0.0  0.00  17  32  00:00   SSE  28.6 76.7
4    48.2  63.0  2:00pm   41.9  5:00am   9.4  0.0  0.00  11  21  00:00    SE  28.8 80.2
5    57.6  75.9  3:00pm   45.0  5:00am   0.0  1.8  0.00  13  25  00:00     S  28.7 64.6
6    56.4  70.9  4:00pm   46.9  5:00am   1.3  0.0  0.00   9  17  00:00   SSW  28.6 74.8
7    54.4  65.8  5:00pm   46.9  6:00am   4.9  0.0  0.00  18  35  00:00   SSW  28.5 45.2
8    54.5  68.0  3:00pm   43.9  4:00am   3.7  0.0  0.00  11  21  00:00   SSW  28.6 44.2
9    50.8  61.9  5:00pm   45.0  3:00am   8.6  0.0  0.00  12  23  00:00   SSE  28.9 67.4
10     57  74.8  4:00pm   41.9  5:00am   0.0  0.9  0.00  10  20  00:00   SSE  28.8 54.0
11   66.4  81.9  3:00pm   54.0  3:00am   0.0  9.2  0.00  11  21  00:00     S  28.8 37.8
12   67.4  88.0  3:00pm   50.0  4:00am   0.0 12.7  0.00   9  17  00:00     S  28.8 37.0
13   59.9  77.0  5:00pm   48.9  4:00am   0.0  3.5  0.00   6  12  00:00    SE  28.9 40.8
14   63.4  81.0  4:00pm   50.9  4:00am   0.0  7.2  0.00  14  28  00:00   SSW  29.0 55.1
15     73  92.8  3:00pm   56.8  6:00am   0.0 17.9  0.00  13  25  00:00   SSW  27.6 36.2
16   69.6  86.9  2:00pm   56.8 11:25pm   0.0 13.3  0.00  18  35  00:00   SSW  28.7 37.3
17   50.3  57.9  1:00pm   48.9  6:00am  10.9  0.0  0.00  14  29  00:00   SSE  29.0 92.8
18   47.3  54.9  2:00pm   45.9  6:00am  13.9  0.0  0.00   7  14  00:00   SSW  29.0 64.6
19   56.6  72.9  4:00pm   43.9  6:00am   0.2  0.0  0.00   6  12  00:00     S  27.8 51.8
20   62.5  79.9  2:00pm   50.0  4:00am   0.0  6.2  0.00  11  21  00:00    SE  28.9 53.5
21   65.9  82.9  1:00pm   54.9  5:00am   0.0  9.4  0.00  12  23  00:00     S  28.8 48.7
22     68  88.0  4:00pm   52.9  5:00am   0.0 13.0  0.00  10  18  00:00   SSW  28.7 43.2
23   63.8  81.9  4:00pm   52.9  5:00am   0.0  7.9  0.00  12  23  00:00     S  28.7 54.3
24   56.6  75.9  6:00pm   41.9  6:00am   0.0  1.3  0.00   9  16  00:00    SE  28.8 44.7
25   60.1  79.9  4:00pm   45.0  5:00am   0.0  5.0  0.00   7  13  00:00    SE  29.0 47.0
26     68  86.9  5:00pm   52.9  5:00am   0.0 12.5  0.00   6  13  00:00     S  28.9 38.4
27   70.3  88.0  3:00pm   54.9  5:00am   0.0 14.2  0.00  22  44  00:00     S  28.6 31.9
28   71.6  90.9  5:00pm   54.9  5:00am   0.0 16.3  0.00   9  17  00:00    SW  27.5 32.3
29   76.3  92.8  4:00pm   63.9  5:00am   0.0 19.6  0.00  11  21  00:00   SSE  28.4 25.2
30   64.7  81.0  4:00pm   54.9  6:00am   0.0  7.9  0.00   7  14  00:00    SE  28.7 49.6