NOAA-Style Climate Reports

Select a Year or Month report
2018: Jan Feb Mar Apr May Jun Jul Aug Sep Oct Nov Dec
2017: Jan Feb Mar Apr May Jun Jul Aug Sep Oct Nov Dec
2016: Jan Feb Mar Apr May Jun Jul Aug Sep Oct Nov Dec
2015: Jan Feb Mar Apr May Jun Jul Aug Sep Oct Nov Dec
2014: Jan Feb Mar Apr May Jun Jul Aug Sep Oct Nov Dec
2013: Jan Feb Mar Apr May Jun Jul Aug Sep Oct Nov Dec
2012: Jan Feb Mar Apr May Jun Jul Aug Sep Oct Nov Dec
2011: Jan Feb Mar Apr May Jun Jul Aug Sep Oct Nov Dec
2010: Jan Feb Mar Apr May Jun Jul Aug Sep Oct Nov Dec
2009: Jan Feb Mar Apr May Jun Jul Aug Sep Oct Nov Dec
2008: Jan Feb Mar Apr May Jun Jul Aug Sep Oct Nov Dec
2007: Jan Feb Mar Apr May Jun Jul Aug Sep Oct Nov Dec
2006: Jan Feb Mar Apr May Jun Jul Aug Sep Oct Nov Dec
2005: Jan Feb Mar Apr May Jun Jul Aug Sep Oct Nov Dec
2004: Jan Feb Mar Apr May Jun Jul Aug Sep Oct Nov Dec
2003: Jan Feb Mar Apr May Jun Jul Aug Sep Oct Nov Dec
2002: Jan Feb Mar Apr May Jun Jul Aug Sep Oct Nov Dec
2001: Jan Feb Mar Apr May Jun Jul Aug Sep Oct Nov Dec
2000: Jan Feb Mar Apr May Jun Jul Aug Sep Oct Nov Dec
1999: Jan Feb Mar Apr May Jun Jul Aug Sep Oct Nov Dec
1998: Jan Feb Mar Apr May Jun Jul Aug Sep Oct Nov Dec
1997: Jan Feb Mar Apr May Jun Jul Aug Sep Oct Nov Dec
1996: Jan Feb Mar Apr May Jun Jul Aug Sep Oct Nov Dec
1995: Jan Feb Mar Apr May Jun Jul Aug Sep Oct Nov Dec
1994: Jan Feb Mar Apr May Jun Jul Aug Sep Oct Nov Dec
1993: Jan Feb Mar Apr May Jun Jul Aug Sep Oct Nov Dec
1992: Jan Feb Mar Apr May Jun Jul Aug Sep Oct Nov Dec
1991: Jan Feb Mar Apr May Jun Jul Aug Sep Oct Nov Dec
1990: Jan Feb Mar Apr May Jun Jul Aug Sep Oct Nov Dec
1989: Jan Feb Mar Apr May Jun Jul Aug Sep Oct Nov Dec
1988: Jan Feb Mar Apr May Jun Jul Aug Sep Oct Nov Dec
1987: Jan Feb Mar Apr May Jun Jul Aug Sep Oct Nov Dec
1986: Jan Feb Mar Apr May Jun Jul Aug Sep Oct Nov Dec

Report for 1993 July
                  MONTHLY CLIMATOLOGICAL SUMMARY FOR 7/1993
                                        HEAT  COOL        
     MEAN                               DEG   DEG       WIND SPEED       DOM MEAN  MEAN
DAY  TEMP  HIGH   TIME     LOW   TIME   DAYS  DAYS RAIN AVG  HI  TIME    DIR BAROM HUM
---------------------------------------------------------------------------------------
1    69.4  90.0  4:00pm   56.8  5:00am   0.0 14.7  0.00   7  14  00:00    SE  28.7 50.7
2    72.1  92.8  4:00pm   57.9  6:00am   0.0 17.5  0.00  21  40  00:00   SSW  28.6 47.0
3    71.5  88.0 12:00pm   61.9  9:00pm   0.0 14.8  0.00  21  40  00:00   SSW  28.5 28.7
4    59.3  70.0  1:00pm   52.9  9:00pm   0.3  0.0  0.00  12  23  00:00     W  28.5 42.7
5    60.3  77.0  6:00pm   45.9  6:00am   0.0  3.7  0.00   9  17  00:00     W  28.7 39.0
6    64.9  84.9  5:00pm   45.9  6:00am   0.0  9.9  0.00   9  16  00:00   SSW  28.7 36.2
7    65.5  88.0  4:00pm   48.9  6:00am   0.0 11.8  0.00  11  21  00:00   SSW  28.7 43.9
8    67.8  86.9  1:00pm   59.0  6:00am   0.0 12.4  0.00  12  23  00:00   WSW  28.5 44.3
9    67.6  84.9  1:00pm   55.9  5:00am   0.0 11.3  0.00  14  27  00:00   SSE  28.8 47.7
10   72.2  92.8  4:00pm   54.9  6:00am   0.0 17.5  0.00  21  40  00:00     S  28.8 36.0
11   59.5  73.9  2:00pm   54.9  9:00am   0.0  1.7  0.00  12  23  00:00    SE  28.9 77.7
12   67.7  86.9 12:00pm   54.0  5:00am   0.0 12.3  0.00  17  32  00:00     S  28.7 51.1
13   62.8  77.9  2:00pm   59.0  6:00am   0.0  5.4  0.00   9  17  00:00    SE  28.8 59.4
14   64.6  83.8  2:00pm   57.9  6:00am   0.0  9.2  0.00  18  35  00:00    SE  27.6 62.3
15   69.4  88.9  3:00pm   55.9  6:00am   0.0 14.2  0.00  12  23  00:00   SSE  28.8 54.9
16   71.7  88.9  2:00pm   57.9  6:00am   0.0 15.3  0.00  11  21  00:00   SSE  28.7 42.9
17   58.4  65.8  1:00am   57.9 10:00am   2.9  0.0  0.00   9  17  00:00   WNW  29.0 83.8
18   67.3  86.0  3:00pm   54.9  6:00am   0.0 11.7  0.00  12  23  00:00   SSE  28.9 59.8
19   64.4  77.9  2:00pm   55.9  6:00am   0.0  6.2  0.00  13  25  00:00   WSW  29.0 61.9
20   62.4  77.9  2:00pm   56.8  3:00am   0.0  5.2  0.00   7  14  00:00    SW  28.9 75.0
21   69.2  90.0  3:00pm   59.0  1:00am   0.0 14.6  0.00  13  25  00:00     S  28.7 46.6
22   65.6  86.0  5:00pm   52.0  3:00am   0.0 10.8  0.00  11  21  00:00     S  28.8 60.2
23   64.3  79.9  1:00pm   54.9  7:00am   0.0  7.1  0.00   9  17  00:00    SW  28.7 61.2
24   62.1  81.0  5:00pm   52.0  5:00am   0.0  6.6  0.00   9  16  00:00     S  28.8 62.1
25   68.2  86.9  6:00pm   52.9  5:00am   0.0 12.6  0.00  10  20  00:00    SE  28.9 48.7
26   70.6  92.8  3:00pm   56.8  6:00am   0.0 16.7  0.00  12  23  00:00   WSW  28.7 49.2
27   66.6  84.9  4:00pm   52.0  5:00am   0.0 10.8  0.00  12  23  00:00    SE  28.9 43.8
28   70.1  90.0  3:00pm   54.0  5:00am   0.0 15.1  0.00  13  25  00:00    SE  29.0 44.2
29   76.2  95.0  3:00pm   63.0  6:00am   0.0 20.6  0.00  14  28  00:00     S  29.0 34.3
30   71.5  88.0  1:00pm   63.9  6:00am   0.0 14.8  0.00   9  17  00:00     W  29.0 44.5
31   75.8  92.8  3:00pm   64.9 12:00am   0.0 19.3  0.00   9  16  00:00    SW  29.0 35.9