NOAA-Style Climate Reports

Select a Year or Month report
2018: Jan Feb Mar Apr May Jun Jul Aug Sep Oct Nov Dec
2017: Jan Feb Mar Apr May Jun Jul Aug Sep Oct Nov Dec
2016: Jan Feb Mar Apr May Jun Jul Aug Sep Oct Nov Dec
2015: Jan Feb Mar Apr May Jun Jul Aug Sep Oct Nov Dec
2014: Jan Feb Mar Apr May Jun Jul Aug Sep Oct Nov Dec
2013: Jan Feb Mar Apr May Jun Jul Aug Sep Oct Nov Dec
2012: Jan Feb Mar Apr May Jun Jul Aug Sep Oct Nov Dec
2011: Jan Feb Mar Apr May Jun Jul Aug Sep Oct Nov Dec
2010: Jan Feb Mar Apr May Jun Jul Aug Sep Oct Nov Dec
2009: Jan Feb Mar Apr May Jun Jul Aug Sep Oct Nov Dec
2008: Jan Feb Mar Apr May Jun Jul Aug Sep Oct Nov Dec
2007: Jan Feb Mar Apr May Jun Jul Aug Sep Oct Nov Dec
2006: Jan Feb Mar Apr May Jun Jul Aug Sep Oct Nov Dec
2005: Jan Feb Mar Apr May Jun Jul Aug Sep Oct Nov Dec
2004: Jan Feb Mar Apr May Jun Jul Aug Sep Oct Nov Dec
2003: Jan Feb Mar Apr May Jun Jul Aug Sep Oct Nov Dec
2002: Jan Feb Mar Apr May Jun Jul Aug Sep Oct Nov Dec
2001: Jan Feb Mar Apr May Jun Jul Aug Sep Oct Nov Dec
2000: Jan Feb Mar Apr May Jun Jul Aug Sep Oct Nov Dec
1999: Jan Feb Mar Apr May Jun Jul Aug Sep Oct Nov Dec
1998: Jan Feb Mar Apr May Jun Jul Aug Sep Oct Nov Dec
1997: Jan Feb Mar Apr May Jun Jul Aug Sep Oct Nov Dec
1996: Jan Feb Mar Apr May Jun Jul Aug Sep Oct Nov Dec
1995: Jan Feb Mar Apr May Jun Jul Aug Sep Oct Nov Dec
1994: Jan Feb Mar Apr May Jun Jul Aug Sep Oct Nov Dec
1993: Jan Feb Mar Apr May Jun Jul Aug Sep Oct Nov Dec
1992: Jan Feb Mar Apr May Jun Jul Aug Sep Oct Nov Dec
1991: Jan Feb Mar Apr May Jun Jul Aug Sep Oct Nov Dec
1990: Jan Feb Mar Apr May Jun Jul Aug Sep Oct Nov Dec
1989: Jan Feb Mar Apr May Jun Jul Aug Sep Oct Nov Dec
1988: Jan Feb Mar Apr May Jun Jul Aug Sep Oct Nov Dec
1987: Jan Feb Mar Apr May Jun Jul Aug Sep Oct Nov Dec
1986: Jan Feb Mar Apr May Jun Jul Aug Sep Oct Nov Dec

Report for 1993 August
                  MONTHLY CLIMATOLOGICAL SUMMARY FOR 8/1993
                                        HEAT  COOL        
     MEAN                               DEG   DEG       WIND SPEED       DOM MEAN  MEAN
DAY  TEMP  HIGH   TIME     LOW   TIME   DAYS  DAYS RAIN AVG  HI  TIME    DIR BAROM HUM
---------------------------------------------------------------------------------------
1    66.1  75.9  7:00pm   63.0  4:00am   0.0  6.0  0.00   9  16  00:00     S  29.1 62.0
2    61.6  72.0  5:00pm   56.8  6:00am   0.0  1.8  0.00  12  23  00:00   SSW  29.0 67.3
3    53.9  59.9 12:00am   48.9  7:00am   8.1  0.0  0.00   9  17  00:00     S  27.9 80.1
4    60.1  77.0  1:00pm   50.0  6:00am   0.0  3.6  0.00  12  23  00:00   WSW  29.1 68.2
5    57.6  75.9  3:00pm   52.0  6:00am   0.0  1.8  0.00   9  17  00:00     S  29.0 74.7
6    62.6  81.0  3:00pm   52.0  4:00am   0.0  6.8  0.00  12  23  00:00   SSE  27.6 55.9
7    67.4  86.9  2:00pm   52.0  6:00am   0.0 12.2  0.00  12  23  00:00   SSE  28.8 47.1
8    66.9  86.0  1:00pm   55.9  3:00am   0.0 11.5  0.00  12  23  00:00     S  28.8 50.3
9    68.7  86.9  5:00pm   55.9  3:00am   0.0 12.8  0.00   7  13  00:00    SE  29.0 44.9
10   67.1  84.9  1:00pm   61.0  7:00pm   0.0 11.0  0.00  13  25  00:00   WSW  29.0 62.7
11   66.9  84.9  2:00pm   56.8  7:00am   0.0 10.9  0.00   7  14  00:00   SSW  29.0 62.7
12   58.5  65.8 12:00pm   56.8  6:00am   2.8  0.0  0.00   7  14  00:00    SE  29.1 82.1
13   66.5  83.8  3:00pm   55.9  5:00am   0.0 10.2  0.00  18  35  00:00     S  28.9 59.2
14   67.2  81.0  4:00pm   61.0 11:00pm   0.0  9.1  0.00  19  37  00:00   SSW  28.9 43.4
15   63.5  82.9  2:00pm   52.0  3:00am   0.0  8.2  0.00  12  23  00:00   SSE  28.9 53.7
16   69.8  90.0  4:00pm   52.0  5:00am   0.0 14.9  0.00  11  21  00:00   SSW  28.9 45.5
17   70.8  88.9  3:00pm   59.9  6:00am   0.0 14.9  0.00  10  18  00:00   ESE  28.9 37.6
18   62.5  77.0  2:00pm   59.9 11:00pm   0.0  4.8  0.00  10  18  00:00   SSW  28.9 67.9
19     62  81.9  3:00pm   54.9  6:00am   0.0  7.0  0.00   9  17  00:00     S  29.0 67.9
20     62  81.0  4:00pm   54.0  6:00am   0.0  6.5  0.00  12  23  00:00    SW  29.0 71.5
21   62.2  79.9  1:00pm   56.8  6:00am   0.0  6.1  0.00  18  35  00:00    SW  28.9 72.0
22   63.7  79.9  4:00pm   54.9  2:00am   0.0  6.8  0.00   7  14  00:00     W  28.7 54.0
23   65.5  86.0  4:00pm   50.0  6:00am   0.0 10.8  0.00   6  12  00:00     S  28.9 42.8
24   70.6  90.9  3:00pm   54.0  6:00am   0.0 15.8  0.00  12  23  00:00   SSE  28.9 37.0
25   71.6  88.9  2:00pm   63.0  4:00am   0.0 15.3  0.00  12  22  00:00   WSW  28.8 42.5
26   58.3  68.0 12:00pm   54.9  5:00am   1.8  0.0  0.00   9  17  00:00     W  29.0 72.0
27   54.9  65.8  4:00pm   50.9  8:00am   4.6  0.0  0.00   9  17  00:00   SSW  29.1 81.8
28   63.4  79.0  3:00pm   54.9  6:00am   0.0  6.2  0.00   9  17  00:00     S  28.8 53.4
29   65.2  79.9  3:00pm   54.9  3:00am   0.0  7.6  0.00   6  12  00:00   SSW  28.8 49.2
30   49.5  63.9 12:00am   43.9  8:00am   8.3  0.0  0.00  12  23  00:00   SSW  28.9 73.1
31     56  70.0  2:00pm   50.0  2:00am   2.0  0.0  0.00  11  21  00:00   SSE  29.0 66.8