NOAA-Style Climate Reports

Select a Year or Month report
2018: Jan Feb Mar Apr May Jun Jul Aug Sep Oct Nov Dec
2017: Jan Feb Mar Apr May Jun Jul Aug Sep Oct Nov Dec
2016: Jan Feb Mar Apr May Jun Jul Aug Sep Oct Nov Dec
2015: Jan Feb Mar Apr May Jun Jul Aug Sep Oct Nov Dec
2014: Jan Feb Mar Apr May Jun Jul Aug Sep Oct Nov Dec
2013: Jan Feb Mar Apr May Jun Jul Aug Sep Oct Nov Dec
2012: Jan Feb Mar Apr May Jun Jul Aug Sep Oct Nov Dec
2011: Jan Feb Mar Apr May Jun Jul Aug Sep Oct Nov Dec
2010: Jan Feb Mar Apr May Jun Jul Aug Sep Oct Nov Dec
2009: Jan Feb Mar Apr May Jun Jul Aug Sep Oct Nov Dec
2008: Jan Feb Mar Apr May Jun Jul Aug Sep Oct Nov Dec
2007: Jan Feb Mar Apr May Jun Jul Aug Sep Oct Nov Dec
2006: Jan Feb Mar Apr May Jun Jul Aug Sep Oct Nov Dec
2005: Jan Feb Mar Apr May Jun Jul Aug Sep Oct Nov Dec
2004: Jan Feb Mar Apr May Jun Jul Aug Sep Oct Nov Dec
2003: Jan Feb Mar Apr May Jun Jul Aug Sep Oct Nov Dec
2002: Jan Feb Mar Apr May Jun Jul Aug Sep Oct Nov Dec
2001: Jan Feb Mar Apr May Jun Jul Aug Sep Oct Nov Dec
2000: Jan Feb Mar Apr May Jun Jul Aug Sep Oct Nov Dec
1999: Jan Feb Mar Apr May Jun Jul Aug Sep Oct Nov Dec
1998: Jan Feb Mar Apr May Jun Jul Aug Sep Oct Nov Dec
1997: Jan Feb Mar Apr May Jun Jul Aug Sep Oct Nov Dec
1996: Jan Feb Mar Apr May Jun Jul Aug Sep Oct Nov Dec
1995: Jan Feb Mar Apr May Jun Jul Aug Sep Oct Nov Dec
1994: Jan Feb Mar Apr May Jun Jul Aug Sep Oct Nov Dec
1993: Jan Feb Mar Apr May Jun Jul Aug Sep Oct Nov Dec
1992: Jan Feb Mar Apr May Jun Jul Aug Sep Oct Nov Dec
1991: Jan Feb Mar Apr May Jun Jul Aug Sep Oct Nov Dec
1990: Jan Feb Mar Apr May Jun Jul Aug Sep Oct Nov Dec
1989: Jan Feb Mar Apr May Jun Jul Aug Sep Oct Nov Dec
1988: Jan Feb Mar Apr May Jun Jul Aug Sep Oct Nov Dec
1987: Jan Feb Mar Apr May Jun Jul Aug Sep Oct Nov Dec
1986: Jan Feb Mar Apr May Jun Jul Aug Sep Oct Nov Dec

Report for 1993 September
                  MONTHLY CLIMATOLOGICAL SUMMARY FOR 9/1993
                                        HEAT  COOL        
     MEAN                               DEG   DEG       WIND SPEED       DOM MEAN  MEAN
DAY  TEMP  HIGH   TIME     LOW   TIME   DAYS  DAYS RAIN AVG  HI  TIME    DIR BAROM HUM
---------------------------------------------------------------------------------------
1    63.9  79.9  1:00pm   52.0  2:00am   0.0  6.9  0.00  11  21  00:00   WSW  28.7 47.0
2    50.6  63.0  1:00am   46.9  1:00pm   8.2  0.0  0.00  12  23  00:00     S  29.0 71.9
3    59.8  82.9  3:00pm   38.8  7:00am   0.0  6.4  0.00   7  13  00:00    SE  29.1 52.3
4    63.9  82.9  5:00pm   47.8  6:00am   0.0  8.4  0.00  15  29  00:00     S  28.9 40.2
5    56.4  72.0  4:00pm   50.9  6:00am   0.8  0.0  0.00  11  21  00:00    SE  28.9 72.1
6    56.5  72.0  3:00pm   48.9  7:00am   0.7  0.0  0.00   9  17  00:00   SSE  29.0 75.4
7      54  72.0  2:00pm   47.8 11:00pm   2.0  0.0  0.00  24  46  00:00     S  27.9 79.2
8      55  74.8  5:00pm   39.9  7:00am   0.1  0.0  0.00   6  12  00:00     S  29.0 62.0
9    60.4  72.0  1:00pm   48.9  7:00am   0.0  1.2  0.00  11  21  00:00    SE  29.0 47.8
10   60.2  77.0  4:00pm   52.0  7:00am   0.0  3.6  0.00  12  23  00:00   SSE  29.0 55.2
11   68.2  86.0  3:00pm   57.9  3:00am   0.0 12.1  0.00   7  14  00:00    SW  28.8 30.0
12   69.6  86.9  4:00pm   54.9 11:00pm   0.0 13.3  0.00  21  40  00:00    SW  28.5 25.3
13     34  52.0 12:00am   29.8  7:00pm  22.0  0.0  0.00   9  17  00:00   WNW  28.9 90.4
14   40.9  61.9  6:00pm   27.0  7:00am  13.6  0.0  0.00   9  16  00:00   SSE  28.9 69.0
15   55.8  74.8  4:00pm   39.9  5:00am   0.0  0.3  0.00   9  17  00:00   SSE  28.8 42.4
16   51.8  64.9  5:00pm   46.9  6:00am   6.6  0.0  0.00   6  12  00:00     W  28.5 57.5
17   51.1  72.0  4:00pm   43.0  4:00am   3.4  0.0  0.00  16  31  00:00     S  28.9 76.0
18   47.9  61.0  1:00pm   43.9 11:00pm  10.5  0.0  0.00  12  23  00:00   SSE  28.7 83.5
19   50.6  68.0  5:00pm   37.9  7:00am   5.7  0.0  0.00  10  18  00:00    SW  28.7 61.1
20   56.2  77.0  3:00pm   39.9  7:00am   0.0  1.6  0.00  11  21  00:00    SE  28.9 38.7
21   63.5  82.9  3:00pm   52.0  1:00am   0.0  8.2  0.00  12  22  00:00   SSE  28.8 31.5
22   48.6  55.9 12:00am   45.9 10:00am  12.7  0.0  0.00   9  17  00:00   WNW  27.6 80.3
23   50.3  59.0  5:00pm   48.9  1:00am  10.3  0.0  0.00  11  21  00:00   WSW  27.7 76.9
24   50.4  64.9  2:00pm   43.9 11:00pm   7.3  0.0  0.00  11  21  00:00    SW  28.9 72.8
25   53.9  72.9  3:00pm   39.9  3:00am   1.6  0.0  0.00   9  17  00:00   SSW  28.8 41.0
26     48  61.9  5:00pm   41.0  3:00am  10.0  0.0  0.00   8  15  00:00   ESE  29.1 60.4
27   58.6  79.9  3:00pm   39.9  7:00am   0.0  4.3  0.00   6  12  00:00     S  29.1 33.1
28   51.9  65.8  4:00pm   45.9  7:00am   6.1  0.0  0.00   9  17  00:00   WNW  29.1 45.9
29     54  74.8  4:00pm   41.0  7:00am   0.6  0.0  0.00  11  21  00:00   SSE  29.0 51.9
30   63.7  81.0  2:00pm   50.9 12:00am   0.0  7.4  0.00  12  23  00:00     W  28.8 25.1