NOAA-Style Climate Reports

Select a Year or Month report
2018: Jan Feb Mar Apr May Jun Jul Aug Sep Oct Nov Dec
2017: Jan Feb Mar Apr May Jun Jul Aug Sep Oct Nov Dec
2016: Jan Feb Mar Apr May Jun Jul Aug Sep Oct Nov Dec
2015: Jan Feb Mar Apr May Jun Jul Aug Sep Oct Nov Dec
2014: Jan Feb Mar Apr May Jun Jul Aug Sep Oct Nov Dec
2013: Jan Feb Mar Apr May Jun Jul Aug Sep Oct Nov Dec
2012: Jan Feb Mar Apr May Jun Jul Aug Sep Oct Nov Dec
2011: Jan Feb Mar Apr May Jun Jul Aug Sep Oct Nov Dec
2010: Jan Feb Mar Apr May Jun Jul Aug Sep Oct Nov Dec
2009: Jan Feb Mar Apr May Jun Jul Aug Sep Oct Nov Dec
2008: Jan Feb Mar Apr May Jun Jul Aug Sep Oct Nov Dec
2007: Jan Feb Mar Apr May Jun Jul Aug Sep Oct Nov Dec
2006: Jan Feb Mar Apr May Jun Jul Aug Sep Oct Nov Dec
2005: Jan Feb Mar Apr May Jun Jul Aug Sep Oct Nov Dec
2004: Jan Feb Mar Apr May Jun Jul Aug Sep Oct Nov Dec
2003: Jan Feb Mar Apr May Jun Jul Aug Sep Oct Nov Dec
2002: Jan Feb Mar Apr May Jun Jul Aug Sep Oct Nov Dec
2001: Jan Feb Mar Apr May Jun Jul Aug Sep Oct Nov Dec
2000: Jan Feb Mar Apr May Jun Jul Aug Sep Oct Nov Dec
1999: Jan Feb Mar Apr May Jun Jul Aug Sep Oct Nov Dec
1998: Jan Feb Mar Apr May Jun Jul Aug Sep Oct Nov Dec
1997: Jan Feb Mar Apr May Jun Jul Aug Sep Oct Nov Dec
1996: Jan Feb Mar Apr May Jun Jul Aug Sep Oct Nov Dec
1995: Jan Feb Mar Apr May Jun Jul Aug Sep Oct Nov Dec
1994: Jan Feb Mar Apr May Jun Jul Aug Sep Oct Nov Dec
1993: Jan Feb Mar Apr May Jun Jul Aug Sep Oct Nov Dec
1992: Jan Feb Mar Apr May Jun Jul Aug Sep Oct Nov Dec
1991: Jan Feb Mar Apr May Jun Jul Aug Sep Oct Nov Dec
1990: Jan Feb Mar Apr May Jun Jul Aug Sep Oct Nov Dec
1989: Jan Feb Mar Apr May Jun Jul Aug Sep Oct Nov Dec
1988: Jan Feb Mar Apr May Jun Jul Aug Sep Oct Nov Dec
1987: Jan Feb Mar Apr May Jun Jul Aug Sep Oct Nov Dec
1986: Jan Feb Mar Apr May Jun Jul Aug Sep Oct Nov Dec

Report for 1993 October
                  MONTHLY CLIMATOLOGICAL SUMMARY FOR 10/1993
                                        HEAT  COOL        
     MEAN                               DEG   DEG       WIND SPEED       DOM MEAN  MEAN
DAY  TEMP  HIGH   TIME     LOW   TIME   DAYS  DAYS RAIN AVG  HI  TIME    DIR BAROM HUM
---------------------------------------------------------------------------------------
1    55.5  72.0  2:00pm   39.9  7:00am   1.2  0.0  0.00  12  22  00:00    SW  28.8 43.3
2      48  63.0  4:00pm   37.9  6:00am   9.5  0.0  0.00  12  22  00:00    SW  29.1 60.4
3    56.1  77.9  4:00pm   41.0  6:00am   0.0  2.0  0.00   7  14  00:00   ESE  29.1 42.6
4      60  81.9  3:00pm   45.0  6:00am   0.0  6.0  0.00   9  16  00:00   SSE  29.0 32.2
5      63  81.0  3:00pm   52.0  4:00am   0.0  7.0  0.00   7  14  00:00   SSE  28.9 25.6
6    62.9  81.0  1:00pm   50.9  1:00am   0.0  7.0  0.00  15  29  00:00     S  28.9 29.2
7    51.6  61.9 11:00am   46.9  8:00pm   8.2  0.0  0.00  12  23  00:00     W  27.2 63.4
8    34.6  43.9  1:00am   28.9 10:00pm  25.7  0.0  0.00  10  20  00:00     E  28.8 87.2
9    28.6  34.9  4:00pm   25.9  3:00am  33.2  0.0  0.00   6  10  00:00     S  29.0 84.7
10   38.3  56.8  4:00pm   30.9  7:00am  17.4  0.0  0.00  15  29  00:00    SW  28.8 69.2
11   47.1  66.9  3:00pm   34.0  3:00am   8.0  0.0  0.00   8  15  00:00     S  28.8 44.3
12     49  59.0  4:00pm   43.0  8:00am  11.0  0.0  0.00   7  13  00:00    SW  28.8 56.7
13   47.5  63.0  4:00pm   37.9  5:00am   9.7  0.0  0.00   7  14  00:00   SSE  28.8 67.6
14   46.4  65.8  2:00pm   37.9  8:00am   8.9  0.0  0.00  17  35  00:00   ESE  28.6 65.0
15   45.8  61.0  2:00pm   37.9  7:00am  11.6  0.0  0.00  10  20  00:00    SW  28.7 70.4
16   46.3  56.8  2:00pm   38.8  6:00am  13.4  0.0  0.00  15  29  00:00   SSE  28.7 65.8
17   41.1  45.9 12:00am   41.0  7:00am  21.5  0.0  0.00   9  16  00:00   ESE  27.4 88.5
18   38.1  43.0  2:00pm   38.8 12:00am  24.4  0.0  0.00   9  18  00:00    NE  28.6 90.9
19   41.9  56.8  4:00pm   32.0  6:00am  15.6  0.0  0.00   5   9  00:00     S  28.9 69.0
20   37.3  48.9  5:00pm   32.9  8:00am  21.9  0.0  0.00  18  35  00:00   SSE  27.9 76.0
21   43.8  63.9  3:00pm   29.8  7:00am  11.1  0.0  0.00   6  12  00:00    SE  27.9 53.2
22   48.4  66.9  3:00pm   36.9  8:00am   7.3  0.0  0.00   6  12  00:00   ESE  29.1 45.8
23   47.6  65.8  3:00pm   37.9  7:00am   8.3  0.0  0.00   5   9  00:00     S  29.0 47.8
24   49.5  70.9  4:00pm   36.0  6:00am   4.8  0.0  0.00   6  12  00:00     S  29.0 43.0
25     44  52.0  4:00pm   37.9  6:00am  17.0  0.0  0.00   9  17  00:00   ESE  29.0 43.8
26     34  41.0  4:00pm   27.9 11:00pm  27.5  0.0  0.00   7  14  00:00     S  29.1 55.1
27   39.8  61.0  4:00pm   23.0 12:00am  14.6  0.0  0.00   8  15  00:00    SW  28.9 49.0
28   42.7  54.0  2:00am   27.9  9:00pm  16.6  0.0  0.00  15  29  00:00     S  28.6 56.7
29   17.2  25.9 12:00am   14.9 11:00pm  43.4  0.0  0.00  11  21  00:00     E  26.8 85.1
30   19.6  37.9  3:00pm    2.8  7:00am  36.2  0.0  0.00   7  14  00:00    SE  28.6 70.3
31   42.4  61.0  1:00pm   32.0  5:00am  13.3  0.0  0.00   8  15  00:00     S  28.1 53.6