NOAA-Style Climate Reports

Select a Year or Month report
2018: Jan Feb Mar Apr May Jun Jul Aug Sep Oct Nov Dec
2017: Jan Feb Mar Apr May Jun Jul Aug Sep Oct Nov Dec
2016: Jan Feb Mar Apr May Jun Jul Aug Sep Oct Nov Dec
2015: Jan Feb Mar Apr May Jun Jul Aug Sep Oct Nov Dec
2014: Jan Feb Mar Apr May Jun Jul Aug Sep Oct Nov Dec
2013: Jan Feb Mar Apr May Jun Jul Aug Sep Oct Nov Dec
2012: Jan Feb Mar Apr May Jun Jul Aug Sep Oct Nov Dec
2011: Jan Feb Mar Apr May Jun Jul Aug Sep Oct Nov Dec
2010: Jan Feb Mar Apr May Jun Jul Aug Sep Oct Nov Dec
2009: Jan Feb Mar Apr May Jun Jul Aug Sep Oct Nov Dec
2008: Jan Feb Mar Apr May Jun Jul Aug Sep Oct Nov Dec
2007: Jan Feb Mar Apr May Jun Jul Aug Sep Oct Nov Dec
2006: Jan Feb Mar Apr May Jun Jul Aug Sep Oct Nov Dec
2005: Jan Feb Mar Apr May Jun Jul Aug Sep Oct Nov Dec
2004: Jan Feb Mar Apr May Jun Jul Aug Sep Oct Nov Dec
2003: Jan Feb Mar Apr May Jun Jul Aug Sep Oct Nov Dec
2002: Jan Feb Mar Apr May Jun Jul Aug Sep Oct Nov Dec
2001: Jan Feb Mar Apr May Jun Jul Aug Sep Oct Nov Dec
2000: Jan Feb Mar Apr May Jun Jul Aug Sep Oct Nov Dec
1999: Jan Feb Mar Apr May Jun Jul Aug Sep Oct Nov Dec
1998: Jan Feb Mar Apr May Jun Jul Aug Sep Oct Nov Dec
1997: Jan Feb Mar Apr May Jun Jul Aug Sep Oct Nov Dec
1996: Jan Feb Mar Apr May Jun Jul Aug Sep Oct Nov Dec
1995: Jan Feb Mar Apr May Jun Jul Aug Sep Oct Nov Dec
1994: Jan Feb Mar Apr May Jun Jul Aug Sep Oct Nov Dec
1993: Jan Feb Mar Apr May Jun Jul Aug Sep Oct Nov Dec
1992: Jan Feb Mar Apr May Jun Jul Aug Sep Oct Nov Dec
1991: Jan Feb Mar Apr May Jun Jul Aug Sep Oct Nov Dec
1990: Jan Feb Mar Apr May Jun Jul Aug Sep Oct Nov Dec
1989: Jan Feb Mar Apr May Jun Jul Aug Sep Oct Nov Dec
1988: Jan Feb Mar Apr May Jun Jul Aug Sep Oct Nov Dec
1987: Jan Feb Mar Apr May Jun Jul Aug Sep Oct Nov Dec
1986: Jan Feb Mar Apr May Jun Jul Aug Sep Oct Nov Dec

Report for 1993 November
                  MONTHLY CLIMATOLOGICAL SUMMARY FOR 11/1993
                                        HEAT  COOL        
     MEAN                               DEG   DEG       WIND SPEED       DOM MEAN  MEAN
DAY  TEMP  HIGH   TIME     LOW   TIME   DAYS  DAYS RAIN AVG  HI  TIME    DIR BAROM HUM
---------------------------------------------------------------------------------------
1    37.4  47.8 12:00pm   27.0 11:00pm  22.4  0.0  0.00  11  21  00:00     S  28.8 64.9
2    31.7  50.0  4:00pm   12.9  6:00am  24.1  0.0  0.00   9  16  00:00    SW  28.9 69.7
3    45.4  61.0  2:00pm   34.0 12:00am  11.8  0.0  0.00  12  23  00:00    SW  28.7 48.8
4    30.1  41.9  1:00am   21.9 10:00pm  29.0  0.0  0.00  12  23  00:00   ESE  28.7 82.0
5      18  21.9 12:00am   16.9  9:00pm  45.0  0.0  0.00   5   9  00:00   SSE  28.3 79.6
6      30  45.9  3:00pm   14.9 12:00am  27.0  0.0  0.00   7  14  00:00     S  26.3 64.3
7    37.9  47.8  1:00pm   32.0  8:00am  22.1  0.0  0.00   9  17  00:00   ESE  27.8 65.2
8    37.1  47.8  1:00pm   25.9 12:00am  22.5  0.0  0.00   6  12  00:00     E  27.6 64.3
9    41.4  61.0  2:00pm   32.0  7:00pm  13.8  0.0  0.00   8  15  00:00    SE  28.1 61.0
10     46  63.0  1:00pm   34.9 11:00pm  10.5  0.0  0.00   9  17  00:00    SE  28.1 51.8
11   40.8  56.8  1:00pm   32.9  6:00am  16.2  0.0  0.00   9  16  00:00     S  28.6 66.4
12   30.8  34.9  1:00pm   32.0 12:00am  32.1  0.0  0.00   8  15  00:00     S  27.4 88.4
13   31.7  36.9  1:00pm   32.0  1:00am  30.7  0.0  0.00  12  23  00:00     S  27.8 86.8
14
15   30.4  38.8  2:00pm   32.9  4:00pm  30.4  0.0  0.00   5   9  00:00   SSE  25.0 69.8
16   35.3  47.8  2:00pm   32.0  9:00am  23.4  0.0  0.00   5   9  00:00   SSE  27.1 69.3
17   34.8  45.9  2:00pm   32.0  9:00pm  24.6  0.0  0.00   7  13  00:00   WSW  27.4 69.0
18   41.8  61.9 12:00pm   32.0  5:00am  13.1  0.0  0.00   9  16  00:00   ESE  28.3 64.6
19   30.1  47.8  1:00pm   21.9 11:00pm  26.0  0.0  0.00   7  13  00:00    SW  25.9 64.9
20   34.7  54.0  2:00pm   18.9  4:00am  20.6  0.0  0.00   7  13  00:00   SSE  28.9 46.4
21   39.6  55.9  1:00pm   32.0  6:00am  17.2  0.0  0.00   9  17  00:00   SSE  28.8 42.3
22   43.2  59.9  2:00pm   32.9 11:00pm  13.4  0.0  0.00   9  17  00:00    SW  28.6 43.1
23   21.5  34.0 12:00am    9.9 11:00pm  37.2  0.0  0.00   7  14  00:00     E  27.2 84.7
24    1.8   9.0 12:00am   -8.1 10:00pm  59.6  0.0  0.00   6  12  00:00   ENE  29.0 89.2
25    4.9  14.0  3:00pm   -5.1 12:00am  55.5  0.0  0.00   6  12  00:00     S  28.8 84.7
26   21.4  32.0  2:00pm    3.9  3:00am  38.3  0.0  0.00  18  35  00:00   WNW  28.8 47.8
27   33.9  47.8  3:00pm   23.0  4:00am  24.1  0.0  0.00  15  29  00:00     W  28.8 36.5
28   36.3  50.9 12:00pm   25.9  5:00am  21.4  0.0  0.00   9  16  00:00   SSE  28.8 48.9
29   37.2  54.0  1:00pm   30.9  1:00am  19.4  0.0  0.00   7  13  00:00    SE  28.8 56.7
30   36.6  50.9  1:00pm   27.9  9:00pm  21.2  0.0  0.00  12  23  00:00     S  28.7 54.3