NOAA-Style Climate Reports

Select a Year or Month report
2018: Jan Feb Mar Apr May Jun Jul Aug Sep Oct Nov Dec
2017: Jan Feb Mar Apr May Jun Jul Aug Sep Oct Nov Dec
2016: Jan Feb Mar Apr May Jun Jul Aug Sep Oct Nov Dec
2015: Jan Feb Mar Apr May Jun Jul Aug Sep Oct Nov Dec
2014: Jan Feb Mar Apr May Jun Jul Aug Sep Oct Nov Dec
2013: Jan Feb Mar Apr May Jun Jul Aug Sep Oct Nov Dec
2012: Jan Feb Mar Apr May Jun Jul Aug Sep Oct Nov Dec
2011: Jan Feb Mar Apr May Jun Jul Aug Sep Oct Nov Dec
2010: Jan Feb Mar Apr May Jun Jul Aug Sep Oct Nov Dec
2009: Jan Feb Mar Apr May Jun Jul Aug Sep Oct Nov Dec
2008: Jan Feb Mar Apr May Jun Jul Aug Sep Oct Nov Dec
2007: Jan Feb Mar Apr May Jun Jul Aug Sep Oct Nov Dec
2006: Jan Feb Mar Apr May Jun Jul Aug Sep Oct Nov Dec
2005: Jan Feb Mar Apr May Jun Jul Aug Sep Oct Nov Dec
2004: Jan Feb Mar Apr May Jun Jul Aug Sep Oct Nov Dec
2003: Jan Feb Mar Apr May Jun Jul Aug Sep Oct Nov Dec
2002: Jan Feb Mar Apr May Jun Jul Aug Sep Oct Nov Dec
2001: Jan Feb Mar Apr May Jun Jul Aug Sep Oct Nov Dec
2000: Jan Feb Mar Apr May Jun Jul Aug Sep Oct Nov Dec
1999: Jan Feb Mar Apr May Jun Jul Aug Sep Oct Nov Dec
1998: Jan Feb Mar Apr May Jun Jul Aug Sep Oct Nov Dec
1997: Jan Feb Mar Apr May Jun Jul Aug Sep Oct Nov Dec
1996: Jan Feb Mar Apr May Jun Jul Aug Sep Oct Nov Dec
1995: Jan Feb Mar Apr May Jun Jul Aug Sep Oct Nov Dec
1994: Jan Feb Mar Apr May Jun Jul Aug Sep Oct Nov Dec
1993: Jan Feb Mar Apr May Jun Jul Aug Sep Oct Nov Dec
1992: Jan Feb Mar Apr May Jun Jul Aug Sep Oct Nov Dec
1991: Jan Feb Mar Apr May Jun Jul Aug Sep Oct Nov Dec
1990: Jan Feb Mar Apr May Jun Jul Aug Sep Oct Nov Dec
1989: Jan Feb Mar Apr May Jun Jul Aug Sep Oct Nov Dec
1988: Jan Feb Mar Apr May Jun Jul Aug Sep Oct Nov Dec
1987: Jan Feb Mar Apr May Jun Jul Aug Sep Oct Nov Dec
1986: Jan Feb Mar Apr May Jun Jul Aug Sep Oct Nov Dec

Report for 1993 December
                  MONTHLY CLIMATOLOGICAL SUMMARY FOR 12/1993
                                        HEAT  COOL        
     MEAN                               DEG   DEG       WIND SPEED       DOM MEAN  MEAN
DAY  TEMP  HIGH   TIME     LOW   TIME   DAYS  DAYS RAIN AVG  HI  TIME    DIR BAROM HUM
---------------------------------------------------------------------------------------
1      36  48.9  2:00pm   27.9 12:00am  22.5  0.0  0.00   8  15  00:00    SW  27.5 47.7
2    34.4  47.8 11:00am   27.0  1:00am  23.9  0.0  0.00  10  20  00:00   ESE  28.9 58.1
3    30.5  43.9  4:00pm   23.0  7:00am  27.8  0.0  0.00   5   9  00:00   SSW  28.9 45.0
4    41.6  61.0  2:00pm   27.9 12:00am  13.7  0.0  0.00   9  17  00:00   SSW  28.7 32.0
5    30.6  41.9  2:00pm   19.9 11:00pm  28.7  0.0  0.00  21  40  00:00   WSW  28.8 39.3
6    26.3  41.9  2:00pm   14.9  7:00am  30.9  0.0  0.00   6  12  00:00    SW  28.6 57.5
7    33.4  48.9  2:00pm   23.9  2:00am  23.8  0.0  0.00  10  20  00:00    SE  28.8 39.7
8    40.4  61.0  2:00pm   28.9  2:00am  14.3  0.0  0.00  11  21  00:00     S  28.6 36.3
9    44.7  59.0 12:00pm   36.0  8:00pm  13.1  0.0  0.00  12  22  00:00     S  28.7 33.0
10   39.2  55.9  2:00pm   30.9 12:00am  17.4  0.0  0.00   7  13  00:00     S  28.9 42.9
11   44.4  63.9  4:00pm   36.0  8:00am  10.8  0.0  0.00  12  23  00:00     S  27.3 29.0
12   43.3  56.8  1:00pm   34.9 10:00pm  14.9  0.0  0.00  18  35  00:00   WNW  28.3 47.0
13   29.7  41.0  3:00pm   23.0  7:00am  29.6  0.0  0.00  12  22  00:00   NNW  28.6 53.1
14   28.6  50.0  2:00pm   18.9  5:00am  25.7  0.0  0.00   7  13  00:00    SE  28.5 43.8
15   25.2  34.0  2:00pm   18.9  6:00am  35.4  0.0  0.00   6  10  00:00     W  27.2 57.1
16   20.4  25.9  3:00pm   11.8 11:00pm  41.8  0.0  0.00   7  14  00:00    NW  28.6 87.4
17   17.2  34.9  1:00pm    5.9  4:00am  38.9  0.0  0.00   7  14  00:00    SE  28.8 70.7
18   21.6  39.9  3:00pm   10.9  6:00am  34.2  0.0  0.00   5   9  00:00    SE  28.8 61.9
19   21.2  27.9 11:00am   16.9  5:00am  40.4  0.0  0.00   9  17  00:00     E  28.8 70.8
20   21.4  36.9  2:00pm    0.9  5:00am  35.8  0.0  0.00   7  14  00:00     S  28.7 59.1
21   19.9  32.9 12:00am   12.9 11:00pm  38.6  0.0  0.00   7  14  00:00   ENE  28.7 70.5
22     13  29.8  3:00pm   -1.1  6:00am  43.6  0.0  0.00   7  14  00:00   SSE  27.5 73.3
23   15.3  23.0  1:00am    5.9  7:00pm  45.8  0.0  0.00  13  25  00:00   SSW  28.8 83.6
24   29.8  41.9  3:00pm    9.0 12:00am  29.1  0.0  0.00  10  18  00:00     W  28.9 45.3
25   35.1  50.9  2:00pm   20.8  3:00am  22.0  0.0  0.00   9  17  00:00    SW  28.9 39.7
26   37.6  50.9 11:00am   29.8  7:00am  20.7  0.0  0.00   7  14  00:00     S  28.7 44.6
27   27.6  32.9  1:00am   25.0  7:00am  34.7  0.0  0.00   6  13  00:00    NW  28.8 78.4
28   29.2  45.9  3:00pm   18.9  6:00am  27.4  0.0  0.00   6  12  00:00    SE  29.0 67.7
29     26  39.9  1:00pm   16.0  6:00am  32.0  0.0  0.00  10  20  00:00   SSE  29.0 69.4
30   33.1  54.9  3:00pm   18.9  6:00am  21.0  0.0  0.00   8  15  00:00   SSE  28.9 46.1
31     36  47.8 12:00pm   25.9  2:00am  23.1  0.0  0.00  18  35  00:00    SW  28.6 35.8