NOAA-Style Climate Reports

Select a Year or Month report
2018: Jan Feb Mar Apr May Jun Jul Aug Sep Oct Nov Dec
2017: Jan Feb Mar Apr May Jun Jul Aug Sep Oct Nov Dec
2016: Jan Feb Mar Apr May Jun Jul Aug Sep Oct Nov Dec
2015: Jan Feb Mar Apr May Jun Jul Aug Sep Oct Nov Dec
2014: Jan Feb Mar Apr May Jun Jul Aug Sep Oct Nov Dec
2013: Jan Feb Mar Apr May Jun Jul Aug Sep Oct Nov Dec
2012: Jan Feb Mar Apr May Jun Jul Aug Sep Oct Nov Dec
2011: Jan Feb Mar Apr May Jun Jul Aug Sep Oct Nov Dec
2010: Jan Feb Mar Apr May Jun Jul Aug Sep Oct Nov Dec
2009: Jan Feb Mar Apr May Jun Jul Aug Sep Oct Nov Dec
2008: Jan Feb Mar Apr May Jun Jul Aug Sep Oct Nov Dec
2007: Jan Feb Mar Apr May Jun Jul Aug Sep Oct Nov Dec
2006: Jan Feb Mar Apr May Jun Jul Aug Sep Oct Nov Dec
2005: Jan Feb Mar Apr May Jun Jul Aug Sep Oct Nov Dec
2004: Jan Feb Mar Apr May Jun Jul Aug Sep Oct Nov Dec
2003: Jan Feb Mar Apr May Jun Jul Aug Sep Oct Nov Dec
2002: Jan Feb Mar Apr May Jun Jul Aug Sep Oct Nov Dec
2001: Jan Feb Mar Apr May Jun Jul Aug Sep Oct Nov Dec
2000: Jan Feb Mar Apr May Jun Jul Aug Sep Oct Nov Dec
1999: Jan Feb Mar Apr May Jun Jul Aug Sep Oct Nov Dec
1998: Jan Feb Mar Apr May Jun Jul Aug Sep Oct Nov Dec
1997: Jan Feb Mar Apr May Jun Jul Aug Sep Oct Nov Dec
1996: Jan Feb Mar Apr May Jun Jul Aug Sep Oct Nov Dec
1995: Jan Feb Mar Apr May Jun Jul Aug Sep Oct Nov Dec
1994: Jan Feb Mar Apr May Jun Jul Aug Sep Oct Nov Dec
1993: Jan Feb Mar Apr May Jun Jul Aug Sep Oct Nov Dec
1992: Jan Feb Mar Apr May Jun Jul Aug Sep Oct Nov Dec
1991: Jan Feb Mar Apr May Jun Jul Aug Sep Oct Nov Dec
1990: Jan Feb Mar Apr May Jun Jul Aug Sep Oct Nov Dec
1989: Jan Feb Mar Apr May Jun Jul Aug Sep Oct Nov Dec
1988: Jan Feb Mar Apr May Jun Jul Aug Sep Oct Nov Dec
1987: Jan Feb Mar Apr May Jun Jul Aug Sep Oct Nov Dec
1986: Jan Feb Mar Apr May Jun Jul Aug Sep Oct Nov Dec

Report for 1994 January
                  MONTHLY CLIMATOLOGICAL SUMMARY FOR 1/1994
                                        HEAT  COOL        
     MEAN                               DEG   DEG       WIND SPEED       DOM MEAN  MEAN
DAY  TEMP  HIGH   TIME     LOW   TIME   DAYS  DAYS RAIN AVG  HI  TIME    DIR BAROM HUM
---------------------------------------------------------------------------------------
1    30.8  50.0  2:00pm   21.9  6:00am  24.6  0.0  0.00   6  12  00:00    SE  28.7 53.8
2    33.7  41.0  1:00pm   25.0  9:00pm  27.6  0.0  0.00  16  31  00:00    NW  28.9 44.6
3    36.4  48.9  2:00pm   25.9 11:00pm  22.3  0.0  0.00  21  40  00:00   WNW  27.5 44.1
4    31.7  48.9  1:00pm   19.9  4:00am  24.7  0.0  0.00  10  20  00:00    SE  28.8 61.8
5    41.6  54.9  2:00pm   30.9  9:00pm  16.7  0.0  0.00  15  29  00:00     W  28.5 40.2
6    26.4  30.9  3:00pm   18.9 10:00pm  36.3  0.0  0.00   9  17  00:00   WSW  28.6 55.0
7    27.3  41.0  2:00pm   16.0  5:00am  30.8  0.0  0.00  15  29  00:00   WSW  28.7 47.0
8    30.4  43.9  1:00pm   21.9  5:00am  27.8  0.0  0.00  11  21  00:00    SE  27.6 47.8
9    28.8  38.8 12:00pm   20.8 11:00pm  31.2  0.0  0.00   7  13  00:00   SSW  28.4 56.5
10   25.8  41.9  2:00pm   14.9  7:00am  31.1  0.0  0.00   7  13  00:00   SSE  28.8 55.8
11   32.1  50.0  3:00pm   18.0  5:00am  23.9  0.0  0.00   9  17  00:00   SSE  28.8 39.3
12   29.5  43.9  1:00pm   18.0  5:00am  28.3  0.0  0.00  10  18  00:00    SW  28.8 45.3
13     35  46.9  2:00pm   21.9  6:00am  24.0  0.0  0.00  10  18  00:00   WNW  28.9 40.8
14   38.2  54.0  2:00pm   25.9 10:00pm  18.9  0.0  0.00  10  20  00:00     W  28.8 38.8
15     34  52.9  1:00pm   21.9  1:00am  21.5  0.0  0.00   6  13  00:00   SSE  28.7 44.6
16   28.7  39.9  2:00am   25.0 11:00pm  30.7  0.0  0.00   8  15  00:00   WSW  28.7 67.6
17   24.1  41.0 11:00am   11.8 10:00pm  32.4  0.0  0.00   7  14  00:00    SW  28.8 62.6
18   34.5  55.9  1:00pm    9.9 12:00am  19.8  0.0  0.00  12  23  00:00   WNW  28.9 46.4
19   41.8  56.8  2:00pm   25.0 11:00pm  15.7  0.0  0.00   9  17  00:00   WNW  28.8 23.4
20   27.8  43.9  3:00pm   16.9  2:00am  29.1  0.0  0.00   6  10  00:00   WSW  29.1 68.4
21   33.9  56.8  3:00pm   21.9  7:00am  19.6  0.0  0.00   7  14  00:00    SE  29.1 46.5
22   37.5  57.9  2:00pm   23.9  5:00am  17.3  0.0  0.00   6  12  00:00    SE  29.0 29.4
23   38.7  59.0  2:00pm   25.9  2:00am  16.1  0.0  0.00   9  16  00:00   SSE  28.9 31.3
24     42  55.9  1:00pm   32.0  4:00am  16.0  0.0  0.00   8  15  00:00     S  28.6 29.0
25   34.3  52.9  3:00pm   27.0  3:00am  21.4  0.0  0.00  12  23  00:00     S  28.4 46.0
26   19.6  32.0 12:00am   14.9  8:00am  39.2  0.0  0.00   9  16  00:00    NW  28.3 89.4
27   24.7  29.8  2:00pm   23.0  1:00am  37.7  0.0  0.00   7  14  00:00    NW  28.7 90.3
28   19.4  30.9  2:00pm   11.8  7:00am  39.8  0.0  0.00   7  13  00:00     S  28.8 77.9
29   19.1  25.9  1:00pm   14.9  2:00am  42.5  0.0  0.00  15  29  00:00    SE  28.8 86.6
30    9.1  14.9  3:00am   -1.1 11:00pm  53.0  0.0  0.00   7  14  00:00   ENE  27.6 84.2
31    3.1  18.9  3:00pm   -7.1  4:00am  54.0  0.0  0.00   8  15  00:00    SE  28.8 72.6