NOAA-Style Climate Reports

Select a Year or Month report
2018: Jan Feb Mar Apr May Jun Jul Aug Sep Oct Nov Dec
2017: Jan Feb Mar Apr May Jun Jul Aug Sep Oct Nov Dec
2016: Jan Feb Mar Apr May Jun Jul Aug Sep Oct Nov Dec
2015: Jan Feb Mar Apr May Jun Jul Aug Sep Oct Nov Dec
2014: Jan Feb Mar Apr May Jun Jul Aug Sep Oct Nov Dec
2013: Jan Feb Mar Apr May Jun Jul Aug Sep Oct Nov Dec
2012: Jan Feb Mar Apr May Jun Jul Aug Sep Oct Nov Dec
2011: Jan Feb Mar Apr May Jun Jul Aug Sep Oct Nov Dec
2010: Jan Feb Mar Apr May Jun Jul Aug Sep Oct Nov Dec
2009: Jan Feb Mar Apr May Jun Jul Aug Sep Oct Nov Dec
2008: Jan Feb Mar Apr May Jun Jul Aug Sep Oct Nov Dec
2007: Jan Feb Mar Apr May Jun Jul Aug Sep Oct Nov Dec
2006: Jan Feb Mar Apr May Jun Jul Aug Sep Oct Nov Dec
2005: Jan Feb Mar Apr May Jun Jul Aug Sep Oct Nov Dec
2004: Jan Feb Mar Apr May Jun Jul Aug Sep Oct Nov Dec
2003: Jan Feb Mar Apr May Jun Jul Aug Sep Oct Nov Dec
2002: Jan Feb Mar Apr May Jun Jul Aug Sep Oct Nov Dec
2001: Jan Feb Mar Apr May Jun Jul Aug Sep Oct Nov Dec
2000: Jan Feb Mar Apr May Jun Jul Aug Sep Oct Nov Dec
1999: Jan Feb Mar Apr May Jun Jul Aug Sep Oct Nov Dec
1998: Jan Feb Mar Apr May Jun Jul Aug Sep Oct Nov Dec
1997: Jan Feb Mar Apr May Jun Jul Aug Sep Oct Nov Dec
1996: Jan Feb Mar Apr May Jun Jul Aug Sep Oct Nov Dec
1995: Jan Feb Mar Apr May Jun Jul Aug Sep Oct Nov Dec
1994: Jan Feb Mar Apr May Jun Jul Aug Sep Oct Nov Dec
1993: Jan Feb Mar Apr May Jun Jul Aug Sep Oct Nov Dec
1992: Jan Feb Mar Apr May Jun Jul Aug Sep Oct Nov Dec
1991: Jan Feb Mar Apr May Jun Jul Aug Sep Oct Nov Dec
1990: Jan Feb Mar Apr May Jun Jul Aug Sep Oct Nov Dec
1989: Jan Feb Mar Apr May Jun Jul Aug Sep Oct Nov Dec
1988: Jan Feb Mar Apr May Jun Jul Aug Sep Oct Nov Dec
1987: Jan Feb Mar Apr May Jun Jul Aug Sep Oct Nov Dec
1986: Jan Feb Mar Apr May Jun Jul Aug Sep Oct Nov Dec

Report for 1994 February
                  MONTHLY CLIMATOLOGICAL SUMMARY FOR 2/1994
                                        HEAT  COOL        
     MEAN                               DEG   DEG       WIND SPEED       DOM MEAN  MEAN
DAY  TEMP  HIGH   TIME     LOW   TIME   DAYS  DAYS RAIN AVG  HI  TIME    DIR BAROM HUM
---------------------------------------------------------------------------------------
1    15.8  27.9  2:00pm    9.9  6:00am  43.1  0.0  0.00   9  17  00:00   SSW  28.7 48.6
2      19  39.9  3:00pm    3.9  7:00am  35.5  0.0  0.00   9  17  00:00   SSE  28.5 53.6
3    20.6  43.0  2:00pm    5.9  7:00am  33.2  0.0  0.00   6  10  00:00   SSE  28.7 55.6
4    24.2  41.9  2:00pm    9.0  1:00am  31.9  0.0  0.00   7  14  00:00   SSE  28.7 56.5
5    26.3  43.9  1:00pm   11.8  3:00am  29.9  0.0  0.00  15  29  00:00     S  27.4 53.3
6    30.4  41.9  1:00pm   23.9  5:00am  28.8  0.0  0.00  12  23  00:00   SSE  28.6 39.2
7    27.7  43.9  2:00pm   16.0  5:00am  29.2  0.0  0.00  14  27  00:00    SW  28.6 68.2
8    16.4  41.0 12:00am    1.9  7:00pm  36.3  0.0  0.00  18  35  00:00    SE  27.3 74.5
9    24.4  41.9  2:00pm    3.9 12:00am  31.8  0.0  0.00   7  14  00:00   SSE  28.6 64.6
10   33.1  41.0 11:00am   25.0  6:00am  27.9  0.0  0.00  16  31  00:00   SSW  28.7 54.5
11   28.5  50.0 12:00pm   18.0 11:00pm  25.7  0.0  0.00  14  27  00:00    NW  28.5 73.2
12   17.4  27.0  3:00pm    9.9  8:00am  42.8  0.0  0.00  12  22  00:00   SSW  29.0 68.8
13   31.8  50.9  4:00pm   16.0 12:00am  23.6  0.0  0.00  12  23  00:00   SSW  29.1 37.3
14   35.1  46.9  3:00pm   27.0 11:00pm  24.0  0.0  0.00   7  14  00:00     S  28.7 38.3
15   32.5  50.0  3:00pm   18.9  7:00am  23.7  0.0  0.00  10  18  00:00   SSE  28.8 51.8
16     43  59.9  2:00pm   36.0  1:00am  13.5  0.0  0.00   7  14  00:00     S  28.9 32.9
17     45  59.0  1:00pm   36.9  2:00am  13.0  0.0  0.00  14  28  00:00   SSW  28.6 37.4
18   43.8  55.9  2:00pm   34.0  9:00pm  15.1  0.0  0.00  21  40  00:00     S  28.2 45.8
19   31.3  39.9  4:00pm   25.0  7:00am  29.4  0.0  0.00   7  14  00:00   SSW  28.5 56.3
20   30.7  43.0  3:00pm   20.8  7:00am  28.1  0.0  0.00  12  22  00:00    SE  28.8 59.4
21   25.5  32.0  2:00pm   21.9 11:00pm  36.2  0.0  0.00  12  23  00:00    NW  28.7 81.6
22   19.2  21.9  2:00pm   16.9 10:00pm  44.4  0.0  0.00   7  13  00:00     W  28.6 87.9
23     25  39.9  4:00pm    9.0  1:00am  32.5  0.0  0.00   9  17  00:00    SW  28.6 49.8
24   37.4  52.9  1:00pm   11.8 11:00pm  19.8  0.0  0.00  17  32  00:00   SSW  28.4 44.1
25   18.3  34.0  5:00pm    9.0  4:00am  38.8  0.0  0.00   6  12  00:00     E  28.8 72.0
26   36.5  61.0  3:00pm   18.9  1:00am  16.2  0.0  0.00   7  14  00:00   SSE  28.7 58.3
27   41.4  55.9  1:00pm   32.9  2:00am  16.3  0.0  0.00   7  14  00:00   WSW  28.7 53.3
28   34.1  45.0 12:00pm   29.8 10:00pm  25.4  0.0  0.00  12  23  00:00   SSW  28.7 85.0