NOAA-Style Climate Reports

Select a Year or Month report
2018: Jan Feb Mar Apr May Jun Jul Aug Sep Oct Nov Dec
2017: Jan Feb Mar Apr May Jun Jul Aug Sep Oct Nov Dec
2016: Jan Feb Mar Apr May Jun Jul Aug Sep Oct Nov Dec
2015: Jan Feb Mar Apr May Jun Jul Aug Sep Oct Nov Dec
2014: Jan Feb Mar Apr May Jun Jul Aug Sep Oct Nov Dec
2013: Jan Feb Mar Apr May Jun Jul Aug Sep Oct Nov Dec
2012: Jan Feb Mar Apr May Jun Jul Aug Sep Oct Nov Dec
2011: Jan Feb Mar Apr May Jun Jul Aug Sep Oct Nov Dec
2010: Jan Feb Mar Apr May Jun Jul Aug Sep Oct Nov Dec
2009: Jan Feb Mar Apr May Jun Jul Aug Sep Oct Nov Dec
2008: Jan Feb Mar Apr May Jun Jul Aug Sep Oct Nov Dec
2007: Jan Feb Mar Apr May Jun Jul Aug Sep Oct Nov Dec
2006: Jan Feb Mar Apr May Jun Jul Aug Sep Oct Nov Dec
2005: Jan Feb Mar Apr May Jun Jul Aug Sep Oct Nov Dec
2004: Jan Feb Mar Apr May Jun Jul Aug Sep Oct Nov Dec
2003: Jan Feb Mar Apr May Jun Jul Aug Sep Oct Nov Dec
2002: Jan Feb Mar Apr May Jun Jul Aug Sep Oct Nov Dec
2001: Jan Feb Mar Apr May Jun Jul Aug Sep Oct Nov Dec
2000: Jan Feb Mar Apr May Jun Jul Aug Sep Oct Nov Dec
1999: Jan Feb Mar Apr May Jun Jul Aug Sep Oct Nov Dec
1998: Jan Feb Mar Apr May Jun Jul Aug Sep Oct Nov Dec
1997: Jan Feb Mar Apr May Jun Jul Aug Sep Oct Nov Dec
1996: Jan Feb Mar Apr May Jun Jul Aug Sep Oct Nov Dec
1995: Jan Feb Mar Apr May Jun Jul Aug Sep Oct Nov Dec
1994: Jan Feb Mar Apr May Jun Jul Aug Sep Oct Nov Dec
1993: Jan Feb Mar Apr May Jun Jul Aug Sep Oct Nov Dec
1992: Jan Feb Mar Apr May Jun Jul Aug Sep Oct Nov Dec
1991: Jan Feb Mar Apr May Jun Jul Aug Sep Oct Nov Dec
1990: Jan Feb Mar Apr May Jun Jul Aug Sep Oct Nov Dec
1989: Jan Feb Mar Apr May Jun Jul Aug Sep Oct Nov Dec
1988: Jan Feb Mar Apr May Jun Jul Aug Sep Oct Nov Dec
1987: Jan Feb Mar Apr May Jun Jul Aug Sep Oct Nov Dec
1986: Jan Feb Mar Apr May Jun Jul Aug Sep Oct Nov Dec

Report for 1994 March
                  MONTHLY CLIMATOLOGICAL SUMMARY FOR 3/1994
                                        HEAT  COOL        
     MEAN                               DEG   DEG       WIND SPEED       DOM MEAN  MEAN
DAY  TEMP  HIGH   TIME     LOW   TIME   DAYS  DAYS RAIN AVG  HI  TIME    DIR BAROM HUM
---------------------------------------------------------------------------------------
1    33.5  47.8  4:00pm   21.9  5:00am  24.3  0.0  0.00   7  14  00:00    NW  29.0 70.6
2    42.3  59.0  3:00pm   29.8  7:00am  14.3  0.0  0.00   7  13  00:00   SSE  29.1 50.6
3      47  65.8  3:00pm   34.0  1:00am   8.6  0.0  0.00   6  10  00:00   ESE  29.0 41.4
4    46.1  64.9  2:00pm   32.0  5:00am   9.5  0.0  0.00   7  14  00:00   SSE  28.9 41.2
5    46.3  61.9  2:00pm   32.0  6:00am  10.9  0.0  0.00   8  15  00:00     S  28.8 44.4
6    39.1  47.8  1:00pm   32.0  7:00am  21.5  0.0  0.00   7  13  00:00   WNW  28.8 78.8
7    30.2  38.8 12:00am   23.0  8:00pm  30.5  0.0  0.00   9  17  00:00   ESE  28.9 91.9
8    23.8  28.9 12:00pm   21.9  9:00pm  38.6  0.0  0.00   9  17  00:00    SW  28.9 87.8
9    26.9  43.0  2:00pm   11.8  5:00am  30.0  0.0  0.00   7  14  00:00   SSE  28.8 64.9
10   38.8  59.9  4:00pm   25.9  2:00am  15.6  0.0  0.00  10  20  00:00   SSE  28.7 44.5
11   43.8  55.9  1:00pm   36.0 12:00am  15.1  0.0  0.00   9  17  00:00     S  28.8 36.0
12   32.4  41.9  4:00pm   25.9 11:00pm  27.8  0.0  0.00  12  23  00:00   SSW  29.2 76.4
13   41.9  61.0  4:00pm   27.9 12:00am  13.5  0.0  0.00   6  10  00:00     S  29.1 43.9
14   51.6  68.0  1:00pm   38.8 12:00am   5.2  0.0  0.00   9  16  00:00     W  28.9 28.2
15   45.5  66.9  3:00pm   28.9  5:00am   8.8  0.0  0.00   9  17  00:00   SSE  28.9 39.2
16   52.9  70.9  4:00pm   36.9  2:00am   3.1  0.0  0.00   7  14  00:00     S  28.7 24.4
17   53.7  68.9 12:00pm   38.8 10:00pm   3.7  0.0  0.00  18  35  00:00   SSW  28.6 25.7
18   49.2  68.0  2:00pm   36.0 12:00am   6.4  0.0  0.00  12  23  00:00   SSE  28.6 35.0
19   55.9  72.0  3:00pm   41.9  4:00am   1.0  0.0  0.00  14  27  00:00    SW  28.4 25.7
20   35.9  52.0 12:00am   28.9 10:00am  21.0  0.0  0.00  12  23  00:00     S  28.6 64.5
21   45.4  64.9  3:00pm   30.9 12:00am   9.8  0.0  0.00   9  17  00:00   SSW  27.5 28.0
22   53.3  68.9  2:00pm   43.0  1:00am   3.9  0.0  0.00  18  35  00:00     W  28.3 22.7
23   44.7  55.9  2:00pm   37.9  6:00am  14.7  0.0  0.00  18  35  00:00   WSW  28.4 26.6
24   35.3  47.8  1:00pm   25.9  5:00am  23.4  0.0  0.00  18  35  00:00    SE  28.8 39.8
25   37.6  52.9  2:00pm   23.9  5:00am  19.7  0.0  0.00  18  35  00:00     S  27.2 57.1
26   29.8  37.9 12:00pm   23.9 11:00pm  31.1  0.0  0.00  11  21  00:00   SSE  28.8 82.7
27   21.7  28.9  5:00pm   18.0  7:00am  39.7  0.0  0.00  15  29  00:00   WSW  28.9 71.5
28     31  47.8  3:00pm   16.9 12:00am  25.6  0.0  0.00  17  32  00:00    SW  28.9 57.0
29   24.9  30.9  1:00pm   21.9  8:00am  37.1  0.0  0.00   6  12  00:00     S  29.0 74.2
30   34.6  54.0  4:00pm   14.9  5:00am  20.7  0.0  0.00   6  12  00:00   SSE  29.0 42.9
31   43.3  61.0  4:00pm   30.9  5:00am  12.8  0.0  0.00   7  14  00:00     S  28.9 30.8