NOAA-Style Climate Reports

Select a Year or Month report
2018: Jan Feb Mar Apr May Jun Jul Aug Sep Oct Nov Dec
2017: Jan Feb Mar Apr May Jun Jul Aug Sep Oct Nov Dec
2016: Jan Feb Mar Apr May Jun Jul Aug Sep Oct Nov Dec
2015: Jan Feb Mar Apr May Jun Jul Aug Sep Oct Nov Dec
2014: Jan Feb Mar Apr May Jun Jul Aug Sep Oct Nov Dec
2013: Jan Feb Mar Apr May Jun Jul Aug Sep Oct Nov Dec
2012: Jan Feb Mar Apr May Jun Jul Aug Sep Oct Nov Dec
2011: Jan Feb Mar Apr May Jun Jul Aug Sep Oct Nov Dec
2010: Jan Feb Mar Apr May Jun Jul Aug Sep Oct Nov Dec
2009: Jan Feb Mar Apr May Jun Jul Aug Sep Oct Nov Dec
2008: Jan Feb Mar Apr May Jun Jul Aug Sep Oct Nov Dec
2007: Jan Feb Mar Apr May Jun Jul Aug Sep Oct Nov Dec
2006: Jan Feb Mar Apr May Jun Jul Aug Sep Oct Nov Dec
2005: Jan Feb Mar Apr May Jun Jul Aug Sep Oct Nov Dec
2004: Jan Feb Mar Apr May Jun Jul Aug Sep Oct Nov Dec
2003: Jan Feb Mar Apr May Jun Jul Aug Sep Oct Nov Dec
2002: Jan Feb Mar Apr May Jun Jul Aug Sep Oct Nov Dec
2001: Jan Feb Mar Apr May Jun Jul Aug Sep Oct Nov Dec
2000: Jan Feb Mar Apr May Jun Jul Aug Sep Oct Nov Dec
1999: Jan Feb Mar Apr May Jun Jul Aug Sep Oct Nov Dec
1998: Jan Feb Mar Apr May Jun Jul Aug Sep Oct Nov Dec
1997: Jan Feb Mar Apr May Jun Jul Aug Sep Oct Nov Dec
1996: Jan Feb Mar Apr May Jun Jul Aug Sep Oct Nov Dec
1995: Jan Feb Mar Apr May Jun Jul Aug Sep Oct Nov Dec
1994: Jan Feb Mar Apr May Jun Jul Aug Sep Oct Nov Dec
1993: Jan Feb Mar Apr May Jun Jul Aug Sep Oct Nov Dec
1992: Jan Feb Mar Apr May Jun Jul Aug Sep Oct Nov Dec
1991: Jan Feb Mar Apr May Jun Jul Aug Sep Oct Nov Dec
1990: Jan Feb Mar Apr May Jun Jul Aug Sep Oct Nov Dec
1989: Jan Feb Mar Apr May Jun Jul Aug Sep Oct Nov Dec
1988: Jan Feb Mar Apr May Jun Jul Aug Sep Oct Nov Dec
1987: Jan Feb Mar Apr May Jun Jul Aug Sep Oct Nov Dec
1986: Jan Feb Mar Apr May Jun Jul Aug Sep Oct Nov Dec

Report for 1994 April
                  MONTHLY CLIMATOLOGICAL SUMMARY FOR 4/1994
                                        HEAT  COOL        
     MEAN                               DEG   DEG       WIND SPEED       DOM MEAN  MEAN
DAY  TEMP  HIGH   TIME     LOW   TIME   DAYS  DAYS RAIN AVG  HI  TIME    DIR BAROM HUM
---------------------------------------------------------------------------------------
1    47.4  63.9  1:00pm   30.9  5:00am   9.3  0.0  0.00  12  23  00:00   WSW  28.8 32.9
2      38  46.9 12:00am   32.0 11:00pm  22.5  0.0  0.00  12  23  00:00    SW  27.7 66.6
3    45.3  65.8  4:00pm   28.9  5:00am   9.4  0.0  0.00   7  14  00:00     S  28.7 48.4
4      41  59.0 12:00pm   23.9 10:00pm  15.0  0.0  0.00  15  29  00:00     S  28.5 53.0
5    23.1  28.9  5:00pm   20.8  5:00am  39.0  0.0  0.00   7  13  00:00     E  28.8 83.6
6      35  52.9  4:00pm   19.9  3:00am  21.0  0.0  0.00   6  12  00:00   SSE  28.7 57.3
7    43.7  59.9  2:00pm   34.9  4:00am  13.2  0.0  0.00  18  35  00:00   WSW  28.6 44.0
8    39.5  52.9  1:00pm   25.9  7:00am  18.8  0.0  0.00   7  13  00:00   SSE  28.7 45.5
9      34  43.9 11:00am   30.9  2:00am  26.0  0.0  0.00   9  17  00:00   SSE  28.6 76.1
10   29.3  32.9  2:00pm   28.9  6:00am  33.9  0.0  0.00   9  17  00:00   ENE  28.8 90.8
11   28.4  32.0  5:00pm   27.0  7:00am  34.8  0.0  0.00   9  17  00:00   WSW  29.0 87.4
12   40.9  59.9  5:00pm   25.9  5:00am  14.6  0.0  0.00  12  23  00:00   WNW  28.8 52.1
13   52.8  68.9  4:00pm   37.9  6:00am   4.1  0.0  0.00   9  17  00:00    SW  28.6 31.7
14   50.7  65.8  2:00pm   37.9 11:00pm   6.7  0.0  0.00  18  35  00:00   WSW  28.5 41.3
15   44.8  65.8  4:00pm   28.9  7:00am   9.7  0.0  0.00   9  16  00:00     S  29.0 52.6
16   55.3  75.9  4:00pm   34.0  7:00am   0.0  0.6  0.00   8  15  00:00   SSE  29.1 33.6
17   59.3  77.0  4:00pm   48.9  4:00am   0.0  3.2  0.00   7  14  00:00   WSW  29.0 29.8
18   57.9  73.9 12:00pm   43.0  3:00am   0.0  0.9  0.00   9  17  00:00    SE  29.0 35.8
19   54.5  72.0  2:00pm   43.9  6:00am   1.7  0.0  0.00  12  23  00:00   SSE  29.0 55.2
20   56.3  72.9  3:00pm   45.9  3:00am   0.4  0.0  0.00  12  22  00:00     S  28.9 51.6
21   55.2  72.0  3:00pm   41.9  6:00am   1.4  0.0  0.00  12  23  00:00   ESE  28.8 59.2
22   56.5  72.9  2:00pm   46.9  6:00am   0.3  0.0  0.00  14  28  00:00    SE  28.8 59.9
23   61.6  79.9  3:00pm   47.8  2:00am   0.0  5.8  0.00  12  23  00:00     S  28.6 38.0
24   59.8  74.8  2:00pm   52.9  7:00am   0.0  2.3  0.00  14  27  00:00   WSW  28.5 33.3
25   39.8  57.9 12:00am   32.9  3:00pm  16.1  0.0  0.00  13  25  00:00   WSW  28.1 79.9
26   31.6  39.9  2:00am   27.0  9:00pm  29.2  0.0  0.00   9  17  00:00    NE  28.7 80.6
27   26.4  32.9  1:00pm   20.8  3:00am  35.3  0.0  0.00   9  17  00:00    SE  28.8 81.0
28   31.9  43.0  3:00pm   27.9  2:00am  27.5  0.0  0.00   7  14  00:00    SW  28.8 81.6
29   31.6  39.9  3:00pm   29.8  8:00pm  29.2  0.0  0.00  12  23  00:00   SSW  28.7 87.0
30   37.5  54.9  5:00pm   29.8  1:00am  18.8  0.0  0.00   8  15  00:00    SW  28.7 72.7