NOAA-Style Climate Reports

Select a Year or Month report
2018: Jan Feb Mar Apr May Jun Jul Aug Sep Oct Nov Dec
2017: Jan Feb Mar Apr May Jun Jul Aug Sep Oct Nov Dec
2016: Jan Feb Mar Apr May Jun Jul Aug Sep Oct Nov Dec
2015: Jan Feb Mar Apr May Jun Jul Aug Sep Oct Nov Dec
2014: Jan Feb Mar Apr May Jun Jul Aug Sep Oct Nov Dec
2013: Jan Feb Mar Apr May Jun Jul Aug Sep Oct Nov Dec
2012: Jan Feb Mar Apr May Jun Jul Aug Sep Oct Nov Dec
2011: Jan Feb Mar Apr May Jun Jul Aug Sep Oct Nov Dec
2010: Jan Feb Mar Apr May Jun Jul Aug Sep Oct Nov Dec
2009: Jan Feb Mar Apr May Jun Jul Aug Sep Oct Nov Dec
2008: Jan Feb Mar Apr May Jun Jul Aug Sep Oct Nov Dec
2007: Jan Feb Mar Apr May Jun Jul Aug Sep Oct Nov Dec
2006: Jan Feb Mar Apr May Jun Jul Aug Sep Oct Nov Dec
2005: Jan Feb Mar Apr May Jun Jul Aug Sep Oct Nov Dec
2004: Jan Feb Mar Apr May Jun Jul Aug Sep Oct Nov Dec
2003: Jan Feb Mar Apr May Jun Jul Aug Sep Oct Nov Dec
2002: Jan Feb Mar Apr May Jun Jul Aug Sep Oct Nov Dec
2001: Jan Feb Mar Apr May Jun Jul Aug Sep Oct Nov Dec
2000: Jan Feb Mar Apr May Jun Jul Aug Sep Oct Nov Dec
1999: Jan Feb Mar Apr May Jun Jul Aug Sep Oct Nov Dec
1998: Jan Feb Mar Apr May Jun Jul Aug Sep Oct Nov Dec
1997: Jan Feb Mar Apr May Jun Jul Aug Sep Oct Nov Dec
1996: Jan Feb Mar Apr May Jun Jul Aug Sep Oct Nov Dec
1995: Jan Feb Mar Apr May Jun Jul Aug Sep Oct Nov Dec
1994: Jan Feb Mar Apr May Jun Jul Aug Sep Oct Nov Dec
1993: Jan Feb Mar Apr May Jun Jul Aug Sep Oct Nov Dec
1992: Jan Feb Mar Apr May Jun Jul Aug Sep Oct Nov Dec
1991: Jan Feb Mar Apr May Jun Jul Aug Sep Oct Nov Dec
1990: Jan Feb Mar Apr May Jun Jul Aug Sep Oct Nov Dec
1989: Jan Feb Mar Apr May Jun Jul Aug Sep Oct Nov Dec
1988: Jan Feb Mar Apr May Jun Jul Aug Sep Oct Nov Dec
1987: Jan Feb Mar Apr May Jun Jul Aug Sep Oct Nov Dec
1986: Jan Feb Mar Apr May Jun Jul Aug Sep Oct Nov Dec

Report for 1994 May
                  MONTHLY CLIMATOLOGICAL SUMMARY FOR 5/1994
                                        HEAT  COOL        
     MEAN                               DEG   DEG       WIND SPEED       DOM MEAN  MEAN
DAY  TEMP  HIGH   TIME     LOW   TIME   DAYS  DAYS RAIN AVG  HI  TIME    DIR BAROM HUM
---------------------------------------------------------------------------------------
1    44.1  59.9  2:00pm   34.9  5:00am  13.0  0.0  0.00  12  23  00:00     S  28.8 68.4
2    43.2  54.9  4:00pm   36.9  5:00am  15.9  0.0  0.00   7  14  00:00   SSW  28.7 76.2
3    48.3  63.0  2:00pm   36.9  2:00am   9.3  0.0  0.00   7  14  00:00    SW  28.6 56.9
4      50  68.9  4:00pm   34.9  5:00am   5.5  0.0  0.00   7  14  00:00   SSE  28.9 63.5
5    60.3  79.0  2:00pm   45.9  6:00am   0.0  4.7  0.00   9  17  00:00   SSE  28.8 49.3
6      53  63.9 12:00pm   50.0  3:00am   6.5  0.0  0.00   7  13  00:00     S  28.9 78.0
7    56.5  73.9  3:00pm   47.8  7:00am   0.0  0.2  0.00  24  46  00:00    SE  28.8 65.9
8    54.9  70.0  3:00pm   41.0  6:00am   2.5  0.0  0.00  12  23  00:00    SW  28.7 51.0
9    48.3  61.9  1:00pm   41.9  5:00am   9.9  0.0  0.00  15  29  00:00   SSE  28.9 78.9
10   52.9  70.9  4:00pm   43.0  2:00am   3.1  0.0  0.00  10  20  00:00   SSE  28.9 65.2
11   56.1  73.9  4:00pm   39.9  6:00am   0.0  0.0  0.00   6  12  00:00    SE  28.9 56.1
12   56.8  72.9  2:00pm   47.8  5:00am   0.1  0.0  0.00  17  32  00:00   SSE  28.9 60.1
13   49.6  56.8  5:00pm   46.9  2:00am  11.8  0.0  0.00   7  13  00:00    SW  28.6 83.9
14   52.9  68.9  5:00pm   43.9  4:00am   4.1  0.0  0.00   7  13  00:00   WSW  28.8 65.8
15   60.2  77.0  2:00pm   45.0  6:00am   0.0  3.6  0.00  11  21  00:00     S  28.7 49.8
16   64.1  81.9  3:00pm   50.9  5:00am   0.0  8.0  0.00  26  52  00:00   SSW  28.7 42.3
17   65.3  81.9  4:00pm   54.9  4:00am   0.0  8.6  0.00  16  30  00:00   SSE  28.6 36.4
18   64.7  81.0  2:00pm   55.9  6:00am   0.0  7.9  0.00  17  32  00:00   SSE  28.6 35.0
19   63.6  81.0  4:00pm   54.9  7:20pm   0.0  7.3  0.00  21  40  00:00   SSE  28.8 54.6
20     62  79.9  4:00pm   48.9  6:00am   0.0  6.0  0.00  19  37  00:00   SSW  28.7 45.0
21   58.2  74.8  4:00pm   43.9  5:00am   0.0  1.5  0.00  12  23  00:00    SE  28.8 45.2
22   60.4  74.8 12:00pm   45.0  5:00am   0.0  2.6  0.00  12  23  00:00     S  28.9 45.5
23   61.4  79.0  2:00pm   50.0  4:00am   0.0  5.2  0.00  11  21  00:00   SSW  27.7 44.8
24   54.9  70.9  1:00pm   46.9  3:00am   2.1  0.0  0.00  11  21  00:00   SSW  29.0 64.2
25   51.7  70.0  1:00pm   43.0  6:00am   4.1  0.0  0.00  12  23  00:00   SSW  28.9 78.9
26   49.9  61.9  4:00pm   45.0  6:00am   9.1  0.0  0.00  12  23  00:00   SSE  28.8 82.9
27     58  77.0  5:00pm   41.9  6:00am   0.0  2.5  0.00  12  23  00:00     S  28.7 60.5
28   56.7  73.9  1:00pm   50.9  5:00am   0.0  0.3  0.00  24  46  00:00    SW  28.8 64.3
29   62.8  79.9  3:00pm   50.0  6:00am   0.0  6.4  0.00   7  13  00:00   SSW  28.8 47.1
30   68.5  86.0  4:00pm   55.9  2:00am   0.0 12.3  0.00   6  12  00:00     S  28.8 36.7
31   58.9  72.0  4:00pm   52.9  8:00am   0.0  0.5  0.00  12  23  00:00    SW  29.0 67.2