NOAA-Style Climate Reports

Select a Year or Month report
2018: Jan Feb Mar Apr May Jun Jul Aug Sep Oct Nov Dec
2017: Jan Feb Mar Apr May Jun Jul Aug Sep Oct Nov Dec
2016: Jan Feb Mar Apr May Jun Jul Aug Sep Oct Nov Dec
2015: Jan Feb Mar Apr May Jun Jul Aug Sep Oct Nov Dec
2014: Jan Feb Mar Apr May Jun Jul Aug Sep Oct Nov Dec
2013: Jan Feb Mar Apr May Jun Jul Aug Sep Oct Nov Dec
2012: Jan Feb Mar Apr May Jun Jul Aug Sep Oct Nov Dec
2011: Jan Feb Mar Apr May Jun Jul Aug Sep Oct Nov Dec
2010: Jan Feb Mar Apr May Jun Jul Aug Sep Oct Nov Dec
2009: Jan Feb Mar Apr May Jun Jul Aug Sep Oct Nov Dec
2008: Jan Feb Mar Apr May Jun Jul Aug Sep Oct Nov Dec
2007: Jan Feb Mar Apr May Jun Jul Aug Sep Oct Nov Dec
2006: Jan Feb Mar Apr May Jun Jul Aug Sep Oct Nov Dec
2005: Jan Feb Mar Apr May Jun Jul Aug Sep Oct Nov Dec
2004: Jan Feb Mar Apr May Jun Jul Aug Sep Oct Nov Dec
2003: Jan Feb Mar Apr May Jun Jul Aug Sep Oct Nov Dec
2002: Jan Feb Mar Apr May Jun Jul Aug Sep Oct Nov Dec
2001: Jan Feb Mar Apr May Jun Jul Aug Sep Oct Nov Dec
2000: Jan Feb Mar Apr May Jun Jul Aug Sep Oct Nov Dec
1999: Jan Feb Mar Apr May Jun Jul Aug Sep Oct Nov Dec
1998: Jan Feb Mar Apr May Jun Jul Aug Sep Oct Nov Dec
1997: Jan Feb Mar Apr May Jun Jul Aug Sep Oct Nov Dec
1996: Jan Feb Mar Apr May Jun Jul Aug Sep Oct Nov Dec
1995: Jan Feb Mar Apr May Jun Jul Aug Sep Oct Nov Dec
1994: Jan Feb Mar Apr May Jun Jul Aug Sep Oct Nov Dec
1993: Jan Feb Mar Apr May Jun Jul Aug Sep Oct Nov Dec
1992: Jan Feb Mar Apr May Jun Jul Aug Sep Oct Nov Dec
1991: Jan Feb Mar Apr May Jun Jul Aug Sep Oct Nov Dec
1990: Jan Feb Mar Apr May Jun Jul Aug Sep Oct Nov Dec
1989: Jan Feb Mar Apr May Jun Jul Aug Sep Oct Nov Dec
1988: Jan Feb Mar Apr May Jun Jul Aug Sep Oct Nov Dec
1987: Jan Feb Mar Apr May Jun Jul Aug Sep Oct Nov Dec
1986: Jan Feb Mar Apr May Jun Jul Aug Sep Oct Nov Dec

Report for 1994 June
                  MONTHLY CLIMATOLOGICAL SUMMARY FOR 6/1994
                                        HEAT  COOL        
     MEAN                               DEG   DEG       WIND SPEED       DOM MEAN  MEAN
DAY  TEMP  HIGH   TIME     LOW   TIME   DAYS  DAYS RAIN AVG  HI  TIME    DIR BAROM HUM
---------------------------------------------------------------------------------------
1      65  81.0  3:00pm   52.9  3:00am   0.0  8.0  0.00  13  25  00:00    SE  28.5 49.8
2    59.7  73.9  2:00pm   54.9  6:00am   0.0  1.8  0.00   6  12  00:00   SSE  29.0 76.4
3    62.9  79.9  1:00pm   54.9  2:00am   0.0  6.4  0.00  19  37  00:00   SSE  28.9 76.3
4    66.5  86.9  5:00pm   55.9  4:00am   0.0 11.7  0.00   6  12  00:00     S  28.7 50.2
5    66.8  83.8  4:00pm   52.9 12:00am   0.0 10.3  0.00   8  15  00:00     S  28.7 46.3
6      71  88.0  3:00pm   55.9  3:00am   0.0 14.5  0.00  12  23  00:00     S  28.6 36.9
7    70.7  86.0  4:00pm   61.9 12:00am   0.0 13.4  0.00  12  22  00:00    SW  28.6 24.0
8    62.7  79.0  3:00pm   48.9  6:00am   0.0  5.9  0.00   9  16  00:00   SSW  28.9 44.4
9      57  73.9  4:00pm   45.9  4:00am   0.0  0.5  0.00  10  20  00:00     S  28.8 45.5
10   61.2  77.9  4:00pm   48.9  6:00am   0.0  4.6  0.00   6  12  00:00   SSW  27.8 37.2
11   63.7  83.8  4:00pm   55.9  5:00am   0.0  8.8  0.00   7  14  00:00     S  26.9 45.0
12   71.8  90.0  1:00pm   59.9  1:00am   0.0 15.9  0.00  13  25  00:00   SSW  28.7 25.1
13   74.3  93.9  3:00pm   54.9  6:00am   0.0 19.1  0.00   7  14  00:00    SW  28.6 23.0
14     78  95.9  4:00pm   66.9  6:00am   0.0 22.0  0.00   9  17  00:00   SSW  28.5 16.2
15   67.1  88.9  5:00pm   50.0  6:00am   0.0 13.0  0.00  12  23  00:00   SSW  28.7 39.0
16   65.7  86.9  5:00pm   57.9  7:00am   0.0 11.3  0.00   7  14  00:00   WSW  28.8 59.3
17   65.3  81.0  4:00pm   55.9  6:00am   0.0  8.2  0.00   6  12  00:00   ESE  29.0 64.1
18   64.7  83.8  1:00pm   59.9  4:00am   0.0  9.3  0.00   9  17  00:00   WSW  28.7 67.8
19   66.6  83.8  2:00pm   57.9  6:00am   0.0 10.2  0.00   8  15  00:00   WSW  29.0 56.4
20     63  79.0  2:00pm   54.9  5:00am   0.0  6.0  0.00  11  21  00:00     S  28.9 70.7
21   62.8  75.9  1:00pm   59.0  3:00am   0.0  4.4  0.00   7  13  00:00     S  28.9 78.5
22   61.5  73.9 10:00am   57.9  7:00pm   0.0  2.7  0.00   9  17  00:00   SSW  28.8 74.2
23   63.8  82.9  4:00pm   52.9  6:00am   0.0  8.4  0.00  12  23  00:00     S  29.0 64.1
24   68.8  86.9  4:00pm   54.0  4:00am   0.0 12.9  0.00   7  13  00:00     S  28.9 45.1
25   74.9  90.9  4:00pm   61.9  6:00am   0.0 17.9  0.00   7  14  00:00    SE  28.9 30.9
26   76.5  97.9  4:00pm   59.9  6:00am   0.0 22.2  0.00   6  12  00:00     S  28.8 35.0
27     72  90.0  5:00pm   59.9  5:00am   0.0 16.0  0.00   7  13  00:00   ESE  28.9 28.3
28     70  88.0  4:00pm   57.9  6:00am   0.0 14.0  0.00   9  17  00:00   WSW  28.9 31.6
29   70.4  88.9  3:00pm   57.9  6:00am   0.0 14.7  0.00   9  16  00:00   SSW  28.9 37.6
30   75.9  92.8  3:00pm   63.0  3:00am   0.0 19.4  0.00  11  21  00:00   WSW  27.7 26.2