NOAA-Style Climate Reports

Select a Year or Month report
2018: Jan Feb Mar Apr May Jun Jul Aug Sep Oct Nov Dec
2017: Jan Feb Mar Apr May Jun Jul Aug Sep Oct Nov Dec
2016: Jan Feb Mar Apr May Jun Jul Aug Sep Oct Nov Dec
2015: Jan Feb Mar Apr May Jun Jul Aug Sep Oct Nov Dec
2014: Jan Feb Mar Apr May Jun Jul Aug Sep Oct Nov Dec
2013: Jan Feb Mar Apr May Jun Jul Aug Sep Oct Nov Dec
2012: Jan Feb Mar Apr May Jun Jul Aug Sep Oct Nov Dec
2011: Jan Feb Mar Apr May Jun Jul Aug Sep Oct Nov Dec
2010: Jan Feb Mar Apr May Jun Jul Aug Sep Oct Nov Dec
2009: Jan Feb Mar Apr May Jun Jul Aug Sep Oct Nov Dec
2008: Jan Feb Mar Apr May Jun Jul Aug Sep Oct Nov Dec
2007: Jan Feb Mar Apr May Jun Jul Aug Sep Oct Nov Dec
2006: Jan Feb Mar Apr May Jun Jul Aug Sep Oct Nov Dec
2005: Jan Feb Mar Apr May Jun Jul Aug Sep Oct Nov Dec
2004: Jan Feb Mar Apr May Jun Jul Aug Sep Oct Nov Dec
2003: Jan Feb Mar Apr May Jun Jul Aug Sep Oct Nov Dec
2002: Jan Feb Mar Apr May Jun Jul Aug Sep Oct Nov Dec
2001: Jan Feb Mar Apr May Jun Jul Aug Sep Oct Nov Dec
2000: Jan Feb Mar Apr May Jun Jul Aug Sep Oct Nov Dec
1999: Jan Feb Mar Apr May Jun Jul Aug Sep Oct Nov Dec
1998: Jan Feb Mar Apr May Jun Jul Aug Sep Oct Nov Dec
1997: Jan Feb Mar Apr May Jun Jul Aug Sep Oct Nov Dec
1996: Jan Feb Mar Apr May Jun Jul Aug Sep Oct Nov Dec
1995: Jan Feb Mar Apr May Jun Jul Aug Sep Oct Nov Dec
1994: Jan Feb Mar Apr May Jun Jul Aug Sep Oct Nov Dec
1993: Jan Feb Mar Apr May Jun Jul Aug Sep Oct Nov Dec
1992: Jan Feb Mar Apr May Jun Jul Aug Sep Oct Nov Dec
1991: Jan Feb Mar Apr May Jun Jul Aug Sep Oct Nov Dec
1990: Jan Feb Mar Apr May Jun Jul Aug Sep Oct Nov Dec
1989: Jan Feb Mar Apr May Jun Jul Aug Sep Oct Nov Dec
1988: Jan Feb Mar Apr May Jun Jul Aug Sep Oct Nov Dec
1987: Jan Feb Mar Apr May Jun Jul Aug Sep Oct Nov Dec
1986: Jan Feb Mar Apr May Jun Jul Aug Sep Oct Nov Dec

Report for 1994 July
                  MONTHLY CLIMATOLOGICAL SUMMARY FOR 7/1994
                                        HEAT  COOL        
     MEAN                               DEG   DEG       WIND SPEED       DOM MEAN  MEAN
DAY  TEMP  HIGH   TIME     LOW   TIME   DAYS  DAYS RAIN AVG  HI  TIME    DIR BAROM HUM
---------------------------------------------------------------------------------------
1    75.3  93.9  3:00pm   61.0  5:00am   0.0 19.6  0.00  18  35  00:00   SSW  28.8 29.0
2    67.5  81.9  6:00pm   56.8  6:00am   0.0  9.7  0.00  12  23  00:00     W  28.8 51.9
3    70.2  84.9 12:00pm   59.0 12:00am   0.0 12.6  0.00  12  23  00:00   SSE  28.7 41.9
4    72.1  92.8  3:00pm   55.9  5:00am   0.0 17.5  0.00   9  16  00:00   WSW  28.6 39.3
5      71  88.0  3:00pm   59.9  6:00am   0.0 14.5  0.00   7  14  00:00   SSE  28.7 36.0
6    74.1  92.8  2:00pm   57.9  5:00am   0.0 18.5  0.00  18  35  00:00    SW  28.7 27.2
7    57.3  68.9  4:00pm   47.8  6:00am   1.9  0.0  0.00  17  32  00:00     W  28.9 43.0
8      61  83.8  5:00pm   43.0  5:00am   0.0  7.4  0.00   7  13  00:00   SSE  29.0 48.5
9    70.7  91.9  4:00pm   55.9  5:00am   0.0 16.3  0.00   7  14  00:00   SSE  29.0 35.9
10   75.1  93.9  3:00pm   61.9  4:00am   0.0 19.5  0.00  14  28  00:00   SSW  28.9 26.9
11   69.3  79.9  4:00pm   61.9 11:00pm   0.0  9.6  0.00   9  17  00:00    SW  29.0 40.9
12     67  86.0 12:00pm   54.9  2:00am   0.0 11.5  0.00  10  18  00:00     S  28.8 46.1
13   61.9  74.8  2:00pm   52.0  6:00am   0.0  3.4  0.00  12  23  00:00     W  28.8 60.0
14   59.9  74.8  3:00pm   52.9  4:00am   0.0  2.4  0.00   8  15  00:00   WNW  28.9 72.1
15   62.7  81.9  3:00pm   54.9  2:00am   0.0  7.3  0.00  18  35  00:00   SSW  29.0 65.5
16   62.7  79.0  2:00pm   54.0  6:00am   0.0  5.9  0.00  18  35  00:00   SSW  29.0 61.5
17   67.6  90.9  4:00pm   52.9  6:00am   0.0 14.3  0.00  10  18  00:00   SSE  29.0 54.4
18   74.7  93.9  1:00pm   63.0  6:00am   0.0 19.3  0.00   7  14  00:00   SSW  28.9 36.7
19     69  83.8  3:00pm   57.9  6:00am   0.0 11.4  0.00  17  32  00:00   SSE  29.0 46.7
20     58  65.8  7:00pm   56.8  7:00am   3.1  0.0  0.00   5   9  00:00   WNW  29.1 83.4
21     65  82.9  5:00pm   54.0  5:00am   0.0  9.0  0.00   6  12  00:00   SSE  29.1 59.3
22   71.1  91.9  3:00pm   54.9  6:00am   0.0 16.5  0.00   7  14  00:00   SSE  28.9 35.7
23     71  84.9 12:00pm   61.9  6:00am   0.0 13.0  0.00   9  17  00:00   SSW  29.0 44.5
24   69.4  86.9  3:00pm   61.0  6:00am   0.0 13.2  0.00  10  20  00:00   SSE  29.0 59.3
25   70.9  88.0  2:00pm   59.0  6:00am   0.0 14.5  0.00   9  17  00:00   SSW  28.9 59.9
26   63.6  77.9  6:00pm   57.9  5:00am   0.0  5.8  0.00   7  13  00:00   ESE  29.1 70.9
27   66.3  83.8  3:00pm   54.9  6:00am   0.0 10.1  0.00  12  23  00:00     S  29.0 56.3
28   67.5  86.0  2:00pm   55.9  5:00am   0.0 11.8  0.00   7  13  00:00   SSE  29.0 54.5
29   68.1  86.0  2:00pm   59.9  6:00am   0.0 12.1  0.00  12  23  00:00   SSE  28.8 50.2
30   70.8  90.0  3:00pm   55.9  3:00am   0.0 15.4  0.00   6  12  00:00     S  28.9 46.0
31   72.3  86.9  2:00pm   63.9  4:00am   0.0 14.6  0.00  10  20  00:00   SSW  29.0 47.2