NOAA-Style Climate Reports

Select a Year or Month report
2018: Jan Feb Mar Apr May Jun Jul Aug Sep Oct Nov Dec
2017: Jan Feb Mar Apr May Jun Jul Aug Sep Oct Nov Dec
2016: Jan Feb Mar Apr May Jun Jul Aug Sep Oct Nov Dec
2015: Jan Feb Mar Apr May Jun Jul Aug Sep Oct Nov Dec
2014: Jan Feb Mar Apr May Jun Jul Aug Sep Oct Nov Dec
2013: Jan Feb Mar Apr May Jun Jul Aug Sep Oct Nov Dec
2012: Jan Feb Mar Apr May Jun Jul Aug Sep Oct Nov Dec
2011: Jan Feb Mar Apr May Jun Jul Aug Sep Oct Nov Dec
2010: Jan Feb Mar Apr May Jun Jul Aug Sep Oct Nov Dec
2009: Jan Feb Mar Apr May Jun Jul Aug Sep Oct Nov Dec
2008: Jan Feb Mar Apr May Jun Jul Aug Sep Oct Nov Dec
2007: Jan Feb Mar Apr May Jun Jul Aug Sep Oct Nov Dec
2006: Jan Feb Mar Apr May Jun Jul Aug Sep Oct Nov Dec
2005: Jan Feb Mar Apr May Jun Jul Aug Sep Oct Nov Dec
2004: Jan Feb Mar Apr May Jun Jul Aug Sep Oct Nov Dec
2003: Jan Feb Mar Apr May Jun Jul Aug Sep Oct Nov Dec
2002: Jan Feb Mar Apr May Jun Jul Aug Sep Oct Nov Dec
2001: Jan Feb Mar Apr May Jun Jul Aug Sep Oct Nov Dec
2000: Jan Feb Mar Apr May Jun Jul Aug Sep Oct Nov Dec
1999: Jan Feb Mar Apr May Jun Jul Aug Sep Oct Nov Dec
1998: Jan Feb Mar Apr May Jun Jul Aug Sep Oct Nov Dec
1997: Jan Feb Mar Apr May Jun Jul Aug Sep Oct Nov Dec
1996: Jan Feb Mar Apr May Jun Jul Aug Sep Oct Nov Dec
1995: Jan Feb Mar Apr May Jun Jul Aug Sep Oct Nov Dec
1994: Jan Feb Mar Apr May Jun Jul Aug Sep Oct Nov Dec
1993: Jan Feb Mar Apr May Jun Jul Aug Sep Oct Nov Dec
1992: Jan Feb Mar Apr May Jun Jul Aug Sep Oct Nov Dec
1991: Jan Feb Mar Apr May Jun Jul Aug Sep Oct Nov Dec
1990: Jan Feb Mar Apr May Jun Jul Aug Sep Oct Nov Dec
1989: Jan Feb Mar Apr May Jun Jul Aug Sep Oct Nov Dec
1988: Jan Feb Mar Apr May Jun Jul Aug Sep Oct Nov Dec
1987: Jan Feb Mar Apr May Jun Jul Aug Sep Oct Nov Dec
1986: Jan Feb Mar Apr May Jun Jul Aug Sep Oct Nov Dec

Report for 1994 August
                  MONTHLY CLIMATOLOGICAL SUMMARY FOR 8/1994
                                        HEAT  COOL        
     MEAN                               DEG   DEG       WIND SPEED       DOM MEAN  MEAN
DAY  TEMP  HIGH   TIME     LOW   TIME   DAYS  DAYS RAIN AVG  HI  TIME    DIR BAROM HUM
---------------------------------------------------------------------------------------
1    64.5  81.0  2:00pm   59.9  6:00am   0.0  7.8  0.00   7  14  00:00     W  29.0 76.4
2    65.2  82.9  3:00pm   57.9  2:00am   0.0  9.1  0.00   8  15  00:00    SE  28.9 70.8
3    65.5  81.0  2:00pm   57.9  5:00am   0.0  8.3  0.00  12  23  00:00    SW  29.0 66.4
4    65.8  83.8  3:00pm   54.0  4:00am   0.0  9.8  0.00  11  21  00:00   SSE  29.1 64.9
5      70  88.9  1:00pm   59.9  7:00am   0.0 14.5  0.00  12  23  00:00     S  29.0 59.2
6    75.7  95.0  5:00pm   61.9  6:00am   0.0 20.4  0.00   9  17  00:00   WSW  28.9 36.4
7    74.3  91.9  1:00pm   61.0  4:00am   0.0 18.1  0.00   7  14  00:00    SW  28.9 26.1
8    68.5  90.9  2:00pm   54.9  6:00am   0.0 14.7  0.00   7  13  00:00   SSE  29.0 57.2
9    72.4  86.9  4:00pm   65.8  6:00am   0.0 14.7  0.00   7  14  00:00   SSW  28.9 51.3
10   69.6  83.8  3:00pm   59.9  5:00am   0.0 11.7  0.00   9  16  00:00   SSE  29.0 59.6
11   67.3  86.0  1:00pm   59.9  4:00am   0.0 11.7  0.00  12  23  00:00   SSW  29.1 74.8
12   70.4  86.9  2:00pm   64.9  6:00am   0.0 13.7  0.00   9  17  00:00    SW  28.9 57.8
13     64  83.8  3:00pm   59.0  7:00pm   0.0  8.9  0.00  15  29  00:00    SW  29.1 69.9
14   63.8  79.9  3:00pm   54.9  5:00am   0.0  6.9  0.00   7  13  00:00    SE  29.2 29.2
15   68.2  86.9  5:00pm   54.9  6:00am   0.0 12.6  0.00   8  15  00:00     S  28.9 28.9
16   73.1  91.9  2:00pm   61.0  1:00am   0.0 17.5  0.00   7  14  00:00    SW  28.9 30.6
17   72.2  92.8  4:00pm   59.9  3:00am   0.0 17.5  0.00   6  12  00:00   SSW  28.9 33.8
18   69.9  90.0 12:00pm   59.9  7:00am   0.0 15.0  0.00  12  23  00:00   WSW  28.9 38.0
19   61.5  72.9  1:00pm   59.0  8:00pm   0.0  2.2  0.00  12  23  00:00     W  28.8 60.7
20   62.3  81.9  5:00pm   48.9  7:00am   0.0  7.1  0.00   9  17  00:00     S  28.9 61.0
21   68.1  86.0  2:00pm   56.8  5:00am   0.0 12.1  0.00   7  14  00:00    SW  28.9 43.2
22   71.4  86.9  2:00pm   61.0  7:00am   0.0 14.2  0.00   9  17  00:00   WSW  28.8 33.3
23   70.8  90.9  4:00pm   54.9  4:00am   0.0 15.9  0.00   9  17  00:00   SSE  29.0 35.2
24   74.5  90.0  2:00pm   64.9  4:00am   0.0 17.3  0.00  12  23  00:00    SW  29.0 36.6
25   74.4  90.0  5:00pm   66.9  7:00am   0.0 17.2  0.00   7  14  00:00     S  28.9 29.8
26   74.4  91.9  3:00pm   59.0  6:00am   0.0 18.2  0.00  12  23  00:00   SSW  28.9 29.2
27   75.1  91.9  1:00pm   65.8  5:00am   0.0 18.5  0.00   8  15  00:00   WSW  28.8 28.0
28   62.4  74.8  1:00pm   57.9  6:00am   0.0  3.6  0.00   7  14  00:00   SSW  28.9 63.9
29   67.1  86.9  2:00pm   54.9  4:00am   0.0 12.0  0.00   9  17  00:00    SW  28.9 48.0
30   60.2  79.0  4:00pm   54.0  7:00am   0.0  4.6  0.00  11  21  00:00     S  28.9 54.8
31   56.2  68.0  1:00pm   52.9 11:00pm   2.9  0.0  0.00  16  30  00:00     S  29.0 74.0