NOAA-Style Climate Reports

Select a Year or Month report
2018: Jan Feb Mar Apr May Jun Jul Aug Sep Oct Nov Dec
2017: Jan Feb Mar Apr May Jun Jul Aug Sep Oct Nov Dec
2016: Jan Feb Mar Apr May Jun Jul Aug Sep Oct Nov Dec
2015: Jan Feb Mar Apr May Jun Jul Aug Sep Oct Nov Dec
2014: Jan Feb Mar Apr May Jun Jul Aug Sep Oct Nov Dec
2013: Jan Feb Mar Apr May Jun Jul Aug Sep Oct Nov Dec
2012: Jan Feb Mar Apr May Jun Jul Aug Sep Oct Nov Dec
2011: Jan Feb Mar Apr May Jun Jul Aug Sep Oct Nov Dec
2010: Jan Feb Mar Apr May Jun Jul Aug Sep Oct Nov Dec
2009: Jan Feb Mar Apr May Jun Jul Aug Sep Oct Nov Dec
2008: Jan Feb Mar Apr May Jun Jul Aug Sep Oct Nov Dec
2007: Jan Feb Mar Apr May Jun Jul Aug Sep Oct Nov Dec
2006: Jan Feb Mar Apr May Jun Jul Aug Sep Oct Nov Dec
2005: Jan Feb Mar Apr May Jun Jul Aug Sep Oct Nov Dec
2004: Jan Feb Mar Apr May Jun Jul Aug Sep Oct Nov Dec
2003: Jan Feb Mar Apr May Jun Jul Aug Sep Oct Nov Dec
2002: Jan Feb Mar Apr May Jun Jul Aug Sep Oct Nov Dec
2001: Jan Feb Mar Apr May Jun Jul Aug Sep Oct Nov Dec
2000: Jan Feb Mar Apr May Jun Jul Aug Sep Oct Nov Dec
1999: Jan Feb Mar Apr May Jun Jul Aug Sep Oct Nov Dec
1998: Jan Feb Mar Apr May Jun Jul Aug Sep Oct Nov Dec
1997: Jan Feb Mar Apr May Jun Jul Aug Sep Oct Nov Dec
1996: Jan Feb Mar Apr May Jun Jul Aug Sep Oct Nov Dec
1995: Jan Feb Mar Apr May Jun Jul Aug Sep Oct Nov Dec
1994: Jan Feb Mar Apr May Jun Jul Aug Sep Oct Nov Dec
1993: Jan Feb Mar Apr May Jun Jul Aug Sep Oct Nov Dec
1992: Jan Feb Mar Apr May Jun Jul Aug Sep Oct Nov Dec
1991: Jan Feb Mar Apr May Jun Jul Aug Sep Oct Nov Dec
1990: Jan Feb Mar Apr May Jun Jul Aug Sep Oct Nov Dec
1989: Jan Feb Mar Apr May Jun Jul Aug Sep Oct Nov Dec
1988: Jan Feb Mar Apr May Jun Jul Aug Sep Oct Nov Dec
1987: Jan Feb Mar Apr May Jun Jul Aug Sep Oct Nov Dec
1986: Jan Feb Mar Apr May Jun Jul Aug Sep Oct Nov Dec

Report for 1994 September
                  MONTHLY CLIMATOLOGICAL SUMMARY FOR 9/1994
                                        HEAT  COOL        
     MEAN                               DEG   DEG       WIND SPEED       DOM MEAN  MEAN
DAY  TEMP  HIGH   TIME     LOW   TIME   DAYS  DAYS RAIN AVG  HI  TIME    DIR BAROM HUM
---------------------------------------------------------------------------------------
1    58.3  70.9 12:00pm   50.9  7:00am   0.4  0.0  0.00  12  23  00:00   SSW  28.9 70.4
2    64.7  83.8  3:00pm   54.0  7:00am   0.0  9.3  0.00   9  17  00:00     S  28.9 49.7
3    65.5  79.9  4:00pm   63.0  2:00am   0.0  7.7  0.00  20  40  00:00    SW  28.9 49.0
4    66.5  84.9  3:00pm   52.9  5:00am   0.0 10.7  0.00  12  23  00:00    SW  28.9 40.6
5    61.3  77.0  4:00pm   55.9  3:00am   0.0  4.2  0.00   8  15  00:00    SW  27.9 50.0
6    66.5  86.0  3:00pm   54.9  5:00am   0.0 11.3  0.00  11  21  00:00     S  29.1 44.6
7    66.8  81.9  2:00pm   61.9  1:00am   0.0  9.4  0.00   6  12  00:00     S  29.0 27.9
8    68.5  86.0  2:00pm   52.9  5:00am   0.0 12.3  0.00  10  20  00:00     S  29.0 28.5
9    69.7  88.0  3:00pm   56.8  5:00am   0.0 13.9  0.00  11  21  00:00     S  28.9 31.6
10   71.3  88.9  5:00pm   59.0  4:00am   0.0 15.1  0.00   7  14  00:00   SSW  28.5 27.2
11   68.9  81.9  2:00pm   61.9  6:00am   0.0 10.4  0.00   9  17  00:00    SW  28.9 31.8
12   69.5  86.0  2:00pm   57.9  3:00am   0.0 12.8  0.00  13  24  00:00    SW  28.9 36.6
13   66.7  81.9  3:00pm   61.0 10:00pm   0.0  9.3  0.00  12  23  00:00    SW  28.8 43.2
14   62.5  77.9  1:00pm   56.8 11:00pm   0.0  5.2  0.00  13  24  00:00    SW  28.8 42.6
15   55.1  70.9  4:00pm   43.0  6:00am   2.0  0.0  0.00   6  12  00:00   WSW  28.9 38.5
16   56.2  73.9  3:00pm   41.0  7:00am   0.0  0.1  0.00   7  14  00:00    SW  29.1 43.8
17   60.2  79.9  5:00pm   45.9  7:00am   0.0  5.1  0.00   9  17  00:00     S  29.0 43.0
18   62.5  82.9  3:00pm   48.9  7:00am   0.0  7.7  0.00   9  16  00:00   SSW  29.0 34.3
19   59.1  72.9  1:00pm   50.0  6:00am   0.0  1.0  0.00   7  14  00:00    SW  29.1 42.5
20   56.5  68.0  3:00pm   50.0  1:00am   2.7  0.0  0.00   7  14  00:00    SW  29.0 53.0
21   44.4  61.0 11:00am   30.9 11:00pm  12.3  0.0  0.00  12  23  00:00    SW  29.1 76.9
22   42.9  59.9  5:00pm   27.0  3:00am  13.6  0.0  0.00   6  12  00:00   WNW  28.7 53.4
23     55  73.9  3:00pm   41.9  5:00am   0.5  0.0  0.00  15  29  00:00   SSE  28.9 37.8
24   51.2  72.0  4:00pm   38.8  3:00am   3.4  0.0  0.00   6  12  00:00    SW  28.8 50.7
25   54.3  72.9  3:00pm   39.9  7:00am   1.4  0.0  0.00   6  12  00:00     S  29.0 40.2
26   60.9  81.0  4:00pm   50.9 12:00am   0.0  6.0  0.00   7  14  00:00     W  28.7 25.8
27   58.6  81.0  5:00pm   41.9  7:00am   0.0  4.8  0.00   6  12  00:00    SE  27.7 28.3
28   65.1  86.0  5:00pm   46.9  6:00am   0.0 10.6  0.00  10  18  00:00     S  28.9 20.9
29   66.4  84.9  2:00pm   54.0  1:00am   0.0 10.7  0.00  11  21  00:00    SW  28.7 21.2
30   59.8  72.0  1:00pm   52.9  6:00pm   0.0  0.9  0.00  18  35  00:00   SSW  28.8 51.6