NOAA-Style Climate Reports

Select a Year or Month report
2018: Jan Feb Mar Apr May Jun Jul Aug Sep Oct Nov Dec
2017: Jan Feb Mar Apr May Jun Jul Aug Sep Oct Nov Dec
2016: Jan Feb Mar Apr May Jun Jul Aug Sep Oct Nov Dec
2015: Jan Feb Mar Apr May Jun Jul Aug Sep Oct Nov Dec
2014: Jan Feb Mar Apr May Jun Jul Aug Sep Oct Nov Dec
2013: Jan Feb Mar Apr May Jun Jul Aug Sep Oct Nov Dec
2012: Jan Feb Mar Apr May Jun Jul Aug Sep Oct Nov Dec
2011: Jan Feb Mar Apr May Jun Jul Aug Sep Oct Nov Dec
2010: Jan Feb Mar Apr May Jun Jul Aug Sep Oct Nov Dec
2009: Jan Feb Mar Apr May Jun Jul Aug Sep Oct Nov Dec
2008: Jan Feb Mar Apr May Jun Jul Aug Sep Oct Nov Dec
2007: Jan Feb Mar Apr May Jun Jul Aug Sep Oct Nov Dec
2006: Jan Feb Mar Apr May Jun Jul Aug Sep Oct Nov Dec
2005: Jan Feb Mar Apr May Jun Jul Aug Sep Oct Nov Dec
2004: Jan Feb Mar Apr May Jun Jul Aug Sep Oct Nov Dec
2003: Jan Feb Mar Apr May Jun Jul Aug Sep Oct Nov Dec
2002: Jan Feb Mar Apr May Jun Jul Aug Sep Oct Nov Dec
2001: Jan Feb Mar Apr May Jun Jul Aug Sep Oct Nov Dec
2000: Jan Feb Mar Apr May Jun Jul Aug Sep Oct Nov Dec
1999: Jan Feb Mar Apr May Jun Jul Aug Sep Oct Nov Dec
1998: Jan Feb Mar Apr May Jun Jul Aug Sep Oct Nov Dec
1997: Jan Feb Mar Apr May Jun Jul Aug Sep Oct Nov Dec
1996: Jan Feb Mar Apr May Jun Jul Aug Sep Oct Nov Dec
1995: Jan Feb Mar Apr May Jun Jul Aug Sep Oct Nov Dec
1994: Jan Feb Mar Apr May Jun Jul Aug Sep Oct Nov Dec
1993: Jan Feb Mar Apr May Jun Jul Aug Sep Oct Nov Dec
1992: Jan Feb Mar Apr May Jun Jul Aug Sep Oct Nov Dec
1991: Jan Feb Mar Apr May Jun Jul Aug Sep Oct Nov Dec
1990: Jan Feb Mar Apr May Jun Jul Aug Sep Oct Nov Dec
1989: Jan Feb Mar Apr May Jun Jul Aug Sep Oct Nov Dec
1988: Jan Feb Mar Apr May Jun Jul Aug Sep Oct Nov Dec
1987: Jan Feb Mar Apr May Jun Jul Aug Sep Oct Nov Dec
1986: Jan Feb Mar Apr May Jun Jul Aug Sep Oct Nov Dec

Report for 1994 October
                  MONTHLY CLIMATOLOGICAL SUMMARY FOR 10/1994
                                        HEAT  COOL        
     MEAN                               DEG   DEG       WIND SPEED       DOM MEAN  MEAN
DAY  TEMP  HIGH   TIME     LOW   TIME   DAYS  DAYS RAIN AVG  HI  TIME    DIR BAROM HUM
---------------------------------------------------------------------------------------
1    51.6  65.8  3:00pm   47.8  8:00am   6.3  0.0  0.00  10  20  00:00   SSW  28.9 86.5
2    52.3  66.9  2:00pm   39.9  7:00am   5.4  0.0  0.00   7  14  00:00   WSW  28.6 63.5
3    48.6  57.9  3:00pm   45.9  8:00am  11.7  0.0  0.00   7  14  00:00    NW  28.8 84.0
4    52.3  64.9  1:00pm   45.9  5:00am   6.4  0.0  0.00   7  14  00:00    SW  29.1 87.9
5    57.6  72.0  2:00pm   50.0  5:00am   0.2  0.0  0.00  18  35  00:00     S  28.7 65.9
6    50.5  64.9  3:00pm   39.9  7:00am   7.3  0.0  0.00  18  35  00:00   WSW  28.5 51.2
7    43.7  54.0  3:00pm   36.9  5:00am  16.1  0.0  0.00   7  13  00:00   ESE  28.8 69.1
8    43.7  55.9  4:00pm   36.9  7:00am  15.2  0.0  0.00   6  10  00:00    SE  29.1 66.8
9    49.1  72.0  4:00pm   32.9  7:00am   4.4  0.0  0.00   6  12  00:00    SE  28.9 51.6
10   53.3  74.8  4:00pm   36.9  7:00am   0.9  0.0  0.00   5   9  00:00    SE  29.0 37.8
11   55.4  77.0  4:00pm   43.0  7:00am   0.0  1.2  0.00   8  15  00:00   SSE  28.8 35.1
12   53.5  66.9  2:00pm   45.0  8:00am   4.8  0.0  0.00   7  13  00:00    SE  28.8 36.3
13   46.9  66.9  4:00pm   34.0  5:00am   8.1  0.0  0.00  15  29  00:00   SSW  28.9 57.4
14   51.2  63.0  2:00pm   43.9  6:00am   7.9  0.0  0.00  25  48  00:00   SSE  28.6 48.0
15   43.1  48.9  3:00pm   38.8 10:00pm  19.0  0.0  0.00  15  29  00:00   SSE  28.3 82.1
16     45  59.9  2:00pm   38.8 12:00am  12.5  0.0  0.00  18  35  00:00     S  28.6 69.6
17   36.8  43.9  5:00pm   32.9 12:00pm  24.6  0.0  0.00   7  14  00:00     S  28.7 86.1
18   45.1  59.0  2:00pm   34.9 12:00am  12.9  0.0  0.00  12  23  00:00     S  28.7 49.7
19   43.9  59.9  3:00pm   34.9  7:00am  13.1  0.0  0.00   6  12  00:00   SSE  28.9 64.9
20   44.6  61.0  4:00pm   32.0  6:00am  12.2  0.0  0.00   6  12  00:00    SW  28.9 48.6
21     50  63.9  4:00pm   39.9  4:00am   8.0  0.0  0.00   9  17  00:00    SW  27.5 34.6
22   46.8  61.0  4:00pm   36.9  6:00am  11.1  0.0  0.00   7  14  00:00   SSE  28.8 49.6
23   46.4  66.9  5:00pm   32.9  7:00am   8.3  0.0  0.00   6  12  00:00   SSE  28.9 53.3
24   38.6  52.9  1:00pm   28.9  7:00am  19.2  0.0  0.00   7  14  00:00   SSW  29.0 61.9
25   41.5  61.9  4:00pm   27.0  7:00am  13.3  0.0  0.00   7  13  00:00   SSE  29.0 52.7
26   47.7  66.9  2:00pm   34.0  5:00am   7.7  0.0  0.00   6  12  00:00     S  27.7 41.4
27   54.7  70.0  4:00pm   45.9 12:00am   2.6  0.0  0.00   6  12  00:00     W  28.8 29.8
28   56.5  75.9  4:00pm   43.0 11:00pm   0.0  1.2  0.00  10  20  00:00     S  28.5 23.8
29   39.7  54.0  2:00pm   27.0  6:00am  18.1  0.0  0.00  10  18  00:00   SSE  28.8 63.9
30     33  39.9 12:00am   27.9 10:00pm  28.5  0.0  0.00   8  15  00:00   SSW  28.9 84.0
31     36  54.9  3:00pm   21.9  6:00am  19.5  0.0  0.00   7  13  00:00   SSE  28.8 60.3