NOAA-Style Climate Reports

Select a Year or Month report
2018: Jan Feb Mar Apr May Jun Jul Aug Sep Oct Nov Dec
2017: Jan Feb Mar Apr May Jun Jul Aug Sep Oct Nov Dec
2016: Jan Feb Mar Apr May Jun Jul Aug Sep Oct Nov Dec
2015: Jan Feb Mar Apr May Jun Jul Aug Sep Oct Nov Dec
2014: Jan Feb Mar Apr May Jun Jul Aug Sep Oct Nov Dec
2013: Jan Feb Mar Apr May Jun Jul Aug Sep Oct Nov Dec
2012: Jan Feb Mar Apr May Jun Jul Aug Sep Oct Nov Dec
2011: Jan Feb Mar Apr May Jun Jul Aug Sep Oct Nov Dec
2010: Jan Feb Mar Apr May Jun Jul Aug Sep Oct Nov Dec
2009: Jan Feb Mar Apr May Jun Jul Aug Sep Oct Nov Dec
2008: Jan Feb Mar Apr May Jun Jul Aug Sep Oct Nov Dec
2007: Jan Feb Mar Apr May Jun Jul Aug Sep Oct Nov Dec
2006: Jan Feb Mar Apr May Jun Jul Aug Sep Oct Nov Dec
2005: Jan Feb Mar Apr May Jun Jul Aug Sep Oct Nov Dec
2004: Jan Feb Mar Apr May Jun Jul Aug Sep Oct Nov Dec
2003: Jan Feb Mar Apr May Jun Jul Aug Sep Oct Nov Dec
2002: Jan Feb Mar Apr May Jun Jul Aug Sep Oct Nov Dec
2001: Jan Feb Mar Apr May Jun Jul Aug Sep Oct Nov Dec
2000: Jan Feb Mar Apr May Jun Jul Aug Sep Oct Nov Dec
1999: Jan Feb Mar Apr May Jun Jul Aug Sep Oct Nov Dec
1998: Jan Feb Mar Apr May Jun Jul Aug Sep Oct Nov Dec
1997: Jan Feb Mar Apr May Jun Jul Aug Sep Oct Nov Dec
1996: Jan Feb Mar Apr May Jun Jul Aug Sep Oct Nov Dec
1995: Jan Feb Mar Apr May Jun Jul Aug Sep Oct Nov Dec
1994: Jan Feb Mar Apr May Jun Jul Aug Sep Oct Nov Dec
1993: Jan Feb Mar Apr May Jun Jul Aug Sep Oct Nov Dec
1992: Jan Feb Mar Apr May Jun Jul Aug Sep Oct Nov Dec
1991: Jan Feb Mar Apr May Jun Jul Aug Sep Oct Nov Dec
1990: Jan Feb Mar Apr May Jun Jul Aug Sep Oct Nov Dec
1989: Jan Feb Mar Apr May Jun Jul Aug Sep Oct Nov Dec
1988: Jan Feb Mar Apr May Jun Jul Aug Sep Oct Nov Dec
1987: Jan Feb Mar Apr May Jun Jul Aug Sep Oct Nov Dec
1986: Jan Feb Mar Apr May Jun Jul Aug Sep Oct Nov Dec

Report for 1994 November
                  MONTHLY CLIMATOLOGICAL SUMMARY FOR 11/1994
                                        HEAT  COOL        
     MEAN                               DEG   DEG       WIND SPEED       DOM MEAN  MEAN
DAY  TEMP  HIGH   TIME     LOW   TIME   DAYS  DAYS RAIN AVG  HI  TIME    DIR BAROM HUM
---------------------------------------------------------------------------------------
1      54  68.9  1:00pm   43.0 12:00am   3.5  0.0  0.00  13  24  00:00   SSW  28.5 27.8
2    42.3  54.0 12:00am   32.9 10:00pm  16.8  0.0  0.00   6  12  00:00   SSE  28.4 58.2
3    28.3  32.9 12:00am   28.9  6:00am  34.4  0.0  0.00   6  12  00:00    SE  24.8 91.7
4    35.2  43.9  3:00pm   32.0 10:00am  25.4  0.0  0.00   6  12  00:00     W  27.3 72.4
5      42  54.9  3:00pm   32.9  8:00am  16.5  0.0  0.00   6  12  00:00   SSW  28.1 58.5
6    46.6  63.9 12:00pm   34.9 12:00am   9.7  0.0  0.00  12  23  00:00   WSW  28.8 54.7
7    54.9  72.0 12:00pm   46.9  9:00pm   1.5  0.0  0.00  13  27  00:00   ESE  28.5 38.1
8    31.9  43.9 12:00am   28.9  6:00pm  27.1  0.0  0.00   6  12  00:00    NE  28.8 88.4
9    32.7  50.0  2:00pm   19.9  7:00am  23.6  0.0  0.00   5   9  00:00     S  28.9 84.4
10     42  68.9  2:00pm   28.9  4:00am   9.5  0.0  0.00   5   9  00:00   WNW  28.7 66.4
11   49.3  65.8  1:00pm   36.0  1:00am   7.4  0.0  0.00   7  14  00:00    SW  28.5 33.6
12   51.2  63.9  1:00pm   45.0  1:00am   7.4  0.0  0.00  18  35  00:00   SSW  28.4 40.8
13   38.9  46.9 10:00am   30.9 11:00pm  22.1  0.0  0.00   7  14  00:00   ESE  28.6 46.4
14   25.8  30.9 12:00am   18.9  9:00pm  36.6  0.0  0.00   5   9  00:00    SE  29.1 83.8
15   24.3  39.9  2:00pm    9.9  6:00am  32.9  0.0  0.00  13  25  00:00     S  28.8 68.0
16   45.1  59.0  3:00pm   32.9 12:00am  12.9  0.0  0.00  22  44  00:00     S  28.3 30.9
17   33.4  45.0  2:00am   27.0 11:00pm  25.8  0.0  0.00  17  32  00:00     W  28.2 34.5
18   23.7  34.0 12:00pm   16.9  6:00am  36.1  0.0  0.00  14  27  00:00   WSW  28.6 62.1
19   24.7  37.9  1:00pm   16.9  6:00am  33.7  0.0  0.00   6  12  00:00   WNW  28.7 75.3
20   35.7  50.0  1:00pm   27.0 12:00am  22.1  0.0  0.00  24  46  00:00    NW  28.6 49.0
21   29.5  39.9 12:00am   21.9  6:00am  30.3  0.0  0.00  12  23  00:00   SSW  28.7 59.1
22   24.4  36.0  3:00pm   18.9 11:00pm  34.8  0.0  0.00   9  16  00:00     S  29.2 75.7
23   35.2  59.0  2:00pm   18.9  2:00am  17.9  0.0  0.00   7  14  00:00    SE  29.0 33.7
24   35.4  55.9  3:00pm   21.9  7:00am  19.3  0.0  0.00   7  13  00:00    SE  28.8 33.8
25   37.2  57.9  2:00pm   25.0  4:00am  17.4  0.0  0.00   6  12  00:00   SSE  28.7 34.0
26   35.9  50.0 11:00am   16.9 11:00pm  22.0  0.0  0.00  17  32  00:00     S  28.3 46.4
27   22.4  32.0  1:00pm   10.9  2:00am  37.8  0.0  0.00  18  35  00:00     W  28.4 40.8
28   21.7  30.9 12:00pm   14.0 12:00am  38.7  0.0  0.00  17  32  00:00     W  28.6 38.7
29   23.2  37.9 11:00pm   12.9  3:00am  34.4  0.0  0.00   7  13  00:00   SSW  28.9 37.8
30   44.9  63.0  1:00pm   34.9 11:00pm  11.0  0.0  0.00   7  13  00:00   WSW  28.8 36.3