NOAA-Style Climate Reports

Select a Year or Month report
2018: Jan Feb Mar Apr May Jun Jul Aug Sep Oct Nov Dec
2017: Jan Feb Mar Apr May Jun Jul Aug Sep Oct Nov Dec
2016: Jan Feb Mar Apr May Jun Jul Aug Sep Oct Nov Dec
2015: Jan Feb Mar Apr May Jun Jul Aug Sep Oct Nov Dec
2014: Jan Feb Mar Apr May Jun Jul Aug Sep Oct Nov Dec
2013: Jan Feb Mar Apr May Jun Jul Aug Sep Oct Nov Dec
2012: Jan Feb Mar Apr May Jun Jul Aug Sep Oct Nov Dec
2011: Jan Feb Mar Apr May Jun Jul Aug Sep Oct Nov Dec
2010: Jan Feb Mar Apr May Jun Jul Aug Sep Oct Nov Dec
2009: Jan Feb Mar Apr May Jun Jul Aug Sep Oct Nov Dec
2008: Jan Feb Mar Apr May Jun Jul Aug Sep Oct Nov Dec
2007: Jan Feb Mar Apr May Jun Jul Aug Sep Oct Nov Dec
2006: Jan Feb Mar Apr May Jun Jul Aug Sep Oct Nov Dec
2005: Jan Feb Mar Apr May Jun Jul Aug Sep Oct Nov Dec
2004: Jan Feb Mar Apr May Jun Jul Aug Sep Oct Nov Dec
2003: Jan Feb Mar Apr May Jun Jul Aug Sep Oct Nov Dec
2002: Jan Feb Mar Apr May Jun Jul Aug Sep Oct Nov Dec
2001: Jan Feb Mar Apr May Jun Jul Aug Sep Oct Nov Dec
2000: Jan Feb Mar Apr May Jun Jul Aug Sep Oct Nov Dec
1999: Jan Feb Mar Apr May Jun Jul Aug Sep Oct Nov Dec
1998: Jan Feb Mar Apr May Jun Jul Aug Sep Oct Nov Dec
1997: Jan Feb Mar Apr May Jun Jul Aug Sep Oct Nov Dec
1996: Jan Feb Mar Apr May Jun Jul Aug Sep Oct Nov Dec
1995: Jan Feb Mar Apr May Jun Jul Aug Sep Oct Nov Dec
1994: Jan Feb Mar Apr May Jun Jul Aug Sep Oct Nov Dec
1993: Jan Feb Mar Apr May Jun Jul Aug Sep Oct Nov Dec
1992: Jan Feb Mar Apr May Jun Jul Aug Sep Oct Nov Dec
1991: Jan Feb Mar Apr May Jun Jul Aug Sep Oct Nov Dec
1990: Jan Feb Mar Apr May Jun Jul Aug Sep Oct Nov Dec
1989: Jan Feb Mar Apr May Jun Jul Aug Sep Oct Nov Dec
1988: Jan Feb Mar Apr May Jun Jul Aug Sep Oct Nov Dec
1987: Jan Feb Mar Apr May Jun Jul Aug Sep Oct Nov Dec
1986: Jan Feb Mar Apr May Jun Jul Aug Sep Oct Nov Dec

Report for 1994 December
                  MONTHLY CLIMATOLOGICAL SUMMARY FOR 12/1994
                                        HEAT  COOL        
     MEAN                               DEG   DEG       WIND SPEED       DOM MEAN  MEAN
DAY  TEMP  HIGH   TIME     LOW   TIME   DAYS  DAYS RAIN AVG  HI  TIME    DIR BAROM HUM
---------------------------------------------------------------------------------------
1      48  66.9  2:00pm   34.9 10:00pm   7.5  0.0  0.00  11  21  00:00     S  28.7 29.4
2    41.8  59.9  1:00pm   32.9 12:00am  14.1  0.0  0.00   6  12  00:00   SSE  28.6 30.9
3    41.1  59.9  3:00pm   28.9  6:00am  14.5  0.0  0.00   7  14  00:00     S  28.6 30.8
4      43  59.0  2:00pm   25.0 11:00pm  14.0  0.0  0.00  14  29  00:00    SW  28.7 39.7
5    26.2  37.9  2:00pm   20.8  4:00am  32.9  0.0  0.00   6  10  00:00    SW  28.6 82.0
6    25.3  28.9 12:00pm   21.9  1:00am  37.9  0.0  0.00   5   9  00:00    NW  28.5 88.0
7    35.1  50.0  1:00pm   25.9 11:00pm  22.4  0.0  0.00  13  25  00:00    SW  28.7 53.8
8    20.2  25.0 12:00am    9.9 11:00pm  42.4  0.0  0.00   6  12  00:00   SSE  28.9 86.4
9      21  36.9  2:00pm    5.0  7:00am  36.0  0.0  0.00  10  20  00:00   WSW  28.8 46.3
10   20.9  39.9  3:00pm    9.0  5:00am  34.6  0.0  0.00   9  16  00:00     S  29.0 54.6
11   30.3  45.0 10:00am   18.0 12:00am  27.3  0.0  0.00   9  17  00:00    SW  28.6 42.3
12   27.5  45.9  1:00pm   14.9  6:00am  28.3  0.0  0.00  10  21  00:00   SSE  27.6 46.8
13   29.1  46.9  1:00pm   20.8  6:00am  27.0  0.0  0.00   6  10  00:00     S  28.6 58.2
14   27.4  41.9  1:00pm   18.0  2:00am  30.3  0.0  0.00   6  12  00:00    SW  28.7 49.0
15   24.7  39.9  2:00pm   16.0 10:00pm  32.7  0.0  0.00   6  12  00:00   SSE  28.7 37.7
16   31.5  48.9  2:00pm   16.9 12:00am  24.8  0.0  0.00  10  20  00:00     S  28.8 40.0
17   35.4  54.0  1:00pm   23.9  3:00am  20.3  0.0  0.00   6  10  00:00     S  28.9 41.3
18   39.3  63.0  3:00pm   23.0  3:00am  13.8  0.0  0.00   7  13  00:00   SSE  28.8 33.7
19   35.5  43.9  3:00pm   20.8 11:00pm  25.3  0.0  0.00  21  40  00:00     W  28.6 25.6
20   31.8  52.0  2:00pm   19.9  4:00am  23.1  0.0  0.00   5   9  00:00   SSW  28.8 35.9
21   36.6  57.9  1:00pm   23.0  7:00am  17.7  0.0  0.00   4   7  00:00   SSE  29.0 34.6
22   34.9  54.0  3:00pm   25.0  6:00am  20.5  0.0  0.00   6  12  00:00    SE  28.9 33.1
23   35.2  43.9  1:00pm   27.0 12:00am  25.4  0.0  0.00  12  23  00:00     S  29.0 36.2
24   40.4  56.8  2:00pm   28.9  7:00am  16.4  0.0  0.00   5   9  00:00   SSW  28.7 42.3
25   37.3  54.0 12:00pm   25.9  3:00am  19.3  0.0  0.00   5   9  00:00    SE  28.8 50.2
26   37.4  54.0  2:00pm   28.9  9:00pm  19.3  0.0  0.00   6  12  00:00   SSE  28.9 47.6
27   35.1  52.9  2:00pm   23.9  4:00am  21.0  0.0  0.00   4   8  00:00   SSE  28.6 43.3
28   33.6  54.9  1:00pm   21.9  1:00am  20.7  0.0  0.00   7  13  00:00     S  28.8 52.7
29   32.3  46.9  1:00pm   25.0  2:00am  25.4  0.0  0.00   7  14  00:00   SSE  28.7 54.9
30   23.1  29.8 12:00am   18.9 11:00pm  38.5  0.0  0.00   6  12  00:00    SW  28.8 91.2
31   10.8  18.0 12:00am    0.0 10:00pm  50.6  0.0  0.00   6  12  00:00   ENE  28.9 91.6