NOAA-Style Climate Reports

Select a Year or Month report
2018: Jan Feb Mar Apr May Jun Jul Aug Sep Oct Nov Dec
2017: Jan Feb Mar Apr May Jun Jul Aug Sep Oct Nov Dec
2016: Jan Feb Mar Apr May Jun Jul Aug Sep Oct Nov Dec
2015: Jan Feb Mar Apr May Jun Jul Aug Sep Oct Nov Dec
2014: Jan Feb Mar Apr May Jun Jul Aug Sep Oct Nov Dec
2013: Jan Feb Mar Apr May Jun Jul Aug Sep Oct Nov Dec
2012: Jan Feb Mar Apr May Jun Jul Aug Sep Oct Nov Dec
2011: Jan Feb Mar Apr May Jun Jul Aug Sep Oct Nov Dec
2010: Jan Feb Mar Apr May Jun Jul Aug Sep Oct Nov Dec
2009: Jan Feb Mar Apr May Jun Jul Aug Sep Oct Nov Dec
2008: Jan Feb Mar Apr May Jun Jul Aug Sep Oct Nov Dec
2007: Jan Feb Mar Apr May Jun Jul Aug Sep Oct Nov Dec
2006: Jan Feb Mar Apr May Jun Jul Aug Sep Oct Nov Dec
2005: Jan Feb Mar Apr May Jun Jul Aug Sep Oct Nov Dec
2004: Jan Feb Mar Apr May Jun Jul Aug Sep Oct Nov Dec
2003: Jan Feb Mar Apr May Jun Jul Aug Sep Oct Nov Dec
2002: Jan Feb Mar Apr May Jun Jul Aug Sep Oct Nov Dec
2001: Jan Feb Mar Apr May Jun Jul Aug Sep Oct Nov Dec
2000: Jan Feb Mar Apr May Jun Jul Aug Sep Oct Nov Dec
1999: Jan Feb Mar Apr May Jun Jul Aug Sep Oct Nov Dec
1998: Jan Feb Mar Apr May Jun Jul Aug Sep Oct Nov Dec
1997: Jan Feb Mar Apr May Jun Jul Aug Sep Oct Nov Dec
1996: Jan Feb Mar Apr May Jun Jul Aug Sep Oct Nov Dec
1995: Jan Feb Mar Apr May Jun Jul Aug Sep Oct Nov Dec
1994: Jan Feb Mar Apr May Jun Jul Aug Sep Oct Nov Dec
1993: Jan Feb Mar Apr May Jun Jul Aug Sep Oct Nov Dec
1992: Jan Feb Mar Apr May Jun Jul Aug Sep Oct Nov Dec
1991: Jan Feb Mar Apr May Jun Jul Aug Sep Oct Nov Dec
1990: Jan Feb Mar Apr May Jun Jul Aug Sep Oct Nov Dec
1989: Jan Feb Mar Apr May Jun Jul Aug Sep Oct Nov Dec
1988: Jan Feb Mar Apr May Jun Jul Aug Sep Oct Nov Dec
1987: Jan Feb Mar Apr May Jun Jul Aug Sep Oct Nov Dec
1986: Jan Feb Mar Apr May Jun Jul Aug Sep Oct Nov Dec

Report for 1995 January
                  MONTHLY CLIMATOLOGICAL SUMMARY FOR 1/1995
                                        HEAT  COOL        
     MEAN                               DEG   DEG       WIND SPEED       DOM MEAN  MEAN
DAY  TEMP  HIGH   TIME     LOW   TIME   DAYS  DAYS RAIN AVG  HI  TIME    DIR BAROM HUM
---------------------------------------------------------------------------------------
1    14.8  37.9  3:00pm   -4.0  4:00am  38.6  0.0  0.00   8  15  00:00   SSE  29.0 66.0
2    19.7  27.9  3:00am   11.8 11:00pm  41.2  0.0  0.00   7  13  00:00   SSE  28.9 57.2
3    10.8  23.0  3:00pm    3.9  6:00am  48.1  0.0  0.00   7  14  00:00   SSE  28.9 80.9
4    10.7  21.9 12:00pm    0.0  7:00am  48.7  0.0  0.00   7  13  00:00     S  28.9 75.8
5    28.4  43.0  1:00pm   20.8  1:00am  29.3  0.0  0.00   7  14  00:00   WSW  28.3 61.3
6    22.9  29.8 11:00pm   18.0  7:00pm  38.6  0.0  0.00   7  14  00:00     S  28.5 69.1
7    34.1  54.0  2:00pm   16.0  1:00am  20.9  0.0  0.00  10  20  00:00     S  28.6 47.4
8    37.8  54.0  3:00pm   27.9 11:00pm  19.1  0.0  0.00  15  29  00:00   SSE  28.7 40.6
9    37.3  54.9 12:00pm   29.8 12:00am  18.9  0.0  0.00   7  13  00:00   SSW  28.6 52.2
10   45.5  63.9  3:00pm   34.0  6:00am  10.3  0.0  0.00   9  17  00:00     S  28.6 36.0
11   42.6  56.8  1:00pm   32.9 11:00pm  15.3  0.0  0.00  13  25  00:00   WSW  28.4 33.5
12     32  47.8  3:00pm   23.9  5:00am  25.1  0.0  0.00   5   9  00:00   SSE  28.7 48.4
13   34.2  47.8  1:00pm   23.9 10:00pm  24.0  0.0  0.00   9  17  00:00    SW  28.7 40.5
14   37.5  57.9  2:00pm   25.9  1:00am  17.3  0.0  0.00   6  12  00:00     S  28.7 46.7
15     47  61.0  2:00pm   36.9  3:00am  11.0  0.0  0.00  15  29  00:00   WSW  27.3 30.1
16   34.2  43.9  1:00am   23.0 11:00pm  25.9  0.0  0.00   9  17  00:00   SSW  26.8 52.6
17   23.9  38.8  2:00pm   11.8  5:00am  33.6  0.0  0.00   7  13  00:00   SSE  28.5 55.7
18   22.3  36.0  2:00pm    9.9  6:00am  35.8  0.0  0.00  12  22  00:00   SSW  28.5 56.7
19     30  46.9  1:00pm   18.0  3:00am  26.5  0.0  0.00   7  13  00:00   SSE  28.9 48.4
20   27.8  41.0  2:00pm   18.0  7:00am  30.6  0.0  0.00   5   9  00:00     S  28.8 62.8
21   24.2  41.9  1:00pm   12.9  4:00am  31.9  0.0  0.00   7  14  00:00   SSE  28.7 53.8
22   20.1  32.9  2:00pm    9.9  7:00am  38.5  0.0  0.00   6  12  00:00   ESE  28.8 54.7
23   26.5  47.8  2:00pm   11.8  3:00am  27.8  0.0  0.00   7  14  00:00   SSE  28.9 30.7
24   33.3  52.9  2:00pm   16.0  2:00am  21.9  0.0  0.00   8  15  00:00    SE  28.7 24.6
25   35.4  55.9  2:00pm   20.8  5:00am  19.3  0.0  0.00   6  12  00:00     S  28.8 36.5
26   37.2  48.9  2:00pm   32.0  7:00am  21.9  0.0  0.00   6  12  00:00    SW  27.3 52.0
27   34.3  43.0  1:00pm   32.0  6:00am  26.3  0.0  0.00  12  23  00:00   WSW  28.6 75.6
28   28.6  36.0 12:00pm   25.0 11:00pm  32.7  0.0  0.00   6  12  00:00     E  28.9 83.0
29   23.2  30.9  2:00pm   18.0  8:00pm  37.9  0.0  0.00   7  14  00:00   SSW  29.0 82.4
30   33.1  54.9  3:00pm   19.9 12:00am  21.0  0.0  0.00   8  15  00:00    SW  28.9 43.0
31   41.3  54.0  1:00pm   28.9  2:00am  17.3  0.0  0.00   9  18  00:00   WSW  28.8 44.2