NOAA-Style Climate Reports

Select a Year or Month report
2018: Jan Feb Mar Apr May Jun Jul Aug Sep Oct Nov Dec
2017: Jan Feb Mar Apr May Jun Jul Aug Sep Oct Nov Dec
2016: Jan Feb Mar Apr May Jun Jul Aug Sep Oct Nov Dec
2015: Jan Feb Mar Apr May Jun Jul Aug Sep Oct Nov Dec
2014: Jan Feb Mar Apr May Jun Jul Aug Sep Oct Nov Dec
2013: Jan Feb Mar Apr May Jun Jul Aug Sep Oct Nov Dec
2012: Jan Feb Mar Apr May Jun Jul Aug Sep Oct Nov Dec
2011: Jan Feb Mar Apr May Jun Jul Aug Sep Oct Nov Dec
2010: Jan Feb Mar Apr May Jun Jul Aug Sep Oct Nov Dec
2009: Jan Feb Mar Apr May Jun Jul Aug Sep Oct Nov Dec
2008: Jan Feb Mar Apr May Jun Jul Aug Sep Oct Nov Dec
2007: Jan Feb Mar Apr May Jun Jul Aug Sep Oct Nov Dec
2006: Jan Feb Mar Apr May Jun Jul Aug Sep Oct Nov Dec
2005: Jan Feb Mar Apr May Jun Jul Aug Sep Oct Nov Dec
2004: Jan Feb Mar Apr May Jun Jul Aug Sep Oct Nov Dec
2003: Jan Feb Mar Apr May Jun Jul Aug Sep Oct Nov Dec
2002: Jan Feb Mar Apr May Jun Jul Aug Sep Oct Nov Dec
2001: Jan Feb Mar Apr May Jun Jul Aug Sep Oct Nov Dec
2000: Jan Feb Mar Apr May Jun Jul Aug Sep Oct Nov Dec
1999: Jan Feb Mar Apr May Jun Jul Aug Sep Oct Nov Dec
1998: Jan Feb Mar Apr May Jun Jul Aug Sep Oct Nov Dec
1997: Jan Feb Mar Apr May Jun Jul Aug Sep Oct Nov Dec
1996: Jan Feb Mar Apr May Jun Jul Aug Sep Oct Nov Dec
1995: Jan Feb Mar Apr May Jun Jul Aug Sep Oct Nov Dec
1994: Jan Feb Mar Apr May Jun Jul Aug Sep Oct Nov Dec
1993: Jan Feb Mar Apr May Jun Jul Aug Sep Oct Nov Dec
1992: Jan Feb Mar Apr May Jun Jul Aug Sep Oct Nov Dec
1991: Jan Feb Mar Apr May Jun Jul Aug Sep Oct Nov Dec
1990: Jan Feb Mar Apr May Jun Jul Aug Sep Oct Nov Dec
1989: Jan Feb Mar Apr May Jun Jul Aug Sep Oct Nov Dec
1988: Jan Feb Mar Apr May Jun Jul Aug Sep Oct Nov Dec
1987: Jan Feb Mar Apr May Jun Jul Aug Sep Oct Nov Dec
1986: Jan Feb Mar Apr May Jun Jul Aug Sep Oct Nov Dec

Report for 1995 February
                  MONTHLY CLIMATOLOGICAL SUMMARY FOR 2/1995
                                        HEAT  COOL        
     MEAN                               DEG   DEG       WIND SPEED       DOM MEAN  MEAN
DAY  TEMP  HIGH   TIME     LOW   TIME   DAYS  DAYS RAIN AVG  HI  TIME    DIR BAROM HUM
---------------------------------------------------------------------------------------
1    48.3  59.9 12:00pm   38.8 11:00pm  10.9  0.0  0.00  10  18  00:00     W  28.8 36.3
2    43.1  54.0 10:00am   32.9  7:00am  16.4  0.0  0.00  24  47  00:00   WNW  28.8 41.0
3    33.6  46.9  3:00pm   25.9  6:00am  24.7  0.0  0.00   7  14  00:00    SW  29.1 45.4
4    44.6  59.9  1:00pm   29.8 11:00pm  12.7  0.0  0.00  18  35  00:00   WSW  29.0 31.5
5    37.8  54.0  1:00pm   19.9  7:00am  19.1  0.0  0.00  15  29  00:00   SSW  28.8 52.0
6    38.5  57.9  3:00pm   27.9  5:00am  16.8  0.0  0.00  13  25  00:00    SW  28.8 52.3
7    31.1  43.0  2:00pm   27.0 12:00am  27.9  0.0  0.00   6  12  00:00     E  29.0 66.4
8    29.9  45.9  1:00pm   20.8  6:00am  27.1  0.0  0.00   7  14  00:00   WSW  28.8 67.0
9    34.3  54.0  3:00pm   23.9  8:00am  20.8  0.0  0.00   9  17  00:00    SW  27.5 58.1
10   22.3  37.9 12:00pm   16.0  9:00pm  34.9  0.0  0.00  18  35  00:00   ESE  28.7 80.3
11    7.7  14.9 12:00am    3.9 11:00pm  53.7  0.0  0.00   9  17  00:00     S  28.7 90.0
12    4.8   7.9 11:00am   -1.1  9:00pm  58.6  0.0  0.00   8  15  00:00    NW  28.6 91.3
13    4.6  14.9  3:00pm   -3.1  3:00am  55.2  0.0  0.00   5  10  00:00     E  28.6 86.6
14   29.9  55.9  3:00pm    2.8  1:00am  22.1  0.0  0.00  24  46  00:00     S  28.3 66.3
15   18.7  32.0  4:00pm    9.0  4:00am  39.6  0.0  0.00  10  20  00:00    SW  28.6 75.8
16   30.6  50.0  3:00pm   16.0  2:00am  24.7  0.0  0.00   8  15  00:00     S  27.7 51.8
17   42.9  59.0  3:00pm   34.9  3:00am  14.0  0.0  0.00   9  16  00:00    SW  28.9 23.9
18   41.3  54.0  1:00pm   30.9 11:00pm  17.3  0.0  0.00  14  29  00:00   WSW  29.0 41.9
19   41.4  63.9  2:00pm   25.9  6:00am  12.3  0.0  0.00   9  17  00:00    SW  29.0 46.5
20   46.6  65.8  2:00pm   32.9  5:00am   8.8  0.0  0.00   6  12  00:00    SE  29.1 44.0
21   46.4  68.9  3:00pm   28.9  7:00am   7.3  0.0  0.00   6  12  00:00   SSE  29.0 40.2
22   44.6  63.0  2:00pm   34.0  4:00am  11.2  0.0  0.00   7  14  00:00    SE  28.8 38.1
23   39.7  56.8  4:00pm   20.8  3:00am  16.7  0.0  0.00   6  12  00:00   SSE  29.0 50.5
24     46  68.0  3:00pm   27.0  7:00am   8.0  0.0  0.00   6  12  00:00   SSE  29.0 38.0
25   46.2  65.8  2:00pm   29.8  6:00am   9.0  0.0  0.00   7  13  00:00   SSE  28.8 30.1
26   44.3  59.9  4:00pm   32.0  6:00am  12.9  0.0  0.00   7  14  00:00     W  28.7 36.2
27   38.1  56.8  1:00pm   25.0 11:00pm  17.5  0.0  0.00  12  22  00:00   ESE  28.8 54.5
28   18.9  25.0 12:00am   16.9  7:00am  43.0  0.0  0.00   6  10  00:00   WNW  28.6 86.5