NOAA-Style Climate Reports

Select a Year or Month report
2018: Jan Feb Mar Apr May Jun Jul Aug Sep Oct Nov Dec
2017: Jan Feb Mar Apr May Jun Jul Aug Sep Oct Nov Dec
2016: Jan Feb Mar Apr May Jun Jul Aug Sep Oct Nov Dec
2015: Jan Feb Mar Apr May Jun Jul Aug Sep Oct Nov Dec
2014: Jan Feb Mar Apr May Jun Jul Aug Sep Oct Nov Dec
2013: Jan Feb Mar Apr May Jun Jul Aug Sep Oct Nov Dec
2012: Jan Feb Mar Apr May Jun Jul Aug Sep Oct Nov Dec
2011: Jan Feb Mar Apr May Jun Jul Aug Sep Oct Nov Dec
2010: Jan Feb Mar Apr May Jun Jul Aug Sep Oct Nov Dec
2009: Jan Feb Mar Apr May Jun Jul Aug Sep Oct Nov Dec
2008: Jan Feb Mar Apr May Jun Jul Aug Sep Oct Nov Dec
2007: Jan Feb Mar Apr May Jun Jul Aug Sep Oct Nov Dec
2006: Jan Feb Mar Apr May Jun Jul Aug Sep Oct Nov Dec
2005: Jan Feb Mar Apr May Jun Jul Aug Sep Oct Nov Dec
2004: Jan Feb Mar Apr May Jun Jul Aug Sep Oct Nov Dec
2003: Jan Feb Mar Apr May Jun Jul Aug Sep Oct Nov Dec
2002: Jan Feb Mar Apr May Jun Jul Aug Sep Oct Nov Dec
2001: Jan Feb Mar Apr May Jun Jul Aug Sep Oct Nov Dec
2000: Jan Feb Mar Apr May Jun Jul Aug Sep Oct Nov Dec
1999: Jan Feb Mar Apr May Jun Jul Aug Sep Oct Nov Dec
1998: Jan Feb Mar Apr May Jun Jul Aug Sep Oct Nov Dec
1997: Jan Feb Mar Apr May Jun Jul Aug Sep Oct Nov Dec
1996: Jan Feb Mar Apr May Jun Jul Aug Sep Oct Nov Dec
1995: Jan Feb Mar Apr May Jun Jul Aug Sep Oct Nov Dec
1994: Jan Feb Mar Apr May Jun Jul Aug Sep Oct Nov Dec
1993: Jan Feb Mar Apr May Jun Jul Aug Sep Oct Nov Dec
1992: Jan Feb Mar Apr May Jun Jul Aug Sep Oct Nov Dec
1991: Jan Feb Mar Apr May Jun Jul Aug Sep Oct Nov Dec
1990: Jan Feb Mar Apr May Jun Jul Aug Sep Oct Nov Dec
1989: Jan Feb Mar Apr May Jun Jul Aug Sep Oct Nov Dec
1988: Jan Feb Mar Apr May Jun Jul Aug Sep Oct Nov Dec
1987: Jan Feb Mar Apr May Jun Jul Aug Sep Oct Nov Dec
1986: Jan Feb Mar Apr May Jun Jul Aug Sep Oct Nov Dec

Report for 1995 March
                  MONTHLY CLIMATOLOGICAL SUMMARY FOR 3/1995
                                        HEAT  COOL        
     MEAN                               DEG   DEG       WIND SPEED       DOM MEAN  MEAN
DAY  TEMP  HIGH   TIME     LOW   TIME   DAYS  DAYS RAIN AVG  HI  TIME    DIR BAROM HUM
---------------------------------------------------------------------------------------
1    15.1  18.0  1:00am   14.0  8:00pm  48.4  0.0  0.00   6  10  00:00   ESE  28.8 86.6
2    17.7  28.9  3:00pm   11.8  2:00am  41.7  0.0  0.00   7  13  00:00   SSE  28.8 84.4
3    35.2  54.9  1:00pm   20.8  5:00am  19.9  0.0  0.00   7  14  00:00   SSE  27.4 66.6
4    40.6  56.8  3:00pm   27.9 10:00pm  16.3  0.0  0.00  12  22  00:00   WSW  28.5 40.0
5    39.4  50.9  3:00pm   32.9 11:00pm  19.8  0.0  0.00   6  12  00:00   WNW  27.7 52.9
6    21.2  32.9 12:00am    7.9 11:00pm  37.9  0.0  0.00   6  12  00:00     S  28.5 87.0
7      18  34.9  4:00pm    3.9  5:00am  38.5  0.0  0.00   7  13  00:00   SSE  28.8 76.9
8    32.6  48.9  4:00pm   16.9  5:00am  24.2  0.0  0.00   9  17  00:00   SSE  28.7 46.8
9    46.1  65.8  3:00pm   30.9  2:00am   9.0  0.0  0.00   5   9  00:00     S  28.3 32.4
10   54.4  70.0  9:00am   63.0  7:00pm   2.8  0.0  0.00   6  12  00:00   WSW  17.9 18.4
11   49.1  68.9  1:00pm   41.9  2:00am   6.0  0.0  0.00   9  16  00:00    SW  27.6 34.3
12   44.5  54.9  2:00pm   43.9  9:00pm  15.3  0.0  0.00  12  23  00:00   NNW  26.4 26.6
13   39.7  54.9  5:00pm   32.0  4:00am  17.7  0.0  0.00   6  12  00:00   NNW  27.8 35.2
14   43.6  59.0  4:00pm   30.9  3:00am  13.7  0.0  0.00   6  12  00:00     S  28.9 42.0
15   47.8  68.9  2:00pm   32.9  6:00am   6.6  0.0  0.00   7  14  00:00   SSE  28.9 42.5
16   48.3  63.9  1:00pm   37.9  3:00am   8.9  0.0  0.00   7  13  00:00   ESE  28.9 47.0
17   45.3  64.9  2:00pm   34.9  5:00am   9.9  0.0  0.00   7  13  00:00   SSW  27.6 62.8
18   47.7  64.9  1:00pm   32.0  2:00am   8.7  0.0  0.00   5   9  00:00   SSW  28.8 41.8
19     45  54.0  1:00pm   36.9  9:00pm  15.5  0.0  0.00  18  35  00:00     W  28.5 39.6
20   42.1  59.9  3:00pm   27.0  6:00am  14.0  0.0  0.00   5   9  00:00   SSE  27.4 42.1
21   56.7  73.9  3:00pm   41.0  2:00am   0.0  0.3  0.00  12  23  00:00   WSW  28.4 22.4
22   48.8  57.9 12:00am   32.0 11:00pm  11.6  0.0  0.00  17  32  00:00   SSW  28.5 24.9
23   44.3  59.9  3:00pm   27.9  6:00am  12.9  0.0  0.00  22  44  00:00   SSE  28.7 27.0
24   47.9  61.0  2:00pm   36.9 10:00pm  10.5  0.0  0.00  18  35  00:00   SSW  28.3 26.7
25   36.6  45.9  2:00pm   29.8  6:00am  23.7  0.0  0.00  13  25  00:00     S  28.6 36.4
26   26.6  34.0  3:00pm   23.0 11:00pm  34.7  0.0  0.00   9  17  00:00    SW  28.1 72.1
27   28.6  43.9  3:00pm   16.0  6:00am  28.7  0.0  0.00   7  14  00:00   ESE  27.6 65.5
28   22.9  28.9  2:00pm   16.9  8:00am  39.1  0.0  0.00   6  12  00:00   ESE  29.1 83.8
29   21.2  25.0 12:00am   19.9  6:00am  41.9  0.0  0.00   6  12  00:00     N  28.7 89.4
30     26  41.0  4:00pm   10.9  6:00am  31.5  0.0  0.00   6  12  00:00     S  28.8 72.0
31   35.8  48.9  2:00pm   27.9  3:00am  22.6  0.0  0.00   6  10  00:00    SW  28.8 43.8