NOAA-Style Climate Reports

Select a Year or Month report
2018: Jan Feb Mar Apr May Jun Jul Aug Sep Oct Nov Dec
2017: Jan Feb Mar Apr May Jun Jul Aug Sep Oct Nov Dec
2016: Jan Feb Mar Apr May Jun Jul Aug Sep Oct Nov Dec
2015: Jan Feb Mar Apr May Jun Jul Aug Sep Oct Nov Dec
2014: Jan Feb Mar Apr May Jun Jul Aug Sep Oct Nov Dec
2013: Jan Feb Mar Apr May Jun Jul Aug Sep Oct Nov Dec
2012: Jan Feb Mar Apr May Jun Jul Aug Sep Oct Nov Dec
2011: Jan Feb Mar Apr May Jun Jul Aug Sep Oct Nov Dec
2010: Jan Feb Mar Apr May Jun Jul Aug Sep Oct Nov Dec
2009: Jan Feb Mar Apr May Jun Jul Aug Sep Oct Nov Dec
2008: Jan Feb Mar Apr May Jun Jul Aug Sep Oct Nov Dec
2007: Jan Feb Mar Apr May Jun Jul Aug Sep Oct Nov Dec
2006: Jan Feb Mar Apr May Jun Jul Aug Sep Oct Nov Dec
2005: Jan Feb Mar Apr May Jun Jul Aug Sep Oct Nov Dec
2004: Jan Feb Mar Apr May Jun Jul Aug Sep Oct Nov Dec
2003: Jan Feb Mar Apr May Jun Jul Aug Sep Oct Nov Dec
2002: Jan Feb Mar Apr May Jun Jul Aug Sep Oct Nov Dec
2001: Jan Feb Mar Apr May Jun Jul Aug Sep Oct Nov Dec
2000: Jan Feb Mar Apr May Jun Jul Aug Sep Oct Nov Dec
1999: Jan Feb Mar Apr May Jun Jul Aug Sep Oct Nov Dec
1998: Jan Feb Mar Apr May Jun Jul Aug Sep Oct Nov Dec
1997: Jan Feb Mar Apr May Jun Jul Aug Sep Oct Nov Dec
1996: Jan Feb Mar Apr May Jun Jul Aug Sep Oct Nov Dec
1995: Jan Feb Mar Apr May Jun Jul Aug Sep Oct Nov Dec
1994: Jan Feb Mar Apr May Jun Jul Aug Sep Oct Nov Dec
1993: Jan Feb Mar Apr May Jun Jul Aug Sep Oct Nov Dec
1992: Jan Feb Mar Apr May Jun Jul Aug Sep Oct Nov Dec
1991: Jan Feb Mar Apr May Jun Jul Aug Sep Oct Nov Dec
1990: Jan Feb Mar Apr May Jun Jul Aug Sep Oct Nov Dec
1989: Jan Feb Mar Apr May Jun Jul Aug Sep Oct Nov Dec
1988: Jan Feb Mar Apr May Jun Jul Aug Sep Oct Nov Dec
1987: Jan Feb Mar Apr May Jun Jul Aug Sep Oct Nov Dec
1986: Jan Feb Mar Apr May Jun Jul Aug Sep Oct Nov Dec

Report for 1995 April
                  MONTHLY CLIMATOLOGICAL SUMMARY FOR 4/1995
                                        HEAT  COOL        
     MEAN                               DEG   DEG       WIND SPEED       DOM MEAN  MEAN
DAY  TEMP  HIGH   TIME     LOW   TIME   DAYS  DAYS RAIN AVG  HI  TIME    DIR BAROM HUM
---------------------------------------------------------------------------------------
1    42.9  59.0  4:00pm   28.9 12:00am  14.0  0.0  0.00   5  10  00:00   SSW  28.6 35.8
2    43.3  59.0  4:00pm   28.9  7:00am  13.8  0.0  0.00   9  17  00:00   SSE  28.7 40.7
3    41.8  57.9  3:00pm   29.8  5:00am  15.1  0.0  0.00   6  12  00:00    SE  28.9 55.6
4      47  65.8  4:00pm   34.0  3:00am   8.6  0.0  0.00   6  12  00:00   SSE  28.7 36.5
5      54  66.9  2:00pm   43.9  7:00am   4.5  0.0  0.00   7  13  00:00   WSW  28.6 24.4
6    53.1  68.0  6:00pm   41.0  6:00am   4.4  0.0  0.00   5   9  00:00   SSW  28.6 31.6
7    54.4  68.9  4:00pm   45.0  6:00am   3.3  0.0  0.00   4   7  00:00   SSE  27.3 20.3
8    55.6  72.9  5:00pm   45.0 11:00pm   0.7  0.0  0.00  18  35  00:00   SSW  28.4 23.5
9    29.9  41.9 12:00am   27.9  5:00pm  29.1  0.0  0.00   6  12  00:00   SSE  28.5 83.7
10   21.3  29.8 12:00am   19.9  8:00am  39.4  0.0  0.00  17  32  00:00     S  27.6 90.6
11   22.8  36.0  4:00pm   16.0  3:00am  35.6  0.0  0.00   6  12  00:00     S  27.9 74.4
12   38.1  55.9  4:00pm   23.9  1:00am  18.0  0.0  0.00   7  13  00:00   SSE  28.9 61.0
13   52.1  70.0  3:00pm   39.9 12:00am   3.9  0.0  0.00  12  23  00:00   SSE  28.8 37.1
14   51.7  61.9 12:00pm   36.9 11:00pm   8.2  0.0  0.00  25  48  00:00    SW  28.4 25.0
15   38.5  52.0  2:00pm   27.9  4:00am  19.7  0.0  0.00   9  17  00:00   SSE  28.6 60.2
16   39.6  50.9  1:00pm   28.9  6:00am  19.7  0.0  0.00   6  12  00:00    SE  28.6 65.2
17   34.8  41.9 11:00am   29.8  9:00pm  26.6  0.0  0.00  14  27  00:00   SSE  28.4 75.1
18   33.8  47.8  3:00pm   25.0  7:00am  24.2  0.0  0.00   8  15  00:00   SSE  28.6 77.6
19   31.6  38.8  3:00pm   28.9  6:00am  29.8  0.0  0.00  10  20  00:00    SE  28.3 79.0
20     35  46.9  2:00pm   30.9  5:00am  24.0  0.0  0.00   7  14  00:00    SW  28.2 76.0
21   33.6  38.8  4:00pm   32.9 12:00am  28.8  0.0  0.00   6  10  00:00     S  28.5 87.3
22   33.4  39.9  3:00pm   25.9 11:00pm  28.3  0.0  0.00   5   9  00:00   SSE  28.9 71.0
23   31.9  46.9  2:00pm   23.9  2:00am  25.6  0.0  0.00   9  17  00:00   SSW  28.8 74.1
24     37  54.0  5:00pm   25.0  7:00am  19.5  0.0  0.00   6  12  00:00     S  28.8 68.0
25   45.2  61.9  4:00pm   34.9  6:00am  11.4  0.0  0.00  12  23  00:00   ESE  28.6 49.2
26   30.1  34.9 12:00am   27.0  8:00am  32.5  0.0  0.00   9  17  00:00     W  28.9 80.5
27   40.1  59.0  5:00pm   28.9  5:00am  15.4  0.0  0.00   8  15  00:00   SSE  27.5 68.2
28   45.2  57.9 11:00am   36.9  5:00am  13.4  0.0  0.00   6  10  00:00   SSE  28.5 70.9
29   40.7  50.0  5:00pm   39.9  2:00am  19.6  0.0  0.00   6  12  00:00   SSW  28.7 86.6
30   40.9  50.0  5:00pm   38.8  2:00am  19.5  0.0  0.00  12  23  00:00   SSW  27.8 66.6